000
CXUS46 KHNX 011203
CLMBFL


CLIMATE REPORT
NATIONAL WEATHER SERVICE SAN JOAQUIN VALLEY, CA
457 AM PDT WED MAY 1 2019

...................................

...THE BAKERSFIELD CLIMATE SUMMARY FOR THE MONTH OF APRIL 2019...

CLIMATE NORMAL PERIOD 1981 TO 2010
CLIMATE RECORD PERIOD 1889 TO 2019

WEATHER         OBSERVED          NORMAL  DEPART  LAST YEAR`S
                 VALUE   DATE(S)  VALUE   FROM    VALUE  DATE(S)
                                          NORMAL
................................................................
TEMPERATURE (F)
RECORD
 HIGH             101   04/30/1981
 LOW               28   04/08/1893
HIGHEST            96   04/26        MM      MM       94  04/23
                        04/25                             04/10
LOWEST             45   04/10        MM      MM       42  04/17
AVG. MAXIMUM     80.4              75.0     5.4     79.6
AVG. MINIMUM     55.1              50.2     4.9     53.8
MEAN             67.8              62.6     5.2     66.7
DAYS MAX >= 90      7               1.9     5.1        5
DAYS MIN <= 32      0               0.0     0.0        0

PRECIPITATION (INCHES)
RECORD
 MAXIMUM         2.99   1915
TOTALS           0.11              0.52   -0.41     0.20
DAYS >= .01         3               3.7    -0.7        2
DAYS >= .10         0               1.7    -1.7        1
DAYS >= .50         0               0.1    -0.1        0
DAYS >= 1.00        0               0.0     0.0        0
GREATEST
 24 HR. TOTAL    0.06   04/29 TO 04/29

SNOWFALL (INCHES)
RECORDS
 TOTAL            0.0
TOTALS            0.0               0.0

DEGREE_DAYS
HEATING TOTAL      35               129     -94       54
 SINCE 7/1       1658              2142    -484     1533
COOLING TOTAL     125                57      68      111
 SINCE 1/1        125                66      59      127
.................................................................

WIND (MPH)
AVERAGE WIND SPEED              6.9
HIGHEST WIND SPEED/DIRECTION    31/320    DATE  04/09
HIGHEST GUST SPEED/DIRECTION    43/360    DATE  04/09

AVERAGE RH (PERCENT)     46

WEATHER CONDITIONS. NUMBER OF DAYS WITH
THUNDERSTORM              1     RAIN                       0
HAIL                      0     FOG                        0
FOG W/VIS <= 1/4 MILE     0     HAZE                       1

-  INDICATES NEGATIVE NUMBERS.
R  INDICATES RECORD WAS SET OR TIED.
MM INDICATES DATA IS MISSING.
T  INDICATES TRACE AMOUNT.

$$
