000
CXUS46 KHNX 011515
CLMBFL


CLIMATE REPORT
NATIONAL WEATHER SERVICE SAN JOAQUIN VALLEY, CA
810 AM PDT MON JUL 1 2019

...................................

...THE BAKERSFIELD CLIMATE SUMMARY FOR THE MONTH OF JUNE 2019...

CLIMATE NORMAL PERIOD 1981 TO 2010
CLIMATE RECORD PERIOD 1889 TO 2019

WEATHER         OBSERVED          NORMAL  DEPART  LAST YEAR`S
                 VALUE   DATE(S)  VALUE   FROM    VALUE  DATE(S)
                                          NORMAL
................................................................
TEMPERATURE (F)
RECORD
 HIGH             114   06/28/1976
 LOW               38   06/07/1914
                        06/02/1908
                        06/12/1907
HIGHEST           108   06/12        MM      MM      105  06/13
                                                          06/03
LOWEST             58   06/08        MM      MM       54  06/01
AVG. MAXIMUM     95.6              90.9     4.7     94.2
AVG. MINIMUM     68.1              64.2     3.9     66.8
MEAN             81.9              77.5     4.4     80.5
DAYS MAX >= 90     25              16.7     8.3       20
DAYS MIN <= 32      0               0.0     0.0        0

PRECIPITATION (INCHES)
RECORD
 MAXIMUM         1.11   1972
TOTALS           0.23              0.08    0.15     0.00
DAYS >= .01         1               0.5     0.5        0
DAYS >= .10         1               0.3     0.7        0
DAYS >= .50         0               0.0     0.0        0
DAYS >= 1.00        0               0.0     0.0        0
GREATEST
 24 HR. TOTAL    0.23   06/02 TO 06/02

SNOWFALL (INCHES)
RECORDS
 TOTAL            0.0
TOTALS            0.0               0.0

DEGREE_DAYS
HEATING TOTAL       0                 2      -2        0
 SINCE 7/1       1698              2175    -477     1535
COOLING TOTAL     514               379     135      473
 SINCE 1/1        777               646     131      836
.................................................................

WIND (MPH)
AVERAGE WIND SPEED              7.0
HIGHEST WIND SPEED/DIRECTION    24/320    DATE  06/20
HIGHEST GUST SPEED/DIRECTION    29/330    DATE  06/20

AVERAGE RH (PERCENT)     36

WEATHER CONDITIONS. NUMBER OF DAYS WITH
THUNDERSTORM              2     RAIN                       1
HAIL                      0     FOG                        0
FOG W/VIS <= 1/4 MILE     0     HAZE                       3

-  INDICATES NEGATIVE NUMBERS.
R  INDICATES RECORD WAS SET OR TIED.
MM INDICATES DATA IS MISSING.
T  INDICATES TRACE AMOUNT.

$$
