960
CXUS54 KAMA 021501
CLMBGD


CLIMATE REPORT
NATIONAL WEATHER SERVICE AMARILLO TX
1000 AM CDT TUE JUL 2 2019

...................................

...THE BORGER CLIMATE SUMMARY FOR THE MONTH OF JUNE 2019...

CLIMATE NORMAL PERIOD 1981 TO 2010
CLIMATE RECORD PERIOD 1949 TO 2019

WEATHER         OBSERVED          NORMAL  DEPART  LAST YEAR`S
                 VALUE   DATE(S)  VALUE   FROM    VALUE  DATE(S)
                                          NORMAL
................................................................
TEMPERATURE (F)
HIGHEST           100   06/29                        108  06/01
                        06/21
                        06/20
LOWEST             56   06/24                         56  06/03
AVG. MAXIMUM     89.2              89.4    -0.2     94.9
AVG. MINIMUM     63.0              64.3    -1.3     68.2
MEAN             76.1              76.9    -0.8     81.6
DAYS MAX >= 90     13              15.5    -2.5       23
DAYS MAX <= 32      0               0.0     0.0        0
DAYS MIN <= 32      0               0.0     0.0        0
DAYS MIN <= 0       0               0.0     0.0        0

PRECIPITATION (INCHES)
TOTALS           2.00              3.17   -1.17     3.77
DAILY AVG.       0.07              0.11   -0.04     0.13
DAYS >= .01         7               8.2    -1.2       11
DAYS >= .10         4               5.2    -1.2        7
DAYS >= .50         2               2.4    -0.4        3
DAYS >= 1.00        0               0.9    -0.9        0
GREATEST
 24 HR. TOTAL    0.78   06/06 TO 06/06

SNOWFALL (INCHES)
TOTALS            0.0                MM      MM      0.0
SINCE 7/1         9.2                MM      MM      2.0
DAYS >= TRACE       0                MM      MM        0
DAYS >= 1.0         0                MM      MM        0
GREATEST
 SNOW DEPTH         0   MM
 24 HR TOTAL      0.0   06/30 TO 06/30

DEGREE_DAYS
HEATING TOTAL       0                 3      -3        0
 SINCE 7/1       3555              3766    -211     3270
COOLING TOTAL     336               358     -22      506
 SINCE 1/1        503               555     -52      937
.................................................................

WIND (MPH)
AVERAGE WIND SPEED              10.3
HIGHEST WIND SPEED/DIRECTION    47/290    DATE  06/15
HIGHEST GUST SPEED/DIRECTION    62/320    DATE  06/18

SKY COVER
POSSIBLE SUNSHINE (PERCENT)   MM
NUMBER OF DAYS FAIR           24
NUMBER OF DAYS PC              6
NUMBER OF DAYS CLOUDY          0

AVERAGE RH (PERCENT)     53

WEATHER CONDITIONS. NUMBER OF DAYS WITH
THUNDERSTORM             10     MIXED PRECIP               0
HEAVY RAIN                5     RAIN                       4
LIGHT RAIN               15     FREEZING RAIN              0
LT FREEZING RAIN          0     HEAVY SNOW                 0
SNOW                      0     LIGHT SNOW                 0
SLEET                     0     FOG                        4
FOG W/VIS <= 1/4 MILE     0     HAZE                       2

-  INDICATES NEGATIVE NUMBERS.
R  INDICATES RECORD WAS SET OR TIED.
MM INDICATES DATA IS MISSING.
T  INDICATES TRACE AMOUNT.

$$
