750
CXUS54 KAMA 011535
CLMBGD


CLIMATE REPORT
NATIONAL WEATHER SERVICE AMARILLO TX
1035 AM CDT WED MAY 1 2019

...................................

...THE BORGER CLIMATE SUMMARY FOR THE MONTH OF APRIL 2019...

CLIMATE NORMAL PERIOD 1981 TO 2010
CLIMATE RECORD PERIOD 1949 TO 2019

WEATHER         OBSERVED          NORMAL  DEPART  LAST YEAR`S
                 VALUE   DATE(S)  VALUE   FROM    VALUE  DATE(S)
                                          NORMAL
................................................................
TEMPERATURE (F)
HIGHEST            91   04/20                         95  04/12
                        04/10                             04/11
LOWEST             30   04/11                         21  04/07
AVG. MAXIMUM     75.6              72.5     3.1     71.9
AVG. MINIMUM     47.8              44.9     2.9     41.0
MEAN             61.7              58.7     3.0     56.5
DAYS MAX >= 90      2               1.3     0.7        4
DAYS MAX <= 32      0               0.0     0.0        0
DAYS MIN <= 32      1               2.2    -1.2        5
DAYS MIN <= 0       0               0.0     0.0        0

PRECIPITATION (INCHES)
TOTALS           2.44              1.54    0.90     1.03
DAILY AVG.       0.08              0.05    0.03     0.03
DAYS >= .01         9               5.6     3.4        3
DAYS >= .10         6               2.8     3.2        3
DAYS >= .50         2               1.0     1.0        0
DAYS >= 1.00        0               0.3    -0.3        0
GREATEST
 24 HR. TOTAL    0.73   04/17 TO 04/17

SNOWFALL (INCHES)
TOTALS            0.0                MM      MM      0.0
SINCE 7/1         9.2                MM      MM      2.0
DAYS >= TRACE       0                MM      MM        0
DAYS >= 1.0         0                MM      MM        0
GREATEST
 SNOW DEPTH         0   MM
 24 HR TOTAL      0.0   04/30 TO 04/30

DEGREE_DAYS
HEATING TOTAL     144               226     -82      295
 SINCE 7/1       3474              3703    -229     3267
COOLING TOTAL      51                37      14       46
 SINCE 1/1         59                44      15       57
.................................................................

WIND (MPH)
AVERAGE WIND SPEED              11.2
HIGHEST WIND SPEED/DIRECTION    44/240    DATE  04/10
HIGHEST GUST SPEED/DIRECTION    59/240    DATE  04/10

SKY COVER
POSSIBLE SUNSHINE (PERCENT)   MM
NUMBER OF DAYS FAIR           20
NUMBER OF DAYS PC              8
NUMBER OF DAYS CLOUDY          1

AVERAGE RH (PERCENT)     48

WEATHER CONDITIONS. NUMBER OF DAYS WITH
THUNDERSTORM              6     MIXED PRECIP               0
HEAVY RAIN                4     RAIN                       4
LIGHT RAIN               10     FREEZING RAIN              0
LT FREEZING RAIN          0     HEAVY SNOW                 0
SNOW                      0     LIGHT SNOW                 0
SLEET                     0     FOG                        4
FOG W/VIS <= 1/4 MILE     0     HAZE                       1

-  INDICATES NEGATIVE NUMBERS.
R  INDICATES RECORD WAS SET OR TIED.
MM INDICATES DATA IS MISSING.
T  INDICATES TRACE AMOUNT.

$$
