000
CXUS51 KBGM 121246 CCA
CLMBGM

CLIMATE REPORT
NATIONAL WEATHER SERVICE BINGHAMTON NY
847 AM EDT FRI JUL 12 2019

...................................

...THE BINGHAMTON NY CLIMATE SUMMARY FOR THE MONTH OF JUNE 2019...

CLIMATE NORMAL PERIOD 1981 TO 2010
CLIMATE RECORD PERIOD 1951 TO 2019

WEATHER         OBSERVED          NORMAL  DEPART  LAST YEAR`S
                 VALUE   DATE(S)  VALUE   FROM    VALUE  DATE(S)
                                          NORMAL
................................................................
TEMPERATURE (F)
RECORD
 HIGH              94   06/26/1952
 LOW               33   06/09/1980
HIGHEST            85   06/28        73      12       90  06/18
LOWEST             40   06/04        54     -14       48  06/26
                        06/03                             06/22
                                                          06/07
AVG. MAXIMUM     72.3              73.7    -1.4     73.2
AVG. MINIMUM     54.0              55.2    -1.2     55.0
MEAN             63.2              64.4    -1.2     64.1
DAYS MAX >= 90      0               0.1    -0.1        1
DAYS MAX <= 32      0               0.0     0.0        0
DAYS MIN <= 32      0               0.0     0.0        0
DAYS MIN <= 0       0               0.0     0.0        0

PRECIPITATION (INCHES)
RECORD
 MAXIMUM        11.45   2006
 MINIMUM         0.98   1979
TOTALS           5.35              4.31    1.04     3.89
DAILY AVG.       0.18              0.14    0.04     0.13
DAYS >= .01        15              12.6     2.4       11
DAYS >= .10        11               8.1     2.9        7
DAYS >= .50         4               2.8     1.2        4
DAYS >= 1.00        2               0.9     1.1        1
GREATEST
 24 HR. TOTAL    1.20   06/15 TO 06/16

SNOWFALL (INCHES)
RECORDS
 TOTAL              T   2017
                        2012
 24 HR TOTAL        T   06/27/2017 TO 06/27/2017
                        06/06/2012 TO 06/06/2012
 SNOW DEPTH         T   06/06/2012
TOTALS            0.0               0.0     0.0      0.0
SINCE 7/1        81.4              83.4    -2.0     90.6
SNOWDEPTH AVG.      0                MM      MM        0
DAYS >= TRACE       0               0.0     0.0        0
DAYS >= 1.0         0               0.0     0.0        0
GREATEST
 SNOW DEPTH         0   MM                             0  MM
 24 HR TOTAL      0.0   06/30 TO 06/30

DEGREE_DAYS
HEATING TOTAL      94                91       3       80
 SINCE 7/1       7171              7195     -24     7065
COOLING TOTAL      46                74     -28       59
 SINCE 1/1         53                97     -44      105
.................................................................

WIND (MPH)
AVERAGE WIND SPEED              7.5
RESULTANT WIND SPEED/DIRECTION   3/272
HIGHEST WIND SPEED/DIRECTION    25/340    DATE  06/22
HIGHEST GUST SPEED/DIRECTION    36/310    DATE  06/14

SKY COVER
POSSIBLE SUNSHINE (PERCENT)   MM
AVERAGE SKY COVER           0.40
NUMBER OF DAYS FAIR           13
NUMBER OF DAYS PC             12
NUMBER OF DAYS CLOUDY          5

AVERAGE RH (PERCENT)     71

WEATHER CONDITIONS. NUMBER OF DAYS WITH
THUNDERSTORM              3     MIXED PRECIP                0
HEAVY RAIN                7     RAIN                        7
LIGHT RAIN               16     FREEZING RAIN               0
LT FREEZING RAIN          0     HAIL                        0
HEAVY SNOW                0     SNOW                        0
LIGHT SNOW                0     SLEET                       0
FOG                      16     FOG W/VIS <= 1/4 MILE       3
HAZE                      0

-  INDICATES NEGATIVE NUMBERS.
R  INDICATES RECORD WAS SET OR TIED.
MM INDICATES DATA IS MISSING.
T  INDICATES TRACE AMOUNT.

&&
CORRECTED 24 HOUR GREATEST PRECIPITATION
$$
