000
CXUS51 KCAR 012146
CLMBGR


CLIMATE REPORT
NATIONAL WEATHER SERVICE CARIBOU, ME
543 PM EDT WED MAY 1 2019

...................................

...THE BANGOR ME CLIMATE SUMMARY FOR THE MONTH OF APRIL 2019...

CLIMATE NORMAL PERIOD 1981 TO 2010
CLIMATE RECORD PERIOD 1925 TO 2019

WEATHER         OBSERVED          NORMAL  DEPART  LAST YEAR`S
                 VALUE   DATE(S)  VALUE   FROM    VALUE  DATE(S)
                                          NORMAL
................................................................
TEMPERATURE (F)
RECORD
 HIGH              92   04/27/1990
 LOW                4   04/01/1928
HIGHEST            66   04/13        MM      MM       70  04/24
LOWEST             23   04/02        MM      MM       17  04/06
AVG. MAXIMUM     51.0              52.8    -1.8     50.3
AVG. MINIMUM     33.9              32.2     1.7     31.2
MEAN             42.5              42.5     0.0     40.8
DAYS MAX >= 90      0               0.0     0.0        0
DAYS MAX <= 32      1               0.4     0.6        0
DAYS MIN <= 32     13              15.0    -2.0       17
DAYS MIN <= 0       0               0.0     0.0        0

PRECIPITATION (INCHES)
RECORD
 MAXIMUM        11.04   1983
 MINIMUM         0.59   1999
TOTALS           5.53                      1.91
DAILY AVG.       0.18              0.12    0.06     0.16
DAYS >= .01        17              11.3     5.7       15
DAYS >= .10        10               7.0     3.0       10
DAYS >= .50         4               2.2     1.8        4
DAYS >= 1.00        1               0.5     0.5        0
GREATEST
 24 HR. TOTAL    1.58   04/27 TO 04/27           04/26 TO 04/26
                                                          04/06 TO 04/06EATHER         OBSERVED          NORMAL  DEPART  LAST YEAR`S
                                                          04/06 TO 04/06EATHER         OBSERVED          NORMAL  DEPART  LAST YEAR`S

SNOWFALL (INCHES)
RECORDS
 TOTAL           24.4   2007
TOTALS           10.2               3.7     6.5      2.3
SINCE 7/1        79.9              66.1    13.8    111.3
SNOWDEPTH AVG.      1                MM      MM        0
DAYS >= 1.0         4               1.0     3.0        1
GREATEST
 SNOW DEPTH         7   04/10                          2  04/07
 24 HR TOTAL      3.3   04/08 TO 04/08           04/06 TO 04/06
                                                          04/06 TO 04/06EATHER         OBSERVED          NORMAL  DEPART  LAST YEAR`S
                                                          04/06 TO 04/06EATHER         OBSERVED          NORMAL  DEPART  LAST YEAR`S

DEGREE_DAYS
HEATING TOTAL     668               675      -7      719
 SINCE 7/1       7496              7398      98     6975
COOLING TOTAL       0                 0       0        0
 SINCE 1/1          0                 0       0        0
.................................................................

WIND (MPH)
AVERAGE WIND SPEED              9.4
HIGHEST WIND SPEED/DIRECTION    35/320    DATE  04/16
HIGHEST GUST SPEED/DIRECTION    45/320    DATE  04/04

SKY COVER
POSSIBLE SUNSHINE (PERCENT)   MM
AVERAGE SKY COVER           0.70
NUMBER OF DAYS FAIR            4
NUMBER OF DAYS PC              9
NUMBER OF DAYS CLOUDY         17

AVERAGE RH (PERCENT)     70

WEATHER CONDITIONS. NUMBER OF DAYS WITH
  0
  6
  0
  0
  2
  1
  5
HAZE                      1

-  INDICATES NEGATIVE NUMBERS.
R  INDICATES RECORD WAS SET OR TIED.
MM INDICATES DATA IS MISSING.
T  INDICATES TRACE AMOUNT.

$$
