922
CXUS51 KCAR 030107
CLMBGR

CLIMATE REPORT
NATIONAL WEATHER SERVICE CARIBOU, ME
846 PM EDT FRI AUG 2 2019

...................................

...THE BANGOR ME CLIMATE SUMMARY FOR THE MONTH OF JULY 2019...

CLIMATE NORMAL PERIOD 1981 TO 2010
CLIMATE RECORD PERIOD 1925 TO 2019

WEATHER         OBSERVED          NORMAL  DEPART  LAST YEAR`S
                 VALUE   DATE(S)  VALUE   FROM    VALUE  DATE(S)
                                          NORMAL
................................................................
TEMPERATURE (F)
RECORD
 HIGH              99   07/14/1995
                        07/30/1949
                        07/04/1949
 LOW               37   07/16/1946
HIGHEST            93   07/20        MM      MM       94  07/04
LOWEST             52   07/08        MM      MM       48  07/19
AVG. MAXIMUM     83.1              79.4     3.7     82.5
AVG. MINIMUM     59.8              57.7     2.1     59.5
MEAN             71.5              68.5     3.0     71.0
DAYS MAX >= 90      5               1.5     3.5        3
DAYS MAX <= 32      0               0.0     0.0        0
DAYS MIN <= 32      0               0.0     0.0        0
DAYS MIN <= 0       0               0.0     0.0        0

PRECIPITATION (INCHES)
RECORD
 MAXIMUM         7.25   1983
 MINIMUM         0.27   1952
TOTALS           4.46                      1.00
DAILY AVG.       0.14              0.11    0.03     0.08
DAYS >= .01        11              11.2    -0.2        9
DAYS >= .10         6               7.2    -1.2        5
DAYS >= .50         4               2.3     1.7        2
DAYS >= 1.00        2               0.7     1.3        1
GREATEST
 24 HR. TOTAL    1.13   07/17 TO 07/17           07/06 TO 07/06
                                                          07/31 TO 07/31EATHER         OBSERVED          NORMAL  DEPART  LAST YEAR`S
                                                          07/31 TO 07/31EATHER         OBSERVED          NORMAL  DEPART  LAST YEAR`S

SNOWFALL (INCHES)
RECORDS
 TOTAL             MM   MM
TOTALS            0.0               0.0     0.0      0.0
SINCE 7/1         0.0               0.0     0.0      0.0
SNOWDEPTH AVG.      0                MM      MM        0
DAYS >= 1.0         0               0.0     0.0        0
GREATEST
 SNOW DEPTH         0   MM                             0  MM
 24 HR TOTAL      0.0   07/31 TO 07/31           07/31 TO 07/31
                                                          07/31 TO 07/31EATHER         OBSERVED          NORMAL  DEPART  LAST YEAR`S
                                                          07/31 TO 07/31EATHER         OBSERVED          NORMAL  DEPART  LAST YEAR`S

DEGREE_DAYS
HEATING TOTAL       0                23     -23        4
 SINCE 7/1          0                23     -23        4
COOLING TOTAL     206               132      74      198
 SINCE 1/1        226               190      36      247
.................................................................

WIND (MPH)
AVERAGE WIND SPEED              6.1
HIGHEST WIND SPEED/DIRECTION    28/350    DATE  07/21
HIGHEST GUST SPEED/DIRECTION    37/340    DATE  07/01

SKY COVER
POSSIBLE SUNSHINE (PERCENT)   MM
AVERAGE SKY COVER           0.50
NUMBER OF DAYS FAIR           10
NUMBER OF DAYS PC             18
NUMBER OF DAYS CLOUDY          3

AVERAGE RH (PERCENT)     70

WEATHER CONDITIONS. NUMBER OF DAYS WITH

THUNDERSTORM              6
MIXED PRECIP              0
HEAVY RAIN                4
RAIN                      4
LIGHT RAIN               12
FOG                      15
FOG W/VIS <= 1/4 MILE     2
HAZE                      4

-  INDICATES NEGATIVE NUMBERS.
R  INDICATES RECORD WAS SET OR TIED.
MM INDICATES DATA IS MISSING.
T  INDICATES TRACE AMOUNT.
------------------------------------------------------------------------------------
...JULY MONTHLY CLIMATE NARRATIVE FOR NORTHERN AND EASTERN MAINE...

JULY 2019 FEATURED ABOVE AVERAGE TEMPERATURES ACROSS THE REGION.
PRECIPITATION WAS MORE VARIABLE, AND WAS GENERALLY BELOW AVERAGE
ACROSS NORTHERN AND CENTRAL PORTIONS OF THE AREA AND ABOVE AVERAGE
DOWN EAST. THERE WAS A SMALL AREA OF ABOVE AVERAGE PRECIPITATION
IN FAR NORTHERN MAINE ACROSS THE CENTRAL AND WESTERN SAINT JOHN
VALLEY.

TEMPERATURES AVERAGED FROM 2 TO 3.5 DEGREES ABOVE THE 30-YEAR
AVERAGE. IT RANKED AS THE 8TH WARMEST JULY ON RECORD AT CARIBOU,
BUT WAS WELL SHY OF LAST YEAR WHICH WAS THE ALL-TIME WARMEST JULY
ON RECORD. IN BANGOR, IT TIED WITH 1975 AS THE 7TH WARMEST JULY
ON RECORD. IN MILLINOCKET IT WAS THE 6TH WARMEST, AND IN HOULTON
IT WAS THE 16TH WARMEST ON RECORD. JULY WAS ALSO NOTICEABLY MUCH
MORE HUMID THAN JUNE. ALTHOUGH IT WAS A HOT MONTH, THERE WERE A
COUPLE OF 3 TO 4 DAY BREAKS IN THE HEAT AND HUMIDITY, AND THERE
WERE 3 NIGHTS WITH LOWS IN THE 40S IN CARIBOU.

IN CARIBOU THERE WERE 3 DAYS WITH A HIGH TEMPERATURE OF 90 DEGREES
OR WARMER. IT WAS THE MOST 90 DEGREE DAYS IN CARIBOU DURING THE
MONTH OF JULY SINCE 1989. IN BANGOR THERE WERE 5 DAYS WITH A HIGH
OF 90 OR WARMER, WHICH WAS THE MOST SINCE 1997. IN MILLINOCKET,
THERE WERE 4 DAYS WITH A HIGH OF 90 OR WARMER, WHICH TIED WITH
LAST YEAR WHEN THERE WERE ALSO 4 DAYS IN JULY WITH A HIGH OF 90 OR
WARMER. FINALLY, IN HOULTON, THERE WERE 3 DAYS WITH A HIGH OF 90
OR WARMER, WHICH ALSO TIED WITH LAST YEAR.

PRECIPITATION IN CARIBOU WAS ONLY 61 PERCENT OF AVERAGE, BUT IN
BANGOR PRECIPITATION WAS 129 PERCENT OF AVERAGE. THIS IS NOT
UNUSUAL DURING THE SUMMER WHEN MOST OF THE PRECIPITATION FALLS IN
THE FORM OF SHOWERS AND THUNDERSTORMS. OVERALL ACROSS THE REGION,
PRECIPITATION RANGED FROM 130 TO 200 PERCENT OF AVERAGE DOWN EAST,
WITH THE LARGEST POSITIVE DEPARTURES ALONG THE IMMEDIATE COAST.
ACROSS MOST OF NORTHERN AND CENTRAL AREAS PRECIPITATION RANGED
FROM 50 TO 90 PERCENT OF NORMAL, HOWEVER, IN PARTS OF THE CENTRAL
AND WESTERN SAINT JOHN VALLEY, PRECIPITATION RANGED FROM 100 TO
130 PERCENT OF NORMAL.

TOTAL EVAPORATION FOR THE MONTH MEASURED AT CARIBOU WAS 6.40
INCHES WHICH FAR EXCEEDED MONTHLY RAINFALL TOTALS OF 2.49 INCHES,
RESULTING IN SIGNIFICANT DRYING OF TOP SOIL CONDITIONS COMPARED
TO THE PRIOR MONTH.

THE OFFICIAL CLIMATE PREDICTION CENTER OUTLOOK FOR AUGUST 2019 IS
CALLING FOR AN INCREASED LIKELIHOOD OF ABOVE AVERAGE TEMPERATURES.
THERE ARE NO STRONG CLIMATE SIGNALS THAT WOULD POINT TOWARD AN
UNSUALLY WET OR DRY MONTH. AVERAGE TEMPERATURES BEGIN TO SLOWLY
DROP DURING THE MONTH OF AUGUST, AND MORE SO DURING THE 2ND HALF
OF THE MONTH. NEARLY AN HOUR AND A HALF OF DAYLIGHT IS LOST DURING
THE MONTH OF AUGUST.

$$

CB/VJN
