000
CXUS54 KBMX 021739
CLMBHM


CLIMATE REPORT
NATIONAL WEATHER SERVICE BIRMINGHAM, AL
1236 PM CDT FRI AUG 2 2019

...................................

...THE BIRMINGHAM CLIMATE SUMMARY FOR THE MONTH OF JULY 2019...

CLIMATE NORMAL PERIOD 1981 TO 2010
CLIMATE RECORD PERIOD 1895 TO 2019

WEATHER         OBSERVED          NORMAL  DEPART  LAST YEAR`S
                 VALUE   DATE(S)  VALUE   FROM    VALUE  DATE(S)
                                          NORMAL
................................................................
TEMPERATURE (F)
RECORD
 HIGH             107   07/29/1930
 LOW               51   07/15/1967
HIGHEST            97   07/09        MM      MM       94  07/30
                        07/06                             07/26
                                                          07/21
LOWEST             60   07/25        MM      MM       66  07/26
AVG. MAXIMUM     91.7              90.8     0.9     91.1
AVG. MINIMUM     72.5              71.4     1.1     72.3
MEAN             82.1                               81.7
DAYS MAX >= 90     24              18.4     5.6       23
DAYS MAX <= 32      0               0.0     0.0        0
DAYS MIN <= 32      0               0.0     0.0        0
DAYS MIN <= 0       0               0.0     0.0        0

PRECIPITATION (INCHES)
RECORD
 MAXIMUM        20.12   1916
 MINIMUM         0.30   1983
TOTALS           2.75              4.80   -2.05     1.81
DAILY AVG.       0.09              0.15   -0.06     0.06
DAYS >= .01         7              11.7    -4.7        7
DAYS >= .10         4               7.6    -3.6        4
DAYS >= .50         2               3.2    -1.2        2
DAYS >= 1.00        1               1.2    -0.2        0

DEGREE_DAYS
HEATING TOTAL       0                 0       0        0
 SINCE 7/1          0                 0       0        0
COOLING TOTAL     536               499      37      526
 SINCE 1/1       1389              1163     226     1399
.................................................................

WIND (MPH)
AVERAGE WIND SPEED              4.9
HIGHEST WIND SPEED/DIRECTION    39/310    DATE  07/07
HIGHEST GUST SPEED/DIRECTION    49/310    DATE  07/07

AVERAGE RH (PERCENT)     66

WEATHER CONDITIONS. NUMBER OF DAYS WITH
THUNDERSTORM             14     MIXED PRECIP               0
HEAVY RAIN                3     RAIN                       3
LIGHT RAIN                9     FREEZING RAIN              0
LT FREEZING RAIN          0     HAIL                       0
HEAVY SNOW                0     SNOW                       0
LIGHT SNOW                0     SLEET                      0
FOG                       6     FOG W/VIS <= 1/4 MILE      0
HAZE                      5

-  INDICATES NEGATIVE NUMBERS.
R  INDICATES RECORD WAS SET OR TIED.
MM INDICATES DATA IS MISSING.
T  INDICATES TRACE AMOUNT.

$$
