000
CXUS53 KBIS 011353
CLMBIS

CLIMATE REPORT
NATIONAL WEATHER SERVICE BISMARCK ND
852 AM CDT MON JUL 1 2019

...................................

...THE BISMARCK ND CLIMATE SUMMARY FOR THE MONTH OF JUNE 2019...

CLIMATE NORMAL PERIOD 1981 TO 2010
CLIMATE RECORD PERIOD 1875 TO 2019

WEATHER         OBSERVED          NORMAL  DEPART  LAST YEAR`S
                 VALUE   DATE(S)  VALUE   FROM    VALUE  DATE(S)
                                          NORMAL
................................................................
TEMPERATURE (F)
RECORD
 HIGH             111   06/29/2002
 LOW               30   06/02/1969
HIGHEST            93   06/07                         93  06/10
                                                          06/09
LOWEST             43   06/01                         44  06/13
AVG. MAXIMUM     79.5              77.3     2.2     82.2
AVG. MINIMUM     54.9              52.0     2.9     57.7
MEAN             67.2              64.7     2.5     69.9
DAYS MAX >= 90      2               2.5    -0.5        6
DAYS MAX <= 32      0               0.0     0.0        0
DAYS MIN <= 32      0               0.0     0.0        0
DAYS MIN <= 0       0               0.0     0.0        0

PRECIPITATION (INCHES)
RECORD
 MAXIMUM         9.90   1914
 MINIMUM         0.47   1936
TOTALS           2.82              3.17   -0.35     3.45
DAILY AVG.       0.09              0.11   -0.02     0.12
DAYS >= .01        12              11.2     0.8       18
DAYS >= .10         8               6.2     1.8        9
DAYS >= .50         1               2.1    -1.1        3
DAYS >= 1.00        0               0.7    -0.7        0
GREATEST
 24 HR. TOTAL    0.57   06/27 TO 06/27              0.69

DEGREE_DAYS
COOLING TOTAL     121                83      38
 SINCE 1/1        133               100      33
.................................................................

WIND (MPH)
HIGHEST WIND SPEED/DIRECTION    30/300    DATE  06/24
HIGHEST GUST SPEED/DIRECTION    51/310    DATE  06/09

SKY COVER
POSSIBLE SUNSHINE (PERCENT)   MM
NUMBER OF DAYS FAIR           21
NUMBER OF DAYS PC              8
NUMBER OF DAYS CLOUDY          1


WEATHER CONDITIONS. NUMBER OF DAYS WITH
THUNDERSTORM             10     MIXED PRECIP               0
HEAVY RAIN                5     RAIN                       8
LIGHT RAIN               19     FREEZING RAIN              0
LT FREEZING RAIN          0     HAIL                       0
HEAVY SNOW                0     SNOW                       0
LIGHT SNOW                0     SLEET                      0
FOG                      11     FOG W/VIS <= 1/4 MILE      0
HAZE                     12

-  INDICATES NEGATIVE NUMBERS.
R  INDICATES RECORD WAS SET OR TIED.
MM INDICATES DATA IS MISSING.
T  INDICATES TRACE AMOUNT.

$$
