000
CXUS53 KBIS 011541
CLMBIS

CLIMATE REPORT
NATIONAL WEATHER SERVICE BISMARCK ND
1035 AM CDT WED MAY 1 2019

...................................

...THE BISMARCK ND CLIMATE SUMMARY FOR THE MONTH OF APRIL 2019...

CLIMATE NORMAL PERIOD 1981 TO 2010
CLIMATE RECORD PERIOD 1875 TO 2019

WEATHER         OBSERVED          NORMAL  DEPART  LAST YEAR`S
                 VALUE   DATE(S)  VALUE   FROM    VALUE  DATE(S)
                                          NORMAL
................................................................
TEMPERATURE (F)
RECORD
 HIGH              93   04/30/1992
                        04/21/1980
 LOW              -12   04/01/1975
HIGHEST            81   04/19                         83  04/29
LOWEST             22   04/03                          2  04/06
AVG. MAXIMUM     55.9              57.0    -1.1     48.5
AVG. MINIMUM     32.5              30.7     1.8     24.0
MEAN             44.2              43.8     0.4     36.2
DAYS MAX >= 90      0               0.1    -0.1        0
DAYS MAX <= 32      0               1.0    -1.0        7
DAYS MIN <= 32     13              17.1    -4.1       23
DAYS MIN <= 0       0               0.0     0.0        0

PRECIPITATION (INCHES)
RECORD
 MAXIMUM         5.71   1878
 MINIMUM         0.00   1952
TOTALS           1.14              1.26   -0.12     0.62
DAILY AVG.       0.04              0.04    0.00     0.02
DAYS >= .01         8               7.4     0.6        7
DAYS >= .10         4               3.4     0.6        2
DAYS >= .50         1               0.5     0.5        0
DAYS >= 1.00        0               0.1    -0.1        0
GREATEST
 24 HR. TOTAL    0.51   04/28 TO 04/28              0.22

SNOWFALL (INCHES)
RECORDS
 TOTAL           21.8   2013
TOTALS            3.8               4.2    -0.4      5.3
SINCE 7/1        60.3              50.8     9.5     44.1
SNOWDEPTH AVG.      0                MM      MM        0
DAYS >= 1.0         1               1.0     0.0        3
GREATEST
 SNOW DEPTH         3   04/12                          3  04/09
 24 HR TOTAL      2.5   04/11 TO 04/11               3.3

DEGREE_DAYS
HEATING TOTAL     616               636     -20
 SINCE 7/1       8768              8155     613
COOLING TOTAL       0                 1      -1
 SINCE 1/1          0                 1      -1
.................................................................

WIND (MPH)
HIGHEST WIND SPEED/DIRECTION    35/330    DATE  04/25
HIGHEST GUST SPEED/DIRECTION    52/340    DATE  04/25

SKY COVER
POSSIBLE SUNSHINE (PERCENT)   MM
NUMBER OF DAYS FAIR           11
NUMBER OF DAYS PC              8
NUMBER OF DAYS CLOUDY         11


WEATHER CONDITIONS. NUMBER OF DAYS WITH
THUNDERSTORM              0     MIXED PRECIP               0
HEAVY RAIN                0     RAIN                       3
LIGHT RAIN               11     FREEZING RAIN              0
LT FREEZING RAIN          0     HAIL                       0
HEAVY SNOW                1     SNOW                       2
LIGHT SNOW                3     SLEET                      1
FOG                      10     FOG W/VIS <= 1/4 MILE      5
HAZE                      1

-  INDICATES NEGATIVE NUMBERS.
R  INDICATES RECORD WAS SET OR TIED.
MM INDICATES DATA IS MISSING.
T  INDICATES TRACE AMOUNT.

$$
