583
CXUS53 KGRR 011602
CLMBIV


CLIMATE REPORT
NATIONAL WEATHER SERVICE GRAND RAPIDS, MI
1157 AM EDT THU AUG 1 2019

...................................

...THE HOLLAND/TULIP CITY MI CLIMATE SUMMARY FOR THE MONTH OF JULY 2019...

CLIMATE NORMAL PERIOD 1981 TO 2010
CLIMATE RECORD PERIOD 1996 TO 2019

WEATHER         OBSERVED          NORMAL  DEPART  LAST YEAR`S
                 VALUE   DATE(S)  VALUE   FROM    VALUE  DATE(S)
                                          NORMAL
................................................................
TEMPERATURE (F)
HIGHEST            92   07/19        MM      MM       93  07/01
LOWEST             54   07/24        MM      MM       53  07/18
                                                          07/07
AVG. MAXIMUM     84.3              82.1     2.2     82.8
AVG. MINIMUM     65.5              62.7     2.8     62.5
MEAN             74.9              72.4     2.5     72.6
DAYS MAX >= 90      4               2.2     1.8        3
DAYS MAX <= 32      0               0.0     0.0        0
DAYS MIN <= 32      0               0.0     0.0        0
DAYS MIN <= 0       0               0.0     0.0        0

PRECIPITATION (INCHES)
TOTALS           1.07              2.83   -1.76     2.07
DAILY AVG.       0.03              0.09   -0.06     0.07
DAYS >= .01         9                MM      MM        8
DAYS >= .10         3                MM      MM        4
DAYS >= .50         0                MM      MM        1
DAYS >= 1.00        0                MM      MM        1
GREATEST
 24 HR. TOTAL    0.38   07/21 TO 07/21

DEGREE_DAYS
HEATING TOTAL       0                 6      -6        1
 SINCE 7/1          0                 6      -6        1
COOLING TOTAL     306               235      71      248
 SINCE 1/1        404               423     -19      507
.................................................................

WIND (MPH)
AVERAGE WIND SPEED              7.1
RESULTANT WIND SPEED/DIRECTION   4/246
HIGHEST WIND SPEED/DIRECTION    28/220    DATE  07/27
HIGHEST GUST SPEED/DIRECTION    39/210    DATE  07/27

SKY COVER
POSSIBLE SUNSHINE (PERCENT)   MM
AVERAGE SKY COVER           0.20
NUMBER OF DAYS FAIR           26
NUMBER OF DAYS PC              4
NUMBER OF DAYS CLOUDY          1

AVERAGE RH (PERCENT)     71

WEATHER CONDITIONS. NUMBER OF DAYS WITH
THUNDERSTORM              6     MIXED PRECIP                0
HEAVY RAIN                2     RAIN                        3
LIGHT RAIN                8     FREEZING RAIN               0
LT FREEZING RAIN          0     HAIL                        0
HEAVY SNOW                0     SNOW                        0
LIGHT SNOW                0     SLEET                       0
FOG                      13     FOG W/VIS <= 1/4 MILE       2
HAZE                      5     BLOWING SNOW                0
TORNADO                   0

-  INDICATES NEGATIVE NUMBERS.
R  INDICATES RECORD WAS SET OR TIED.
MM INDICATES DATA IS MISSING.
T  INDICATES TRACE AMOUNT.

$$
