000
CXUS51 KRLX 020832
CLMBKW


CLIMATE REPORT
NATIONAL WEATHER SERVICE CHARLESTON WV
430 AM EDT FRI AUG 2 2019

...................................

...THE BECKLEY WV CLIMATE SUMMARY FOR THE MONTH OF JULY 2019...

CLIMATE NORMAL PERIOD 1981 TO 2010
CLIMATE RECORD PERIOD 1893 TO 2019

WEATHER         OBSERVED          NORMAL  DEPART  LAST YEAR`S
                 VALUE   DATE(S)  VALUE   FROM    VALUE
                                          NORMAL
.............................................................
TEMPERATURE (F)
RECORD
 HIGH              94   MM
 LOW               41   12/31/1999
HIGHEST            90   07/20                         88
LOWEST             52   07/24                         52
AVG. MAXIMUM     83.5              79.8     3.7     81.3
AVG. MINIMUM     63.6              61.4     2.2     62.4
MEAN             73.5              70.6     2.9     71.8
DAYS MAX >= 90      1               0.4     0.6        0
DAYS MAX <= 32      0               0.0     0.0        0
DAYS MIN <= 32      0               0.0     0.0        0
DAYS MIN <= 0       0               0.0     0.0        0

PRECIPITATION (INCHES)
RECORD
 MAXIMUM        10.44   1910
 MINIMUM         0.17   2013
TOTALS           5.23              5.03    0.20     3.98
DAILY AVG.       0.17              0.16    0.01     0.13
DAYS >= .01        12              13.1    -1.1       12
DAYS >= .10        10               8.6     1.4        9
DAYS >= .50         2               3.4    -1.4        3
DAYS >= 1.00        2               1.2     0.8        1
GREATEST
 24 HR. TOTAL    1.66   07/22 TO 07/22

SNOWFALL (INCHES)
RECORDS
 TOTAL             MM   MM
 24 HR TOTAL       MM
 SNOW DEPTH        MM   MM
TOTALS            0.0               0.0     0.0      0.0
SINCE 7/1         0.0               0.0     0.0      0.0
SNOWDEPTH AVG.      0
DAYS >= TRACE       0               0.0     0.0        0
DAYS >= 1.0         0               0.0     0.0        0
GREATEST
 24 HR TOTAL      0.0   07/31 TO 07/31

DEGREE_DAYS
HEATING TOTAL       3                 8      -5        0
 SINCE 7/1          3                 8      -5        0
COOLING TOTAL     275               181      94      220
 SINCE 1/1        501               333     168      509
..............................................................

WIND (MPH)
AVERAGE WIND SPEED              5.0
HIGHEST WIND SPEED/DIRECTION    20/230    DATE  07/17
HIGHEST GUST SPEED/DIRECTION    29/220    DATE  07/17

SKY COVER
POSSIBLE SUNSHINE (PERCENT)   MM
AVERAGE SKY COVER           0.30
NUMBER OF DAYS FAIR           18
NUMBER OF DAYS PC             13
NUMBER OF DAYS CLOUDY          0

AVERAGE RH (PERCENT)     72

-  INDICATES NEGATIVE NUMBERS.
R  INDICATES RECORD WAS SET OR TIED.
MM INDICATES DATA IS MISSING.
T  INDICATES TRACE AMOUNT.

$$
