000
CXUS51 KRNK 010806
CLMBLF


CLIMATE REPORT
NATIONAL WEATHER SERVICE BLACKSBURG VA
349 AM EDT THU AUG 1 2019

...................................

...THE BLUEFIELD WV CLIMATE SUMMARY FOR THE MONTH OF JULY 2019...

CLIMATE NORMAL PERIOD 1981 TO 2010
CLIMATE RECORD PERIOD 1909 TO 2019

WEATHER         OBSERVED          NORMAL  DEPART  LAST YEAR`S
                 VALUE   DATE(S)  VALUE   FROM    VALUE
                                          NORMAL
.............................................................
TEMPERATURE (F)
RECORD
 HIGH              99   07/28/1952
 LOW               38   07/03/1918
HIGHEST            87   07/21                         86
                        07/20
LOWEST             52   07/25                         51
                        07/24
AVG. MAXIMUM     80.2              81.3    -1.1     79.3
AVG. MINIMUM     63.2              64.6    -1.4     61.7
MEAN             71.7              73.0    -1.3     70.5
DAYS MAX >= 90      0               1.1    -1.1        0
DAYS MAX <= 32      0               0.0     0.0        0
DAYS MIN <= 32      0               0.0     0.0        0
DAYS MIN <= 0       0               0.0     0.0        0

PRECIPITATION (INCHES)
RECORD
 MAXIMUM        10.24   1980
 MINIMUM         0.97   1995
TOTALS           3.01              4.17   -1.16     3.78
DAILY AVG.       0.10              0.13   -0.03     0.12
DAYS >= .01         8              13.0    -5.0       14
DAYS >= .10         6               8.1    -2.1        8
DAYS >= .50         3               2.7     0.3        4
DAYS >= 1.00        0               1.0    -1.0        0
GREATEST
 24 HR. TOTAL    0.92                               0.88

SNOWFALL (INCHES)
TOTALS            0.0                                0.0
DAYS >= TRACE       0                                  0
DAYS >= 1.0         0                                  0
GREATEST
 24 HR TOTAL      0.0                                0.0

DEGREE_DAYS
HEATING TOTAL       5                 2       3        0
COOLING TOTAL     207               248     -41      178
..............................................................

WIND (MPH)
AVERAGE WIND SPEED              4.9
HIGHEST WIND SPEED/DIRECTION    31/280    DATE  07/15
HIGHEST GUST SPEED/DIRECTION    44/270    DATE  07/15

SKY COVER
AVERAGE SKY COVER           0.40

AVERAGE RH (PERCENT)     73

WEATHER CONDITIONS. NUMBER OF DAYS WITH
THUNDERSTORM             11     MIXED PRECIP                 0
HEAVY RAIN                5     RAIN                         7
LIGHT RAIN               13     FREEZING RAIN                0
LIGHT FREEZING RAIN       0     HAIL                         0
HEAVY SNOW                0     SNOW                         0
LIGHT SNOW                0     SLEET                        0
FOG                      18     FOG W/VIS <= 1/4 MILE        4
HAZE                      1

-  INDICATES NEGATIVE NUMBERS.
R  INDICATES RECORD WAS SET OR TIED.
MM INDICATES DATA IS MISSING.
T  INDICATES TRACE AMOUNT.

REMARKS:
DUE TO MISSING TEMPERATURES ON MAY 10 AND JULY 11-12, ALL
TEMPERATURE AND COOLING DEGREE DAY INFORMATION WILL BE CALCULATED
WITHOUT DATA FROM THESE DATES.

$$
