000
CXUS51 KRNK 071807 RRB
CLMBLF

CLIMATE REPORT
NATIONAL WEATHER SERVICE BLACKSBURG VA
514 AM EDT MON APR 1 2019

...................................

...THE BLUEFIELD WV CLIMATE SUMMARY FOR THE MONTH OF MARCH 2019...

CLIMATE NORMAL PERIOD 1981 TO 2010
CLIMATE RECORD PERIOD 1909 TO 2019

WEATHER         OBSERVED          NORMAL  DEPART  LAST YEAR`S
                 VALUE   DATE(S)  VALUE   FROM    VALUE
                                          NORMAL
.............................................................
TEMPERATURE (F)
RECORD
 HIGH              83   03/30/1985
 LOW               -2   03/03/1980
HIGHEST            69   03/30                         75
LOWEST              8   03/06                         17
AVG. MAXIMUM     49.3              54.3    -5.0     45.7
AVG. MINIMUM     31.5              36.2    -4.7     28.9
MEAN             40.4              45.3    -4.9     37.3
DAYS MAX >= 90      0               0.0     0.0        0
DAYS MAX <= 32      3               1.2     1.8        4
DAYS MIN <= 32     18              11.2     6.8       24
DAYS MIN <= 0       0               0.0     0.0        0

PRECIPITATION (INCHES)
RECORD
 MAXIMUM         8.24   1993
 MINIMUM         1.46   2016
TOTALS           1.79              3.51   -1.72     4.69
DAILY AVG.       0.06              0.11   -0.05     0.15
DAYS >= .01        11              14.4    -3.4       19
DAYS >= .10         4               8.0    -4.0       10
DAYS >= .50         1               2.1    -1.1        3
DAYS >= 1.00        0               0.6    -0.6        1
GREATEST
 24 HR. TOTAL    0.54                               1.66

SNOWFALL (INCHES)
TOTALS            1.8                               32.3
DAYS >= TRACE       8                                 13
DAYS >= 1.0         1                                  6
GREATEST
 24 HR TOTAL      1.0                               17.0

DEGREE_DAYS
HEATING TOTAL     755               616     139      853
COOLING TOTAL       0                 4      -4        0
..............................................................

WIND (MPH)
AVERAGE WIND SPEED              7.9
HIGHEST WIND SPEED/DIRECTION    32/250    DATE  03/15
HIGHEST GUST SPEED/DIRECTION    45/280    DATE  03/22

SKY COVER
AVERAGE SKY COVER           0.50

AVERAGE RH (PERCENT)     58

WEATHER CONDITIONS. NUMBER OF DAYS WITH:
THUNDERSTORM              0     MIXED PRECIP                 0
HEAVY RAIN                1     RAIN                         4
LIGHT RAIN               10     FREEZING RAIN                0
LIGHT FREEZING RAIN       0     HAIL                         0
HEAVY SNOW                0     SNOW                         1
LIGHT SNOW                8     SLEET                        1
FOG                      15     FOG W/VIS <= 1/4 MILE        5
HAZE                      1

-  INDICATES NEGATIVE NUMBERS.
R  INDICATES RECORD WAS SET OR TIED.
MM INDICATES DATA IS MISSING.
T  INDICATES TRACE AMOUNT.

$$

RAB
