000
CXUS56 KSEW 011034
CLMBLI


CLIMATE REPORT
NATIONAL WEATHER SERVICE SEATTLE WA
334 AM PDT WED MAY 1 2019

...................................

...THE BELLINGHAM WA AIRPORT CLIMATE SUMMARY FOR THE MONTH OF APRIL 2019...

CLIMATE NORMAL PERIOD 1981 TO 2010
CLIMATE RECORD PERIOD 1949 TO 2019

WEATHER         OBSERVED          NORMAL  DEPART  LAST YEAR`S
                 VALUE   DATE(S)  VALUE   FROM    VALUE  DATE(S)
                                          NORMAL
................................................................
TEMPERATURE (F)
RECORD
 HIGH              83   04/18/2016
 LOW               24   04/20/1951
HIGHEST            71   04/02        MM      MM       75  04/26
                        04/01
LOWEST             34   04/29        MM      MM       33  04/02
                        04/28
                        04/25
AVG. MAXIMUM     58.3              56.8     1.5     56.4
AVG. MINIMUM     42.7              40.0     2.7     42.3
MEAN             50.5              48.4     2.1     49.3
DAYS MAX >= 90      0               0.0     0.0        0
DAYS MAX <= 32      0               0.0     0.0        0
DAYS MIN <= 32      0               2.1    -2.1        0
DAYS MIN <= 0       0               0.0     0.0        0

PRECIPITATION (INCHES)
RECORD
 MAXIMUM         6.09   1992
 MINIMUM         0.35   2004
TOTALS           4.16              2.69    1.47     3.21
DAILY AVG.       0.14              0.09    0.05     0.11
DAYS >= .01        16              14.9     1.1       20
DAYS >= .10        11               7.7     3.3        9
DAYS >= .50         4               1.3     2.7        1
DAYS >= 1.00        0               0.1    -0.1        0
GREATEST
 24 HR. TOTAL    0.84   04/18 TO 04/18

DEGREE_DAYS
HEATING TOTAL     428               498     -70      462
COOLING TOTAL       0                 0       0        0
 SINCE 1/1          0                 0       0        0
.................................................................

WIND (MPH)
AVERAGE WIND SPEED              6.6
HIGHEST WIND SPEED/DIRECTION    28/170    DATE  04/06
HIGHEST GUST SPEED/DIRECTION    41/190    DATE  04/05

SKY COVER
POSSIBLE SUNSHINE (PERCENT)   MM
AVERAGE SKY COVER           0.60
NUMBER OF DAYS FAIR            8
NUMBER OF DAYS PC              9
NUMBER OF DAYS CLOUDY         13

AVERAGE RH (PERCENT)     69

WEATHER CONDITIONS. NUMBER OF DAYS WITH
  0
  7
  0
  0
  0
  0
  0
HAZE                      1

-  INDICATES NEGATIVE NUMBERS.
R  INDICATES RECORD WAS SET OR TIED.
MM INDICATES DATA IS MISSING.
T  INDICATES TRACE AMOUNT.

$$
