000
CXUS56 KSEW 011050
CLMBLI


CLIMATE REPORT
NATIONAL WEATHER SERVICE SEATTLE WA
350 AM PDT THU AUG 1 2019

...................................

...THE BELLINGHAM WA AIRPORT CLIMATE SUMMARY FOR THE MONTH OF JULY 2019...

CLIMATE NORMAL PERIOD 1981 TO 2010
CLIMATE RECORD PERIOD 1949 TO 2019

WEATHER         OBSERVED          NORMAL  DEPART  LAST YEAR`S
                 VALUE   DATE(S)  VALUE   FROM    VALUE  DATE(S)
                                          NORMAL
................................................................
TEMPERATURE (F)
RECORD
 HIGH              96   07/29/2009
 LOW               32   07/10/1965
HIGHEST            85   07/21        MM      MM       90  07/29
LOWEST             46   07/20        MM      MM       48  07/22
                                                          07/03
AVG. MAXIMUM     72.4              71.2     1.2     77.1
AVG. MINIMUM     55.7              53.5     2.2     55.4
MEAN             64.0              62.3     1.7     66.3
DAYS MAX >= 90      0               0.2    -0.2        1
DAYS MAX <= 32      0               0.0     0.0        0
DAYS MIN <= 32      0               0.0     0.0        0
DAYS MIN <= 0       0               0.0     0.0        0

PRECIPITATION (INCHES)
RECORD
 MAXIMUM         2.86   1982
 MINIMUM         0.00   1960
                        1958
TOTALS           0.73              1.18   -0.45     0.16
DAILY AVG.       0.02              0.04   -0.02     0.01
DAYS >= .01         7               5.7     1.3        4
DAYS >= .10         3               2.5     0.5        0
DAYS >= .50         0               0.6    -0.6        0
DAYS >= 1.00        0               0.1    -0.1        0
GREATEST
 24 HR. TOTAL    0.24   07/17 TO 07/17

DEGREE_DAYS
HEATING TOTAL      41               101     -60       27
COOLING TOTAL      21                19       2       75
 SINCE 1/1         28                23       5       89
.................................................................

WIND (MPH)
AVERAGE WIND SPEED              6.7
HIGHEST WIND SPEED/DIRECTION    24/160    DATE  07/17
HIGHEST GUST SPEED/DIRECTION    37/150    DATE  07/17

SKY COVER
POSSIBLE SUNSHINE (PERCENT)   MM
AVERAGE SKY COVER           0.40
NUMBER OF DAYS FAIR           13
NUMBER OF DAYS PC             11
NUMBER OF DAYS CLOUDY          7

AVERAGE RH (PERCENT)     69

WEATHER CONDITIONS. NUMBER OF DAYS WITH
  0
  3
  0
  0
  0
  0
  1
HAZE                      3

-  INDICATES NEGATIVE NUMBERS.
R  INDICATES RECORD WAS SET OR TIED.
MM INDICATES DATA IS MISSING.
T  INDICATES TRACE AMOUNT.

$$
