000
CXUS54 KOHX 051518
CLMBNA


CLIMATE REPORT
NATIONAL WEATHER SERVICE NASHVILLE TN
1001 AM CDT MON AUG 5 2019

...................................

...THE NASHVILLE CLIMATE SUMMARY FOR THE MONTH OF JULY 2019...

CLIMATE NORMAL PERIOD 1981 TO 2010
CLIMATE RECORD PERIOD 1871 TO 2019

WEATHER         OBSERVED          NORMAL  DEPART  LAST YEAR`S
                 VALUE   DATE(S)  VALUE   FROM    VALUE
                                          NORMAL
.............................................................
TEMPERATURE (F)
RECORD
 HIGH             107   07/27/1952
                        07/28/1952
 LOW               51   07/23/1947
HIGHEST            97   07/20
LOWEST             60   07/25
AVG. MAXIMUM     91.4              89.3     2.1
AVG. MINIMUM     71.4              69.5     1.9
MEAN             81.4              79.4     2.0     81.7
DAYS MAX >= 90     26
DAYS MAX <= 32      0
DAYS MIN <= 32      0
DAYS MIN <= 0       0

PRECIPITATION (INCHES)
RECORD
 MAXIMUM         9.43   1878
 MINIMUM         0.46   1890
TOTALS           4.81              3.64    1.17
DAYS >= .01        14
DAYS >= .10         6
DAYS >= .50         2
DAYS >= 1.00        1
GREATEST
 24 HR. TOTAL    2.63   07/22 TO 07/22

SNOWFALL (INCHES)
TOTALS            0.0               0.0     0.0
SINCE 7/1         0.0                       0.0
DAYS >= TRACE       0
DAYS >= 1.0         0

DEGREE_DAYS
HEATING TOTAL       0                 0       0
 SINCE 7/1          0                 0       0
COOLING TOTAL     515               446      69
 SINCE 1/1       1220               949     271
..............................................................

WIND (MPH)
AVERAGE WIND SPEED              5.1
HIGHEST GUST SPEED/DIRECTION    37/040    DATE  07/21

SKY COVER
POSSIBLE SUNSHINE (PERCENT)   MM
AVERAGE SKY COVER           0.60
NUMBER OF DAYS FAIR            7
NUMBER OF DAYS PC             16
NUMBER OF DAYS CLOUDY          8

AVERAGE RH (PERCENT)     68

WEATHER CONDITIONS. NUMBER OF DAYS WITH
THUNDERSTORM             14      MIXED PRECIP              0
HEAVY RAIN                6      RAIN                      5
LIGHT RAIN               16      FREEZING RAIN             0
LT FREEZING RAIN          0      HAIL                      0
HEAVY SNOW                0      SNOW                      0
LIGHT SNOW                0      SLEET                     0
FOG                      15      FOG W/VIS <= 1/4 MILE     1
HAZE                      3

-  INDICATES NEGATIVE NUMBERS.
R  INDICATES RECORD WAS SET OR TIED.
MM INDICATES DATA IS MISSING.
T  INDICATES TRACE AMOUNT.

$$
