000
CXUS54 KOHX 011740
CLMBNA


CLIMATE REPORT
NATIONAL WEATHER SERVICE NASHVILLE TN
1233 PM CDT WED MAY 1 2019

...................................

...THE NASHVILLE CLIMATE SUMMARY FOR THE MONTH OF APRIL 2019...

CLIMATE NORMAL PERIOD 1981 TO 2010
CLIMATE RECORD PERIOD 1871 TO 2019

WEATHER         OBSERVED          NORMAL  DEPART  LAST YEAR`S
                 VALUE   DATE(S)  VALUE   FROM    VALUE
                                          NORMAL
.............................................................
TEMPERATURE (F)
RECORD
 HIGH              91   04/29/2017
                        04/09/2011
                        04/27/1989
 LOW               23   04/08/2007
                        04/07/1982
HIGHEST            87   04/30
LOWEST             30   04/01
AVG. MAXIMUM     74.0              70.5     3.5
AVG. MINIMUM     50.1              47.5     2.6
MEAN             62.1              59.0     3.1     55.3
DAYS MAX >= 90      0
DAYS MAX <= 32      0
DAYS MIN <= 32      1
DAYS MIN <= 0       0

PRECIPITATION (INCHES)
RECORD
 MAXIMUM        11.84   1874
 MINIMUM         0.52   1986
TOTALS           6.28              4.00    2.28
DAYS >= .01        11
DAYS >= .10         9
DAYS >= .50         6
DAYS >= 1.00        1
GREATEST
 24 HR. TOTAL    1.43   04/08 TO 04/08

SNOWFALL (INCHES)
TOTALS            0.0               0.0     0.0
SINCE 7/1         0.5                      -5.8
DAYS >= TRACE       0
DAYS >= 1.0         0

DEGREE_DAYS
HEATING TOTAL     137               217     -80
 SINCE 7/1       3193              3628    -435
COOLING TOTAL      56                37      19
 SINCE 1/1         59                45      14
..............................................................

WIND (MPH)
AVERAGE WIND SPEED              7.7
HIGHEST GUST SPEED/DIRECTION    40/220    DATE  04/14

SKY COVER
POSSIBLE SUNSHINE (PERCENT)   MM
AVERAGE SKY COVER           0.60
NUMBER OF DAYS FAIR            6
NUMBER OF DAYS PC             11
NUMBER OF DAYS CLOUDY         12

AVERAGE RH (PERCENT)     61

WEATHER CONDITIONS. NUMBER OF DAYS WITH
THUNDERSTORM              5     MIXED PRECIP               0
HEAVY RAIN                6     RAIN                       6
LIGHT RAIN               12     FREEZING RAIN              0
LT FREEZING RAIN          0     HAIL                       0
HEAVY SNOW                0     SNOW                       0
LIGHT SNOW                0     SLEET                      0
FOG                      13     FOG W/VIS <= 1/4 MILE      1
HAZE                      6

-  INDICATES NEGATIVE NUMBERS.
R  INDICATES RECORD WAS SET OR TIED.
MM INDICATES DATA IS MISSING.
T  INDICATES TRACE AMOUNT.

$$
