000
CXUS56 KBOI 011723
CLMBNO


CLIMATE REPORT
NATIONAL WEATHER SERVICE BOISE ID
1122 AM MDT WED MAY 1 2019

...................................

...THE BURNS OR CLIMATE SUMMARY FOR THE MONTH OF APRIL 2019...

CLIMATE NORMAL PERIOD 1981 TO 2010
CLIMATE RECORD PERIOD 1938 TO 2019

WEATHER         OBSERVED          NORMAL  DEPART
                 VALUE   DATE(S)  VALUE   FROM
                                          NORMAL
................................................
TEMPERATURE (F)
HIGHEST            79   04/19        MM      MM
LOWEST             24   04/29        MM      MM
AVG. MAXIMUM     59.4              57.1     2.3
AVG. MINIMUM     34.3              29.2     5.1
MEAN             46.8              43.2     3.6
DAYS MAX >= 90      0
DAYS MAX <= 32      0
DAYS MIN <= 32     12
DAYS MIN <= 0       0

PRECIPITATION (INCHES)
RECORD
 MAXIMUM         2.21   1993
TOTALS           2.30R             0.93    1.37
DAYS >= .01        13
DAYS >= .10         6
DAYS >= .50         1
DAYS >= 1.00        0
GREATEST
 24 HR. TOTAL    0.80   04/08 TO 04/08

DEGREE_DAYS
HEATING TOTAL     537               655    -118
 SINCE 7/1       6954              7040     -86
COOLING TOTAL       0                 0       0
 SINCE 1/1          0                 0       0
.................................................

WIND (MPH)
AVERAGE WIND SPEED              8.5
RESULTANT WIND SPEED/DIRECTION   4/272
HIGHEST WIND SPEED/DIRECTION    31/270    DATE  04/09
HIGHEST GUST SPEED/DIRECTION    41/270    DATE  04/09

AVERAGE RH (PERCENT)     61


-  INDICATES NEGATIVE NUMBERS.
R  INDICATES RECORD WAS SET OR TIED.
MM INDICATES DATA IS MISSING.
T  INDICATES TRACE AMOUNT.

$$
