703
CXUS56 KBOI 011731
CLMBNO


CLIMATE REPORT
NATIONAL WEATHER SERVICE BOISE ID
1129 AM MDT THU AUG 1 2019

...................................

...THE BURNS OR CLIMATE SUMMARY FOR THE MONTH OF JULY 2019...

CLIMATE NORMAL PERIOD 1981 TO 2010
CLIMATE RECORD PERIOD 1938 TO 2019

WEATHER         OBSERVED          NORMAL  DEPART
                 VALUE   DATE(S)  VALUE   FROM
                                          NORMAL
................................................
TEMPERATURE (F)
HIGHEST            95   07/21        MM      MM
LOWEST             40   07/03        MM      MM
AVG. MAXIMUM     86.5              85.9     0.6
AVG. MINIMUM     48.6              47.4     1.2
MEAN             67.6              66.6     1.0
DAYS MAX >= 90     14
DAYS MAX <= 32      0
DAYS MIN <= 32      0
DAYS MIN <= 0       0

PRECIPITATION (INCHES)
RECORD
 MAXIMUM         1.61   1955
TOTALS           0.60              0.40    0.20
DAYS >= .01         2
DAYS >= .10         2
DAYS >= .50         0
DAYS >= 1.00        0
GREATEST
 24 HR. TOTAL    0.38   07/14 TO 07/14

DEGREE_DAYS
HEATING TOTAL      24                58     -34
 SINCE 7/1         24                58     -34
COOLING TOTAL     112               109       3
 SINCE 1/1        127               132      -5
.................................................

WIND (MPH)
AVERAGE WIND SPEED              7.3
RESULTANT WIND SPEED/DIRECTION   4/288
HIGHEST WIND SPEED/DIRECTION    31/200    DATE  07/13
HIGHEST GUST SPEED/DIRECTION    43/160    DATE  07/23

AVERAGE RH (PERCENT)     44


-  INDICATES NEGATIVE NUMBERS.
R  INDICATES RECORD WAS SET OR TIED.
MM INDICATES DATA IS MISSING.
T  INDICATES TRACE AMOUNT.

$$
