000
CXUS55 KRIW 022056
CLMBPI

CLIMATE REPORT
NATIONAL WEATHER SERVICE RIVERTON WY
257 PM MDT FRI AUG 2 2019  CORRECTION A

...PRELIMINARY MONTHLY CLIMATE SUMMARY FOR THE MILEY MEMORIAL FIELD
NEAR BIG PINEY FOR THE MONTH OF JULY 2019...

...OFFICIAL CLIMATE DATA FOR THE MONTH OF JULY 2019 WILL BE
AVAILABLE APPROXIMATELY IN 60 DAYS FROM THE NATIONAL CENTERS FOR
ENVIRONMENTAL INFORMATION (HTTP://WWW.NCDC.NOAA.GOV/CDO-
WEB/DATASETS). UNOFFICIAL ASOS DAILY SUMMARIES ARE AVAILABLE ON THE
INTERNET AT HTTP://WWW.WEATHER.GOV/CLIMATE/INDEX.PHP?WFO=RIW

...JULY WAS MUCH DRIER THAN AVERAGE FOR BIG PINEY...

THE AVERAGE TEMPERATURE FOR BIG PINEY IN JULY WAS 61.9 DEGREES...
WHICH WAS EXACTLY NORMAL. THIS STILL MAKES IT THE 5TH COLDEST JULY
ON RECORD SINCE RECORDS BEGAN IN 1998. THE WARMEST READING FOR THE
MONTH WAS 89 DEGREES ON THE 11TH AND THE LOWEST TEMPERATURE WAS 33
DEGREES ON THE 9TH. THIS LOW ALSO SET THE ONLY DAILY RECORD OF THE
MONTH...TYING THE RECORD PREVIOUSLY SET IN 1993.

BIG PINEY HAD A PRECIPITATION TOTAL OF JUST A TRACE INCHES...WHICH
IS  0 PERCENT OF THE NORMAL 0.71 INCHES. THIS MAKES IT THE DRIEST
JULY ON RECORD SINCE 1998. NO PRECIPITATION RECORDS WERE SET DURING
THE MONTH.

THE HIGHEST WIND GUST WAS 48 MPH ON THE 2ND.

...THE BIG PINEY  WY CLIMATE SUMMARY FOR THE MONTH OF JULY 2019...

CLIMATE NORMAL PERIOD 1981 TO 2010
CLIMATE RECORD PERIOD 1976 TO 2019

WEATHER         OBSERVED          NORMAL  DEPART
                 VALUE   DATE(S)  VALUE   FROM
                                          NORMAL
................................................
TEMPERATURE (F)
RECORD
 HIGH              96   07/14/2002
                        07/13/1976
 LOW               23   07/20/1987
HIGHEST            89   07/11
LOWEST             33   07/09
AVG. MAXIMUM     81.8              80.6     1.2
AVG. MINIMUM     42.0              43.3    -1.3
MEAN             61.9              61.9     0.0
DAYS MAX >= 90      0
DAYS MAX <= 32      0
DAYS MIN <= 32      0
DAYS MIN <= 0       0

PRECIPITATION (INCHES)
RECORD
 MAXIMUM         2.66   1982
 MINIMUM            T   1990
                        1988
TOTALS              TR             0.71   -0.71
DAILY AVG.          T
DAYS >= .01         0
DAYS >= .10         0
DAYS >= .50         0
DAYS >= 1.00        0
GREATEST
 24 HR. TOTAL       T   07/31 TO 07/31
                        07/29 TO 07/29
                        07/27 TO 07/27

DEGREE_DAYS
HEATING TOTAL      98               117     -19
 SINCE 7/1         98               117     -19
COOLING TOTAL       9                22     -13
 SINCE 1/1          9                24     -15
.................................................

WIND (MPH)
AVERAGE WIND SPEED              7.9
HIGHEST WIND SPEED/DIRECTION    36/230    DATE  07/02
HIGHEST GUST SPEED/DIRECTION    48/230    DATE  07/02

SKY COVER
POSSIBLE SUNSHINE (PERCENT)   MM
AVERAGE SKY COVER           0.10
NUMBER OF DAYS FAIR           29
NUMBER OF DAYS PC              2
NUMBER OF DAYS CLOUDY          0

AVERAGE RH (PERCENT)     52

WEATHER CONDITIONS. NUMBER OF DAYS WITH
THUNDERSTORM              7     MIXED PRECIP                0
HEAVY RAIN                0     RAIN                        1
LIGHT RAIN               12     FREEZING RAIN               0
LT FREEZING RAIN          0     HAIL                        0
HEAVY SNOW                0     SNOW                        0
LIGHT SNOW                0     SLEET                       0
FOG                       1     FOG W/VIS <= 1/4 MILE       0
HAZE                      0

-  INDICATES NEGATIVE NUMBERS.
R  INDICATES RECORD WAS SET OR TIED.
MM INDICATES DATA IS MISSING.
T  INDICATES TRACE AMOUNT.

LOOKING AHEAD TO AUGUST 2019...THE AVERAGE HIGH TEMPERATURE ON THE
FIRST OF THE MONTH IS 82 DEGREES...AND THE AVERAGE LOW TEMPERATURE
IS 43 DEGREES. THE AVERAGE HIGH BY THE END OF THE MONTH IS 75
DEGREES...AND THE AVERAGE LOW TEMPERATURE IS 36. THE AVERAGE MONTHLY
PRECIPITATION IS 0.69 INCHES.

$$
