000
CXUS54 KLCH 012135
CLMBPT


CLIMATE REPORT
NATIONAL WEATHER SERVICE LAKE CHARLES, LA
435 PM CDT THU AUG 1 2019

...................................

...THE BEAUMONT PORT ARTHUR CLIMATE SUMMARY FOR THE MONTH OF JULY 2019...

CLIMATE NORMAL PERIOD 1981 TO 2010
CLIMATE RECORD PERIOD 1901 TO 2019

WEATHER         OBSERVED          NORMAL  DEPART  LAST YEAR`S
                 VALUE   DATE(S)  VALUE   FROM    VALUE  DATE(S)
                                          NORMAL
................................................................
TEMPERATURE (F)
RECORD
 HIGH             108   07/14/1902
 LOW               61   07/14/1990
                        07/15/1967
HIGHEST            98   07/11        MM      MM       99  07/26
LOWEST             68   07/25        MM      MM       72  07/31
                                                          07/27
AVG. MAXIMUM     92.3              91.7     0.6     93.3
AVG. MINIMUM     75.9              74.2     1.7     75.3
MEAN             84.1              83.0     1.1     84.3
DAYS MAX >= 90     25              23.5     1.5       28
DAYS MAX <= 32      0               0.0     0.0        0
DAYS MIN <= 32      0               0.0     0.0        0
DAYS MIN <= 0       0               0.0     0.0        0

PRECIPITATION (INCHES)
RECORD
 MAXIMUM        18.71   1959
 MINIMUM         0.63   1956
TOTALS           9.26              5.95    3.31     9.39
DAILY AVG.       0.30              0.19    0.11     0.30
DAYS >= .01        14              11.4     2.6        9
DAYS >= .10         9               7.5     1.5        5
DAYS >= .50         4               4.1    -0.1        5
DAYS >= 1.00        3               1.9     1.1        4
GREATEST
 24 HR. TOTAL    4.21   07/14 TO 07/14

DEGREE_DAYS
COOLING TOTAL     598               556      42      610
 SINCE 1/1       1853              1606     247     1949
.................................................................

WIND (MPH)
AVERAGE WIND SPEED              7.0
HIGHEST WIND SPEED/DIRECTION    26/350    DATE  07/12
HIGHEST GUST SPEED/DIRECTION    39/360    DATE  07/12

SKY COVER
POSSIBLE SUNSHINE (PERCENT)   MM
AVERAGE SKY COVER           0.30
NUMBER OF DAYS FAIR           22
NUMBER OF DAYS PC              8
NUMBER OF DAYS CLOUDY          1

AVERAGE RH (PERCENT)     74

WEATHER CONDITIONS. NUMBER OF DAYS WITH
  0
  9
  0
  0
  0
  0
  2
HAZE                      7

-  INDICATES NEGATIVE NUMBERS.
R  INDICATES RECORD WAS SET OR TIED.
MM INDICATES DATA IS MISSING.
T  INDICATES TRACE AMOUNT.

$$
