000
CXUS54 KLCH 011049
CLMBPT


CLIMATE REPORT
NATIONAL WEATHER SERVICE LAKE CHARLES, LA
454 AM CDT WED MAY 1 2019

...................................

...THE BEAUMONT PORT ARTHUR CLIMATE SUMMARY FOR THE MONTH OF APRIL 2019...

CLIMATE NORMAL PERIOD 1981 TO 2010
CLIMATE RECORD PERIOD 1901 TO 2019

WEATHER         OBSERVED          NORMAL  DEPART  LAST YEAR`S
                 VALUE   DATE(S)  VALUE   FROM    VALUE  DATE(S)
                                          NORMAL
................................................................
TEMPERATURE (F)
RECORD
 HIGH              94   04/28/1987
 LOW               32   04/03/1987
HIGHEST            89   04/09        MM      MM       85  04/25
LOWEST             36   04/02        MM      MM       40  04/16
AVG. MAXIMUM     79.0              78.1     0.9     76.4
AVG. MINIMUM     59.2              59.0     0.2     54.6
MEAN             69.1              68.6     0.5     65.5
DAYS MAX >= 90      0               0.2    -0.2        0
DAYS MAX <= 32      0               0.0     0.0        0
DAYS MIN <= 32      0               0.0     0.0        0
DAYS MIN <= 0       0               0.0     0.0        0

PRECIPITATION (INCHES)
RECORD
 MAXIMUM        15.30   1973
 MINIMUM         0.25   1943
                        1931
TOTALS           3.11              3.21   -0.10     3.09
DAILY AVG.       0.10              0.11   -0.01     0.10
DAYS >= .01         7               6.2     0.8        6
DAYS >= .10         5               4.0     1.0        4
DAYS >= .50         2               1.7     0.3        3
DAYS >= 1.00        1               1.0     0.0        2
GREATEST
 24 HR. TOTAL    1.57   04/07 TO 04/07

SNOWFALL (INCHES)
RECORDS
 TOTAL             MM   5
TOTALS            0.0               0.0     0.0      0.0
SINCE 7/1         0.0                 T     0.0      3.1
SNOWDEPTH AVG.      0                MM      MM        0
DAYS >= 1.0         0               0.0     0.0        0
GREATEST
 SNOW DEPTH         0   MM                             0  MM
 24 HR TOTAL      0.0   04/30 TO 04/30

DEGREE_DAYS
HEATING TOTAL      39                39       0       63
 SINCE 7/1       1143              1400    -257     1253
COOLING TOTAL     173               146      27       83
 SINCE 1/1        296               227      69      296
.................................................................

WIND (MPH)
AVERAGE WIND SPEED              10.4
HIGHEST WIND SPEED/DIRECTION    43/170    DATE  04/07
HIGHEST GUST SPEED/DIRECTION    58/160    DATE  04/07

SKY COVER
POSSIBLE SUNSHINE (PERCENT)   MM
AVERAGE SKY COVER           0.50
NUMBER OF DAYS FAIR           11
NUMBER OF DAYS PC             12
NUMBER OF DAYS CLOUDY          7

AVERAGE RH (PERCENT)     70

WEATHER CONDITIONS. NUMBER OF DAYS WITH
THUNDERSTORMS            5           MIXED PRECIP              0
HEAVY RAIN               5           RAIN                      5
LIGHT RAIN              10           FREEZING RAIN             0
LT FREEZING RAIN         0           HAIL                      0
HEAVY SNOW               0           SNOW                      0
LIGHT SNOW               0           SLEET                     0
FOG                     19           FOG W/VIS <=1/4 MILE      4
HAZE                     7

-  INDICATES NEGATIVE NUMBERS.
R  INDICATES RECORD WAS SET OR TIED.
MM INDICATES DATA IS MISSING.
T  INDICATES TRACE AMOUNT.

$$
