000
CXUS53 KDLH 041601
CLMBRD


CLIMATE REPORT
NATIONAL WEATHER SERVICE DULUTH MN
1030 AM CDT THU JUL 4 2019

...................................

...THE BRAINERD CLIMATE SUMMARY FOR THE MONTH OF JUNE 2019...

CLIMATE NORMAL PERIOD 1981 TO 2010
CLIMATE RECORD PERIOD 1899 TO 2019

WEATHER         OBSERVED          NORMAL  DEPART  LAST YEAR`S
                 VALUE   DATE(S)  VALUE   FROM    VALUE  DATE(S)
                                          NORMAL
................................................................
TEMPERATURE (F)
RECORD
 HIGH             100   06/19/1988
 LOW               30   06/03/1928
HIGHEST            93   06/07        MM      MM       93  06/29
LOWEST             38   06/13        MM      MM       46  06/02
AVG. MAXIMUM     77.9              76.8     1.1     77.5
AVG. MINIMUM     54.5              53.0     1.5     57.0
MEAN             66.2              64.9     1.3     67.2
DAYS MAX >= 90      4                MM      MM        1
DAYS MAX <= 32      0                MM      MM        0
DAYS MIN <= 32      0                MM      MM        0
DAYS MIN <= 0       0                MM      MM        0

PRECIPITATION (INCHES)
RECORD
 MAXIMUM         8.13   1957
 MINIMUM         0.87   1995
TOTALS           3.75              4.39   -0.64     4.07
DAILY AVG.       0.12              0.15   -0.03     0.14
DAYS >= .01        12              12.3    -0.3       10
DAYS >= .10         5               8.0    -3.0        7
DAYS >= .50         4               2.5     1.5        5
DAYS >= 1.00        1               1.0     0.0        1
GREATEST
 24 HR. TOTAL    1.17   06/24 TO 06/24

DEGREE_DAYS
HEATING TOTAL      52                84     -32       34
 SINCE 7/1       9391              8651     740     9066
COOLING TOTAL      90                81       9      109
 SINCE 1/1        100               102      -2      196
.................................................................

WIND (MPH)
AVERAGE WIND SPEED              6.7
HIGHEST WIND SPEED/DIRECTION    29/350    DATE  06/11
HIGHEST GUST SPEED/DIRECTION    39/020    DATE  06/30

SKY COVER
POSSIBLE SUNSHINE (PERCENT)   MM
AVERAGE SKY COVER           0.40
NUMBER OF DAYS FAIR           16
NUMBER OF DAYS PC              9
NUMBER OF DAYS CLOUDY          5

AVERAGE RH (PERCENT)     62

WEATHER CONDITIONS. NUMBER OF DAYS WITH
THUNDERSTORM              6     MIXED PRECIP                0
HEAVY RAIN                5     RAIN                        7
LIGHT RAIN               19     FREEZING RAIN               0
LT FREEZING RAIN          0     HAIL                        0
HEAVY SNOW                0     SNOW                        0
LIGHT SNOW                0     SLEET                       0
FOG                      13     FOG W/VIS <= 1/4 MILE       5
HAZE                     11

-  INDICATES NEGATIVE NUMBERS.
R  INDICATES RECORD WAS SET OR TIED.
MM INDICATES DATA IS MISSING.
T  INDICATES TRACE AMOUNT.

$$

.JUNE 2019 WAS WARMER THAN NORMAL WITH BELOW NORMAL PRECIPITATION AT
BRAINERD MN...

THE AVERAGE TEMPERATURE FOR JUNE WAS 66.2 DEGREES. THIS WAS 1.3
DEGREES ABOVE THE NORMAL OF 64.9 DEGREES. THE HIGHEST TEMPERATURE
FOR THE MONTH WAS 93 DEGREES ON THE 7TH. THE LOWEST TEMPERATURE WAS
38 DEGREES 13TH. NO DAILY TEMPERATURE RECORDS WERE BROKEN FOR THE
MONTH. FOURTEEN DAYS HAD AVERAGE TEMPERATURES BELOW NORMAL.

JUNE 2019 WAS BELOW NORMAL FOR PRECIPITATION WITH A TOTAL OF 3.75
INCHES OF PRECIPITATION RECORDED FOR THE MONTH. THIS WAS 0.64 INCHES
BELOW THE NORMAL OF 4.39 INCHES. THE GREATEST DAILY PRECIPITATION
OCCURRED ON THE 24TH WHEN 1.17 INCHES WAS RECORDED. AT LEAST A TRACE
OF PRECIPITATION WAS RECORDED ON 19 DAYS. AT LEAST 0.01 INCHES OF
PRECIPITATION FELL ON 12 DAYS. AT LEAST 0.10 INCHES FELL ON 5 DAYS.
AT LEAST 0.50 INCHES FELL ON 4 DAYS. AT LEAST 1 INCH FELL ON 1 DAY.
NO DAILY PRECIPITATION RECORDS WERE BROKEN FOR THE MONTH.

THE AVERAGE WIND SPEED FOR THE MONTH WAS 6.7 MPH. THE WINDIEST DAY
OF THE MONTH WAS ON THE 8TH WITH AN AVERAGE WIND OF 12.5 MPH. THE
HIGHEST SUSTAINED WIND OCCURRED ON THE 11TH WITH A SPEED OF 29 MPH
OUT OF THE NORTH. A PEAK WIND GUST OF 39 MPH WAS RECORDED ON THE
30TH.

THERE WERE 52 HEATING DEGREE DAYS FOR THE MONTH WHICH WAS 32 BELOW
THE NORMAL OF 84. THIS BRINGS THE SEASONAL TOTAL HEATING DEGREE DAYS
TO 9391 WHICH WAS 740 ABOVE THE NORMAL OF 8651. THERE WERE 90
COOLING DEGREE DAYS FOR THE MONTH WHICH WAS 9 ABOVE THE NORMAL OF
81. THIS BRINGS THE SEASONAL TOTAL COOLING DEGREE DAYS TO 100 WHICH
WAS 2 BELOW THE NORMAL OF 102.

THE OUTLOOK FOR JULY...NORMAL HIGHS ARE IN THE LOW 80S. NORMAL LOWS
ARE IN THE MID TO UPPER 50S. NORMAL PRECIPITATION FOR JULY IS 3.78
INCHES. THE LATEST CLIMATE PREDICTION CENTER OUTLOOK INDICATES THAT
THERE IS NO CLEAR SIGNAL OF ABOVE OR BELOW NORMAL TEMPERATURES AND
PRECIPITATION.

$$

WL
