000
CXUS53 KDLH 022017
CLMBRD


CLIMATE REPORT
NATIONAL WEATHER SERVICE DULUTH MN
300 PM CDT THU MAY 2 2019

...................................

...THE BRAINERD CLIMATE SUMMARY FOR THE MONTH OF APRIL 2019...

CLIMATE NORMAL PERIOD 1981 TO 2010
CLIMATE RECORD PERIOD 1899 TO 2019

WEATHER         OBSERVED          NORMAL  DEPART  LAST YEAR`S
                 VALUE   DATE(S)  VALUE   FROM    VALUE  DATE(S)
                                          NORMAL
................................................................
TEMPERATURE (F)
RECORD
 HIGH              94   04/22/1980
 LOW              -12   04/01/1975
HIGHEST            78   04/24        MM      MM       73  04/30
                        04/20
LOWEST             19   04/14        MM      MM        0  04/08
                                                          04/02
AVG. MAXIMUM     53.9              55.3    -1.4     45.3
AVG. MINIMUM     31.9              32.0    -0.1     21.5
MEAN             42.9              43.7    -0.8     33.4
DAYS MAX >= 90      0                MM      MM        0
DAYS MAX <= 32      0                MM      MM        9
DAYS MIN <= 32     16                MM      MM       24
DAYS MIN <= 0       0                MM      MM        2

PRECIPITATION (INCHES)
RECORD
 MAXIMUM         6.58   1986
 MINIMUM         0.16   1987
TOTALS           2.39              2.35    0.04     0.70
DAILY AVG.       0.08              0.08    0.00     0.02
DAYS >= .01        13               8.1     4.9        5
DAYS >= .10         7               4.8     2.2        4
DAYS >= .50         1               1.6    -0.6        0
DAYS >= 1.00        0               0.4    -0.4        0
GREATEST
 24 HR. TOTAL    0.79   04/11 TO 04/11

SNOWFALL (INCHES)
RECORD
 MAXIMUM         22.8   2008
 MINIMUM          0.0   MULTIPLE YEARS
TOTALS            9.4               3.4     6.0      6.5
SINCE 7/1        71.9              46.8    25.1     73.5
SNOWDEPTH AVG.      1                MM      MM        6
DAYS >= 1.0         3               1.0     2.0        3
GREATEST
 SNOW DEPTH         7   04/12                         14  04/01
 24 HR TOTAL      7.0   04/11 TO 04/11

DEGREE_DAYS
HEATING TOTAL     611               642     -31      943
 SINCE 7/1       8926              8268     658     8856
COOLING TOTAL       0                 1      -1        0
 SINCE 1/1          0                 1      -1        0
.................................................................

WIND (MPH)
AVERAGE WIND SPEED              7.8
HIGHEST WIND SPEED/DIRECTION    28/300    DATE  04/02
HIGHEST GUST SPEED/DIRECTION    39/300    DATE  04/02

SKY COVER
POSSIBLE SUNSHINE (PERCENT)   MM
AVERAGE SKY COVER           0.50
NUMBER OF DAYS FAIR           10
NUMBER OF DAYS PC             12
NUMBER OF DAYS CLOUDY          8

AVERAGE RH (PERCENT)     60

WEATHER CONDITIONS. NUMBER OF DAYS WITH
THUNDERSTORM              1     MIXED PRECIP                0
HEAVY RAIN                0     RAIN                        3
LIGHT RAIN               12     FREEZING RAIN               0
LT FREEZING RAIN          1     HAIL                        0
HEAVY SNOW                2     SNOW                        2
LIGHT SNOW                7     SLEET                       0
FOG                      12     FOG W/VIS <= 1/4 MILE       3
HAZE                      9

-  INDICATES NEGATIVE NUMBERS.
R  INDICATES RECORD WAS SET OR TIED.
MM INDICATES DATA IS MISSING.
T  INDICATES TRACE AMOUNT.

$$

.APRIL 2019 WAS COLDER THAN NORMAL WITH ABOVE NORMAL PRECIPITATION
AT BRAINERD MN...

THE AVERAGE TEMPERATURE FOR APRIL WAS 42.9 DEGREES. THIS WAS 0.8
DEGREES BELOW THE NORMAL OF 43.7 DEGREES. THE HIGHEST TEMPERATURE
FOR THE MONTH WAS 78 DEGREES ON THE 20TH AND THE 24TH. THE LOWEST
TEMPERATURE WAS 19 DEGREES 14TH. NO DAILY TEMPERATURE RECORDS WERE
BROKEN FOR THE MONTH. TWELVE DAYS HAD AVERAGE TEMPERATURES ABOVE
NORMAL.

APRIL 2019 WAS ABOVE NORMAL FOR PRECIPITATION WITH A TOTAL OF 2.39
INCHES OF PRECIPITATION RECORDED FOR THE MONTH. THIS WAS 0.04 INCHES
ABOVE THE NORMAL OF 2.35 INCHES. THE GREATEST DAILY PRECIPITATION
OCCURRED ON THE 11TH WHEN 0.79 INCHES WAS RECORDED. AT LEAST A TRACE
OF PRECIPITATION WAS RECORDED ON 16 DAYS. AT LEAST 0.01 INCHES OF
PRECIPITATION FELL ON 13 DAYS. AT LEAST 0.10 INCHES FELL ON 7 DAYS.
AT LEAST 0.50 INCHES FELL ON 1 DAY. NO DAILY PRECIPITATION RECORDS
WERE BROKEN FOR THE MONTH.

APRIL 2019 WAS ABOVE NORMAL FOR SNOWFALL WITH A TOTAL OF 9.4 INCHES
OF SNOW RECORDED FOR THE MONTH. THIS WAS 6.0 INCHES ABOVE THE NORMAL
OF 3.4 INCHES...MAKING THIS THE 5TH SNOWIEST APRIL IN STATION
HISTORY. THE GREATEST DAILY SNOWFALL OCCURRED ON THE 11TH WHEN 7.0
INCHES OF SNOW WAS RECORDED. ONE DAILY SNOWFALL RECORD WAS BROKEN
FOR THE MONTH. ON THE 11TH A RECORD DAILY SNOWFALL OF 7.0 INCHES WAS
RECORDED. THIS BROKE THE PREVIOUS RECORD OF 6.3 INCHES SET IN 2013.

THE AVERAGE WIND SPEED FOR THE MONTH WAS 7.8 MPH. THE WINDIEST DAY
OF THE MONTH WAS ON THE 21ST WITH AN AVERAGE WIND OF 13.2 MPH. THE
HIGHEST SUSTAINED WIND OCCURRED ON THE 2ND WITH A SPEED OF 28 MPH
OUT OF THE WEST NORTHWEST. A PEAK WIND GUST OF 39 MPH WAS RECORDED
ON THE 2ND OUT OF THE WEST NORTHWEST.

THERE WERE 611 HEATING DEGREE DAYS FOR THE MONTH WHICH WAS 31 BELOW
THE NORMAL OF 580. THIS BRINGS THE SEASONAL TOTAL HEATING DEGREE
DAYS TO 8926 WHICH WAS 658 ABOVE THE NORMAL OF 8268. THERE WERE 0
COOLING DEGREE DAYS FOR THE MONTH WHICH 1 BELOW THE NORMAL OF 1.
THIS BRINGS THE SEASONAL TOTAL COOLING DEGREE DAYS TO 0...WHICH IS 1
BELOW THE NORMAL OF 1.

THE OUTLOOK FOR MAY...NORMAL HIGHS BEGIN IN THE MID 60S AT THE
BEGINNING OF THE MONTH AND WARM TO THE LOW 70S BY THE END OF THE
MONTH. NORMAL LOWS BEGIN IN THE LOW 40S AT THE BEGINNING OF THE
MONTH AND WARM TO THE UPPER 40S BY THE END OF THE MONTH. NORMAL
PRECIPITATION FOR MAY IS 3.37 INCHES. THE LATEST CLIMATE PREDICTION
CENTER OUTLOOK INDICATES THAT ODDS ARE TILTED TOWARD BELOW NORMAL
TEMPERATURES AND THERE IS NO CLEAR SIGNAL FOR ABOVE OR BELOW NORMAL
PRECIPITATION.

$$

WL
