000
CXUS53 KDVN 011545
CLMBRL


CLIMATE REPORT
NATIONAL WEATHER SERVICE QUAD CITIES IA IL
1045 AM CDT MON JUL 1 2019

...................................

...THE BURLINGTON IA CLIMATE SUMMARY FOR THE MONTH OF JUNE 2019...

CLIMATE NORMAL PERIOD 1981 TO 2010
CLIMATE RECORD PERIOD 1897 TO 2019

WEATHER         OBSERVED          NORMAL  DEPART
                 VALUE   DATE(S)  VALUE   FROM
                                          NORMAL
................................................
TEMPERATURE (F)
RECORD
 HIGH             105   06/29/1934
                        06/27/1934
 LOW               39   06/08/1913
HIGHEST            93   06/29        87       6
LOWEST             52   06/13        58      -6
AVG. MAXIMUM     81.7              83.6    -1.9
AVG. MINIMUM     62.6              62.9    -0.3
MEAN             72.1              73.3    -1.2
DAYS MAX >= 90      4
DAYS MAX <= 32      0
DAYS MIN <= 32      0
DAYS MIN <= 0       0

PRECIPITATION (INCHES)
TOTALS           4.25              4.47   -0.22
DAILY AVG.       0.14              0.15   -0.01
DAYS >= .01         9
DAYS >= .10         6
DAYS >= .50         4
DAYS >= 1.00        1
GREATEST
 24 HR. TOTAL    1.46   06/19 TO 06/19

DEGREE_DAYS
HEATING TOTAL       4                13      -9
 SINCE 7/1       6246              5600     646
COOLING TOTAL     225               260     -35
 SINCE 1/1        299               363     -64
.................................................

WIND (MPH)
AVERAGE WIND SPEED              7.8
HIGHEST WIND SPEED/DIRECTION    44/030    DATE  06/30
HIGHEST GUST SPEED/DIRECTION    58/030    DATE  06/30

SKY COVER
POSSIBLE SUNSHINE (PERCENT)   MM
AVERAGE SKY COVER           0.30
NUMBER OF DAYS FAIR           19
NUMBER OF DAYS PC             11
NUMBER OF DAYS CLOUDY          0

AVERAGE RH (PERCENT)     69

WEATHER CONDITIONS. NUMBER OF DAYS WITH
THUNDERSTORM             11     HAIL                       0
SLEET                     0     FOG                       11
FOG W/VIS <= 1/4 MILE     1     HAZE                      12


-  INDICATES NEGATIVE NUMBERS.
R  INDICATES RECORD WAS SET OR TIED.
MM INDICATES DATA IS MISSING.
T  INDICATES TRACE AMOUNT.

$$
