000
CXUS53 KDVN 011522 CCA
CLMBRL

CLIMATE REPORT
NATIONAL WEATHER SERVICE QUAD CITIES IA IL
1022 AM CDT WED MAY 1 2019


...CORRECTED PRECIPITATION AND WIND SECTIONS...

...................................

...THE BURLINGTON IA CLIMATE SUMMARY FOR THE MONTH OF APRIL 2019...

CLIMATE NORMAL PERIOD 1981 TO 2010
CLIMATE RECORD PERIOD 1897 TO 2019

WEATHER         OBSERVED          NORMAL  DEPART
                 VALUE   DATE(S)  VALUE   FROM
                                          NORMAL
................................................
TEMPERATURE (F)
RECORD
 HIGH              93   04/10/1930
 LOW               11   04/06/1982
HIGHEST            81   04/21        70      11
LOWEST             29   04/15        38      -9
AVG. MAXIMUM     62.3              64.8    -2.5
AVG. MINIMUM     42.0              42.7    -0.7
MEAN             52.2              53.8    -1.6
DAYS MAX >= 90      0
DAYS MAX <= 32      0
DAYS MIN <= 32      5
DAYS MIN <= 0       0

PRECIPITATION (INCHES)
TOTALS           4.41              3.76    0.65
DAILY AVG.       0.15              0.13    0.02
DAYS >= .01        11
DAYS >= .10         7
DAYS >= .50         3
DAYS >= 1.00        2
GREATEST
 24 HR. TOTAL    1.72   04/30 TO 04/30

DEGREE_DAYS
HEATING TOTAL     383               356      27
 SINCE 7/1       6069              5462     607
COOLING TOTAL       3                18     -15
 SINCE 1/1          3                20     -17
.................................................

WIND (MPH)
AVERAGE WIND SPEED              10.6
HIGHEST WIND SPEED/DIRECTION    36/130    DATE  04/30
HIGHEST GUST SPEED/DIRECTION    53/130    DATE  04/30

SKY COVER
POSSIBLE SUNSHINE (PERCENT)   MM
AVERAGE SKY COVER           0.40
NUMBER OF DAYS FAIR           15
NUMBER OF DAYS PC              8
NUMBER OF DAYS CLOUDY          7

AVERAGE RH (PERCENT)     63

WEATHER CONDITIONS. NUMBER OF DAYS WITH
THUNDERSTORM              8     HAIL                       0
SLEET                     0     FOG                       12
FOG W/VIS <= 1/4 MILE     2     HAZE                       7


-  INDICATES NEGATIVE NUMBERS.
R  INDICATES RECORD WAS SET OR TIED.
MM INDICATES DATA IS MISSING.
T  INDICATES TRACE AMOUNT.

$$
