000
CXUS44 KBRO 011426
CLMBRO


CLIMATE REPORT
NATIONAL WEATHER SERVICE BROWNSVILLE TX
908 AM CDT WED MAY 1 2019

...................................

...THE BROWNSVILLE CLIMATE SUMMARY FOR THE MONTH OF APRIL 2019...

CLIMATE NORMAL PERIOD 1981 TO 2010
CLIMATE RECORD PERIOD 1878 TO 2019

WEATHER         OBSERVED          NORMAL  DEPART  LAST YEAR`S
                 VALUE   DATE(S)  VALUE   FROM    VALUE  DATE(S)
                                          NORMAL
................................................................
TEMPERATURE (F)
HIGHEST            94   04/13        94       0       90  04/13
                        04/09
LOWEST             49   04/01        49       0       51  04/08
AVG. MAXIMUM     85.9              83.7     2.2     84.1
AVG. MINIMUM     65.9              65.9     0.0     65.6
MEAN             75.9              74.8     1.1     74.9
DAYS MAX >= 90      9               3.4     5.6        1
DAYS MAX <= 32      0               0.0     0.0        0
DAYS MIN <= 32      0               0.0     0.0        0
DAYS MIN <= 0       0               0.0     0.0        0

PRECIPITATION (INCHES)
TOTALS           0.41              1.54   -1.13     1.90
DAILY AVG.       0.01              0.05   -0.04     0.06
DAYS >= .01         6               4.0     2.0        8
DAYS >= .10         1               2.1    -1.1        6
DAYS >= .50         0               0.7    -0.7        1
DAYS >= 1.00        0               0.3    -0.3        0
GREATEST
 24 HR. TOTAL    0.42   03/31 TO 04/01
                        04/01 TO 04/02
                        04/02 TO 04/03


SNOWFALL (INCHES)
TOTALS            0.0               0.0     0.0      0.0


DEGREE_DAYS
HEATING TOTAL      12                 8       4        3
 SINCE 7/1        512               554     -42      485
COOLING TOTAL     349               302      47      306
 SINCE 1/1        769               617     152      878
.................................................................

WIND (MPH)
AVERAGE WIND SPEED              12.4
HIGHEST WIND SPEED/DIRECTION    33/150    DATE  04/30
HIGHEST GUST SPEED/DIRECTION    44/330    DATE  04/18

SKY COVER
POSSIBLE SUNSHINE (PERCENT)   MM
AVERAGE SKY COVER           0.40
NUMBER OF DAYS FAIR           14
NUMBER OF DAYS PC              8
NUMBER OF DAYS CLOUDY          8

AVERAGE RH (PERCENT)     73

WEATHER CONDITIONS. NUMBER OF DAYS WITH
THUNDERSTORM              2     MIXED PRECIP                0
HEAVY RAIN                2     RAIN                        2
LIGHT RAIN                8     FREEZING RAIN               0
LT FREEZING RAIN          0     HAIL                        0
HEAVY SNOW                0     SNOW                        0
LIGHT SNOW                0     SLEET                       0
FOG                      11     FOG W/VIS <= 1/4 MILE       0
HAZE                      4

-  INDICATES NEGATIVE NUMBERS.
R  INDICATES RECORD WAS SET OR TIED.
MM INDICATES DATA IS MISSING.
T  INDICATES TRACE AMOUNT.

$$
