000
CXAK59 PAFG 012225
CLMBRW


CLIMATE REPORT
NATIONAL WEATHER SERVICE FAIRBANKS, AK
220 PM AKDT THU AUG 1 2019

...................................

...THE UTQIAGVIK (BARROW) AK CLIMATE SUMMARY FOR THE MONTH OF JULY 2019...

CLIMATE NORMAL PERIOD 1981 TO 2010
CLIMATE RECORD PERIOD 1920 TO 2019

WEATHER         OBSERVED          NORMAL  DEPART  LAST YEAR`S
                 VALUE   DATE(S)  VALUE   FROM    VALUE  DATE(S)
                                          NORMAL
................................................................
TEMPERATURE (F)
RECORD
 HIGH              79   07/13/1993
 LOW               22   07/05/1936
HIGHEST            66   07/13        MM      MM       69  07/29
                        07/06
LOWEST             38   07/11        MM      MM       30  07/10
AVG. MAXIMUM     53.5              46.9     6.6     49.2
AVG. MINIMUM     43.2              34.8     8.4     37.8
MEAN             48.3              40.9     7.4     43.5
DAYS MAX >= 90      0               0.0     0.0        0
DAYS MAX <= 32      0               0.1    -0.1        0
DAYS MIN <= 32      0               8.6    -8.6        4
DAYS MIN <= 0       0               0.0     0.0        0

PRECIPITATION (INCHES)
RECORD
 MAXIMUM         3.20   1989
 MINIMUM            T   1937
TOTALS           2.21              0.98    1.23     1.47
DAILY AVG.       0.07              0.03    0.04     0.05
DAYS >= .01        15               9.1     5.9       12
DAYS >= .10         8               3.2     4.8        6
DAYS >= .50         0               0.1    -0.1        0
DAYS >= 1.00        0               0.1    -0.1        0
GREATEST
 24 HR. TOTAL    0.41   07/31 TO 07/31           07/28 TO 07/28

SNOWFALL (INCHES)
RECORDS
 TOTAL            9.0   1922
 24 HR TOTAL       MM
 SNOW DEPTH         1   07/05/1963
                        07/21/1961
                        07/30/1945
TOTALS            0.0               0.2    -0.2      2.0
SINCE 7/1         0.0               0.2    -0.2      2.0
SNOWDEPTH AVG.      0                 0       0        0
DAYS >= TRACE       0               0.6    -0.6        2
DAYS >= 1.0         0               0.0     0.0        1
GREATEST
 SNOW DEPTH         0   MM                            -1  07/07
 24 HR TOTAL      0.0   07/31 TO 07/31           07/07 TO 07/07

DEGREE_DAYS
HEATING TOTAL     509               749    -240      659
 SINCE 7/1        509               749    -240      659
COOLING TOTAL       0                 0       0        0
 SINCE 1/1          0                 0       0        0
.................................................................

WIND (MPH)
AVERAGE WIND SPEED              11.3
HIGHEST WIND SPEED/DIRECTION    33/240    DATE  07/03
HIGHEST GUST SPEED/DIRECTION    41/240    DATE  07/03

SKY COVER
AVERAGE SKY COVER           0.80


-  INDICATES NEGATIVE NUMBERS.
R  INDICATES RECORD WAS SET OR TIED.
MM INDICATES DATA IS MISSING.
T  INDICATES TRACE AMOUNT.

$$
