000
CXAK59 PAFG 031310
CLMBRW


CLIMATE REPORT
NATIONAL WEATHER SERVICE FAIRBANKS, AK
503 AM AKDT FRI MAY 3 2019

...................................

...THE UTQIAGVIK (BARROW) AK CLIMATE SUMMARY FOR THE MONTH OF APRIL 2019...

CLIMATE NORMAL PERIOD 1981 TO 2010
CLIMATE RECORD PERIOD 1920 TO 2019

WEATHER         OBSERVED          NORMAL  DEPART  LAST YEAR`S
                 VALUE   DATE(S)  VALUE   FROM    VALUE  DATE(S)
                                          NORMAL
................................................................
TEMPERATURE (F)
RECORD
 HIGH              42   04/24/1936
 LOW              -42   04/04/1924
HIGHEST            40   04/29        MM      MM       32  04/26
LOWEST            -12   04/03        MM      MM      -13  04/21
AVG. MAXIMUM     12.6               8.5     4.1     12.8
AVG. MINIMUM      2.0              -4.9     6.9     -0.6
MEAN              7.3               1.8     5.5      6.1
DAYS MAX >= 90      0               0.0     0.0        0
DAYS MAX <= 32     28              29.2    -1.2       30
DAYS MIN <= 32     30              30.0     0.0       30
DAYS MIN <= 0      15              19.9    -4.9       18

PRECIPITATION (INCHES)
RECORD
 MAXIMUM         1.36   1963
 MINIMUM            T   2017
                        1987
                        1974
TOTALS           0.21              0.16    0.05     0.02
DAILY AVG.       0.01              0.01    0.00     0.00
DAYS >= .01         6               5.1     0.9        1
DAYS >= .10         1               0.3     0.7        0
DAYS >= .50         0               0.0     0.0        0
DAYS >= 1.00        0               0.0     0.0        0
GREATEST
 24 HR. TOTAL    0.12   04/11 TO 04/11           03/31 TO 04/01

SNOWFALL (INCHES)
RECORDS
 TOTAL           15.5   1963
 24 HR TOTAL       MM
 SNOW DEPTH        34   04/15/1923
TOTALS            2.0               3.2    -1.2      0.8
SINCE 7/1        43.9              34.3     9.6     33.9
SNOWDEPTH AVG.      9                12      -3       12
DAYS >= TRACE      13               7.7     5.3       15
DAYS >= 1.0         1               0.5     0.5        0
GREATEST
 SNOW DEPTH        11   04/03                         14  04/06
                        04/02                             04/05
                        04/01                             04/04
 24 HR TOTAL      1.2   04/11 TO 04/11           04/21 TO 04/21

DEGREE_DAYS
HEATING TOTAL    1721              1896    -175     1757
 SINCE 7/1      15028             17160   -2132    14387
COOLING TOTAL       0                 0       0        0
 SINCE 1/1          0                 0       0        0
.................................................................

WIND (MPH)
AVERAGE WIND SPEED              12.6
HIGHEST WIND SPEED/DIRECTION    33/060    DATE  04/12
HIGHEST GUST SPEED/DIRECTION    39/070    DATE  04/11

SKY COVER
AVERAGE SKY COVER           0.50

-  INDICATES NEGATIVE NUMBERS.
R  INDICATES RECORD WAS SET OR TIED.
MM INDICATES DATA IS MISSING.
T  INDICATES TRACE AMOUNT.

$$
