000
CXUS53 KGRR 011149
CLMBTL


CLIMATE REPORT
NATIONAL WEATHER SERVICE GRAND RAPIDS, MI
747 AM EDT WED MAY 1 2019

...................................

...THE BATTLE CREEK MI CLIMATE SUMMARY FOR THE MONTH OF APRIL 2019...

CLIMATE NORMAL PERIOD 1981 TO 2010
CLIMATE RECORD PERIOD 1998 TO 2019

WEATHER         OBSERVED          NORMAL  DEPART  LAST YEAR`S
                 VALUE   DATE(S)  VALUE   FROM    VALUE  DATE(S)
                                          NORMAL
................................................................
TEMPERATURE (F)
HIGHEST            76   04/22        MM      MM       74  04/23
LOWEST             20   04/01        MM      MM       15  04/08
AVG. MAXIMUM     57.7              60.1    -2.4     50.7
AVG. MINIMUM     38.2              36.1     2.1     30.6
MEAN             48.0              48.1    -0.1     40.7
DAYS MAX >= 90      0               0.0     0.0        0
DAYS MAX <= 32      0               0.3    -0.3        0
DAYS MIN <= 32      5              10.4    -5.4       19
DAYS MIN <= 0       0               0.0     0.0        0

PRECIPITATION (INCHES)
TOTALS           3.58              2.80    0.78     2.56
DAILY AVG.       0.12              0.09    0.03     0.09
DAYS >= .01        14              11.3     2.7       13
DAYS >= .10         6               6.3    -0.3        5
DAYS >= .50         4               1.7     2.3        2
DAYS >= 1.00        0               0.5    -0.5        0
GREATEST
 24 HR. TOTAL    0.79   04/30 TO 04/30

DEGREE_DAYS
HEATING TOTAL     503               514     -11      722
 SINCE 7/1       6208              6389    -181     6328
COOLING TOTAL       0                 7      -7        0
 SINCE 1/1          0                 7      -7        0
.................................................................

WIND (MPH)
AVERAGE WIND SPEED              10.4
RESULTANT WIND SPEED/DIRECTION   1/274
HIGHEST WIND SPEED/DIRECTION    35/220    DATE  04/12
HIGHEST GUST SPEED/DIRECTION    54/280    DATE  04/26

SKY COVER
POSSIBLE SUNSHINE (PERCENT)   MM
AVERAGE SKY COVER           0.50
NUMBER OF DAYS FAIR            9
NUMBER OF DAYS PC             12
NUMBER OF DAYS CLOUDY          9

AVERAGE RH (PERCENT)     66

WEATHER CONDITIONS. NUMBER OF DAYS WITH
  0
  6
  0
  0
  0
  0
  1
HAZE                      2

-  INDICATES NEGATIVE NUMBERS.
R  INDICATES RECORD WAS SET OR TIED.
MM INDICATES DATA IS MISSING.
T  INDICATES TRACE AMOUNT.

$$
