584
CXUS53 KGRR 011602
CLMBTL


CLIMATE REPORT
NATIONAL WEATHER SERVICE GRAND RAPIDS, MI
1157 AM EDT THU AUG 1 2019

...................................

...THE BATTLE CREEK MI CLIMATE SUMMARY FOR THE MONTH OF JULY 2019...

CLIMATE NORMAL PERIOD 1981 TO 2010
CLIMATE RECORD PERIOD 1998 TO 2019

WEATHER         OBSERVED          NORMAL  DEPART  LAST YEAR`S
                 VALUE   DATE(S)  VALUE   FROM    VALUE  DATE(S)
                                          NORMAL
................................................................
TEMPERATURE (F)
HIGHEST            94   07/20        MM      MM       93  07/15
                                                          07/05
                                                          07/01
LOWEST             55   07/23        MM      MM       49  07/07
                        07/12
AVG. MAXIMUM     85.9              82.6     3.3     84.3
AVG. MINIMUM     65.2              59.2     6.0     62.8
MEAN             75.6              70.9     4.7     73.5
DAYS MAX >= 90      9               3.0     6.0        7
DAYS MAX <= 32      0               0.0     0.0        0
DAYS MIN <= 32      0               0.0     0.0        0
DAYS MIN <= 0       0               0.0     0.0        0

PRECIPITATION (INCHES)
TOTALS           2.06              3.36   -1.30       MM
DAILY AVG.       0.07              0.11   -0.04       MM
DAYS >= .01        11               9.1     1.9        6
DAYS >= .10         6               5.9     0.1        4
DAYS >= .50         1               2.2    -1.2        0
DAYS >= 1.00        0               0.9    -0.9        0
GREATEST
 24 HR. TOTAL    0.63   07/05 TO 07/05

DEGREE_DAYS
HEATING TOTAL       0                15     -15        0
 SINCE 7/1          0                15     -15        0
COOLING TOTAL     334               197     137      272
 SINCE 1/1        475               361     114      545
.................................................................

WIND (MPH)
AVERAGE WIND SPEED              7.2
RESULTANT WIND SPEED/DIRECTION   3/241
HIGHEST WIND SPEED/DIRECTION    37/270    DATE  07/20
HIGHEST GUST SPEED/DIRECTION    57/270    DATE  07/20

SKY COVER
POSSIBLE SUNSHINE (PERCENT)   MM
AVERAGE SKY COVER           0.30
NUMBER OF DAYS FAIR           21
NUMBER OF DAYS PC             10
NUMBER OF DAYS CLOUDY          0

AVERAGE RH (PERCENT)     72

WEATHER CONDITIONS. NUMBER OF DAYS WITH
THUNDERSTORM              9     MIXED PRECIP                0
HEAVY RAIN                2     RAIN                        2
LIGHT RAIN               10     FREEZING RAIN               0
LT FREEZING RAIN          0     HAIL                        0
HEAVY SNOW                0     SNOW                        0
LIGHT SNOW                0     SLEET                       0
FOG                      10     FOG W/VIS <= 1/4 MILE       0
HAZE                      4     BLOWING SNOW                0
TORNADO                   0

-  INDICATES NEGATIVE NUMBERS.
R  INDICATES RECORD WAS SET OR TIED.
MM INDICATES DATA IS MISSING.
T  INDICATES TRACE AMOUNT.

$$
