855
CXUS54 KLIX 021403
CLMBTR


CLIMATE REPORT
NATIONAL WEATHER SERVICE NEW ORLEANS
855 AM CDT TUE JUL 2 2019

...................................

...THE BATON ROUGE  ASOS CLIMATE SUMMARY FOR THE MONTH OF JUNE 2019...

CLIMATE NORMAL PERIOD 1981 TO 2010
CLIMATE RECORD PERIOD 1894 TO 2019

WEATHER         OBSERVED          NORMAL  DEPART  LAST YEAR`S
                 VALUE   DATE(S)  VALUE   FROM    VALUE  DATE(S)
                                          NORMAL
................................................................
TEMPERATURE (F)
RECORD
 HIGH             103   06/02/2011
                        06/30/1954
                        06/29/1914
 LOW               53   06/01/1984
HIGHEST            96   06/27        MM      MM       95  06/30
                        06/03                             06/29
                                                          06/27
LOWEST             64   06/14        MM      MM       66  06/06
AVG. MAXIMUM     91.2              90.9     0.3     91.8
AVG. MINIMUM     72.1              71.4     0.7     73.7
MEAN             81.6              81.1     0.5     82.7
DAYS MAX >= 90     23              19.6     3.4       23
DAYS MAX <= 32      0               0.0     0.0        0
DAYS MIN <= 32      0               0.0     0.0        0
DAYS MIN <= 0       0               0.0     0.0        0

PRECIPITATION (INCHES)
RECORD
 MAXIMUM        23.18  1989
 MINIMUM            T  1930
TOTALS           7.40              6.41    0.99     6.36
DAILY AVG.       0.25              0.21    0.04     0.21
DAYS >= .01         7              12.1    -5.1        9
DAYS >= .10         5               8.6    -3.6        6
DAYS >= .50         3               4.0    -1.0        5
DAYS >= 1.00        3               1.8     1.2        3
GREATEST
 24 HR. TOTAL    4.09   06/06 TO 06/06

DEGREE_DAYS
HEATING TOTAL       0                 0       0        0
 SINCE 7/1       1391              1555    -164     1491
COOLING TOTAL     506               484      22      539
 SINCE 1/1       1177              1049     128     1235
.................................................................

WIND (MPH)
AVERAGE WIND SPEED              6.3
HIGHEST WIND SPEED/DIRECTION    28/180    DATE  06/17
HIGHEST GUST SPEED/DIRECTION    34/190    DATE  06/17

SKY COVER
POSSIBLE SUNSHINE (PERCENT)   MM
AVERAGE SKY COVER           0.20
NUMBER OF DAYS FAIR           20
NUMBER OF DAYS PC             10
NUMBER OF DAYS CLOUDY          0

AVERAGE RH (PERCENT)     73

-  INDICATES NEGATIVE NUMBERS.
R  INDICATES RECORD WAS SET OR TIED.
MM INDICATES DATA IS MISSING.
T  INDICATES TRACE AMOUNT.

$$
