000
CXUS54 KLIX 030100
CLMBTR


CLIMATE REPORT
NATIONAL WEATHER SERVICE NEW ORLEANS
755 PM CDT THU MAY 2 2019

...................................

...THE BATON ROUGE  ASOS CLIMATE SUMMARY FOR THE MONTH OF APRIL 2019...

CLIMATE NORMAL PERIOD 1981 TO 2010
CLIMATE RECORD PERIOD 1894 TO 2019

WEATHER         OBSERVED          NORMAL  DEPART  LAST YEAR`S
                 VALUE   DATE(S)  VALUE   FROM    VALUE  DATE(S)
                                          NORMAL
................................................................
TEMPERATURE (F)
RECORD
 HIGH             120   04/06/2009
 LOW               31   04/13/1940
HIGHEST            88   04/29                         85  04/29
                                                          04/03
LOWEST             38   04/01                         42  04/16
                                                          04/08
AVG. MAXIMUM     78.9              79.3    -0.4     76.2
AVG. MINIMUM     56.0              56.8    -0.8     51.7
MEAN             67.5              68.1    -0.6     64.0
DAYS MAX >= 90      0               0.2    -0.2        0
DAYS MAX <= 32      0               0.0     0.0        0
DAYS MIN <= 32      0               0.0     0.0        0
DAYS MIN <= 0       0               0.0     0.0        0

PRECIPITATION (INCHES)
RECORD
 MAXIMUM
 MINIMUM
TOTALS           9.90              4.46    5.44     5.45
DAILY AVG.       0.33              0.15    0.18     0.18
DAYS >= .01         8               7.5     0.5        6
DAYS >= .10         5               4.9     0.1        6
DAYS >= .50         4               2.5     1.5        2
DAYS >= 1.00        4               1.5     2.5        2
GREATEST
 24 HR. TOTAL    4.82   04/18 TO 04/18

SNOWFALL (INCHES)
RECORDS
 TOTAL
 24 HR TOTAL
 SNOW DEPTH
TOTALS            0.0               0.0     0.0      0.0
SINCE 7/1         0.0               0.1    -0.1      4.0
SNOWDEPTH AVG.      0                                  0
DAYS >= TRACE       0               0.0     0.0        0
DAYS >= 1.0         0               0.0     0.0        0
GREATEST
 SNOW DEPTH         0                                  0
 24 HR TOTAL      0.0

DEGREE_DAYS
HEATING TOTAL      53                51       2       76
 SINCE 7/1       1391              1553    -162     1491
COOLING TOTAL     134               142      -8       52
 SINCE 1/1        266               231      35      252
.................................................................

WIND (MPH)
AVERAGE WIND SPEED              8.0
HIGHEST WIND SPEED/DIRECTION    37/150    DATE  04/13
HIGHEST GUST SPEED/DIRECTION    48/140    DATE  04/13

SKY COVER
POSSIBLE SUNSHINE (PERCENT)   MM
AVERAGE SKY COVER           0.30
NUMBER OF DAYS FAIR           17
NUMBER OF DAYS PC              7
NUMBER OF DAYS CLOUDY          6

AVERAGE RH (PERCENT)     72


-  INDICATES NEGATIVE NUMBERS.
R  INDICATES RECORD WAS SET OR TIED.
MM INDICATES DATA IS MISSING.
T  INDICATES TRACE AMOUNT.

$$

24/RR
