000
CXUS51 KBTV 011428
CLMBTV


CLIMATE REPORT
NATIONAL WEATHER SERVICE BURLINGTON VT
1023 AM EDT WED MAY 1 2019

...................................

...THE BURLINGTON VT CLIMATE SUMMARY FOR THE MONTH OF APRIL 2019...

CLIMATE NORMAL PERIOD 1981 TO 2010
CLIMATE RECORD PERIOD 1884 TO 2019

WEATHER         OBSERVED          NORMAL  DEPART  LAST YEAR`S
                 VALUE   DATE(S)  VALUE   FROM    VALUE  DATE(S)
                                          NORMAL
................................................................
TEMPERATURE (F)
RECORD
 HIGH              91   04/19/1976
                        04/18/1976
 LOW                2   04/07/1972
HIGHEST            75   04/21        54      21       73  04/24
LOWEST             20   04/05        34     -14       20  04/05
AVG. MAXIMUM     54.6              54.7    -0.1     49.4
AVG. MINIMUM     36.4              34.8     1.6     32.7
MEAN             45.5              44.8     0.7     41.0
DAYS MAX >= 90      0               0.0     0.0        0
DAYS MAX <= 32      0               0.3    -0.3        0
DAYS MIN <= 32      9              11.6    -2.6       17
DAYS MIN <= 0       0               0.0     0.0        0

PRECIPITATION (INCHES)
RECORD
 MAXIMUM         7.88   2011
 MINIMUM         0.60   1896
TOTALS           3.53              2.82    0.71     4.84
DAILY AVG.       0.12              0.09    0.03     0.16
DAYS >= .01        15              12.8     2.2       19
DAYS >= .10        10               7.3     2.7       12
DAYS >= .50         2               1.7     0.3        4
DAYS >= 1.00        0               0.2    -0.2        0
GREATEST
 24 HR. TOTAL    0.74   04/20 TO 04/20           04/29 TO 04/29

SNOWFALL (INCHES)
RECORDS
 TOTAL           21.3   5
                        0
                        -26215
TOTALS            1.2               4.6    -3.4      4.2
SINCE 7/1       103.6              81.2    22.4     88.7
SNOWDEPTH AVG.      0                MM      MM        0
DAYS >= 1.0         0               1.3    -1.3        1
GREATEST
 SNOW DEPTH         0   MM                             2  04/15

DEGREE_DAYS
HEATING TOTAL     577               610     -33      710
 SINCE 7/1       7031              7074     -43     6546
COOLING TOTAL       0                 2      -2        0
 SINCE 1/1          0                 2      -2        0
.................................................................

WIND (MPH)
AVERAGE WIND SPEED              9.1
HIGHEST WIND SPEED/DIRECTION    36/190    DATE  04/18
HIGHEST GUST SPEED/DIRECTION    52/280    DATE  04/03

SKY COVER
POSSIBLE SUNSHINE (PERCENT)   MM
AVERAGE SKY COVER           0.70
NUMBER OF DAYS FAIR            3
NUMBER OF DAYS PC             13
NUMBER OF DAYS CLOUDY         14

AVERAGE RH (PERCENT)     61


-  INDICATES NEGATIVE NUMBERS.
R  INDICATES RECORD WAS SET OR TIED.
MM INDICATES DATA IS MISSING.
T  INDICATES TRACE AMOUNT.

$$
