000
CXUS53 KLMK 011827
CLMBWG


CLIMATE REPORT
NATIONAL WEATHER SERVICE LOUISVILLE KY
218 PM EDT WED MAY 1 2019

...................................

...THE BOWLING GREEN CLIMATE SUMMARY FOR THE MONTH OF APRIL 2019...

CLIMATE NORMAL PERIOD 1981 TO 2010
CLIMATE RECORD PERIOD 1870 TO 2019

WEATHER         OBSERVED          NORMAL  DEPART  LAST YEAR`S
                 VALUE   DATE(S)  VALUE   FROM    VALUE  DATE(S)
                                          NORMAL
................................................................
TEMPERATURE (F)
RECORD
 HIGH              96   04/24/1925
 LOW               18   04/17/1875
HIGHEST            85   04/30        MM      MM       82  04/12
LOWEST             27   04/01        MM      MM       29  04/17
                                                          04/08
                                                          04/05
AVG. MAXIMUM     72.7              69.7     3.0     63.8
AVG. MINIMUM     47.5              45.6     1.9     41.9
MEAN             60.1              57.7     2.4     52.8
DAYS MAX >= 90      0               0.1    -0.1        0
DAYS MAX <= 32      0               0.0     0.0        0
DAYS MIN <= 32      1               2.3    -1.3        7
DAYS MIN <= 0       0               0.0     0.0        0

PRECIPITATION (INCHES)
RECORD
 MAXIMUM        11.49   1912
 MINIMUM         0.94   1976
TOTALS           4.87              4.34    0.53     3.83
DAILY AVG.       0.16              0.14    0.02     0.13
DAYS >= .01        11              11.7    -0.7       10
DAYS >= .10        10               7.9     2.1        8
DAYS >= .50         3               3.0     0.0        3
DAYS >= 1.00        1               0.9     0.1        0
GREATEST
 24 HR. TOTAL    1.15   04/19 TO 04/19

SNOWFALL (INCHES)
RECORDS
 TOTAL            2.1   5
                        0
TOTALS            0.0               0.2    -0.2      0.3
SINCE 7/1         5.1               9.1    -4.0     11.0
SNOWDEPTH AVG.      0                MM      MM        0
DAYS >= 1.0         0               0.1    -0.1        0
GREATEST
 SNOW DEPTH         0   MM                            -1  04/07
 24 HR TOTAL      0.0   04/30 TO 04/30

DEGREE_DAYS
HEATING TOTAL     175               251     -76      367
 SINCE 7/1       3716              3969    -253     3924
COOLING TOTAL      32                31       1       11
 SINCE 1/1         34                36      -2       26
.................................................................

WIND (MPH)
AVERAGE WIND SPEED              6.8
HIGHEST WIND SPEED/DIRECTION    32/250    DATE  04/14
HIGHEST GUST SPEED/DIRECTION    50/260    DATE  04/14

SKY COVER
POSSIBLE SUNSHINE (PERCENT)   MM
AVERAGE SKY COVER           0.30
NUMBER OF DAYS FAIR           19
NUMBER OF DAYS PC              7
NUMBER OF DAYS CLOUDY          4

AVERAGE RH (PERCENT)     65

WEATHER CONDITIONS. NUMBER OF DAYS WITH
THUNDERSTORM              1     MIXED PRECIP                0
HEAVY RAIN                7     RAIN                        7
LIGHT RAIN               13     FREEZING RAIN               0
LT FREEZING RAIN          0     HAIL                        0
HEAVY SNOW                0     SNOW                        0
LIGHT SNOW                0     SLEET                       0
FOG                      15     FOG W/VIS <= 1/4 MILE       4
HAZE                      4

-  INDICATES NEGATIVE NUMBERS.
R  INDICATES RECORD WAS SET OR TIED.
MM INDICATES DATA IS MISSING.
T  INDICATES TRACE AMOUNT.

$$
