014
CXUS51 KLWX 011503
CLMBWI

CLIMATE REPORT
NATIONAL WEATHER SERVICE BALTIMORE MD/WASHINGTON DC
1103 AM EDT WED MAY 1 2019

...................................

...THE BALTIMORE MD CLIMATE SUMMARY FOR THE MONTH OF APRIL 2019...

CLIMATE NORMAL PERIOD 1981 TO 2010
CLIMATE RECORD PERIOD 1871 TO 2019

WEATHER         OBSERVED          NORMAL  DEPART  LAST YEAR`S
                 VALUE   DATE(S)  VALUE   FROM    VALUE
                                          NORMAL
.............................................................
TEMPERATURE (F)
RECORD
 HIGH              94   04/25/1960
                        04/23/1960
                        04/20/1941
 LOW               15   04/01/1923
HIGHEST            84   04/23        85      -1
                        04/08
LOWEST             30   04/02        29       1
AVG. MAXIMUM     70.6              64.6     6.0     62.8
AVG. MINIMUM     48.4              42.7     5.7     41.3
MEAN             59.5              53.7     5.8
DAYS MAX >= 90      0               0.2    -0.2
DAYS MAX <= 32      0               0.0     0.0
DAYS MIN <= 32      2               2.8    -0.8
DAYS MIN <= 0       0               0.0     0.0

PRECIPITATION (INCHES)
RECORD
 MAXIMUM         8.70   1889
 MINIMUM         0.39   1985
TOTALS           1.46              3.19   -1.73     3.20
DAILY AVG.       0.05              0.11   -0.06
DAYS >= .01        12              10.8     1.2
DAYS >= .10         4               6.3    -2.3
DAYS >= .50         0               2.4    -2.4
DAYS >= 1.00        0               0.6    -0.6
GREATEST
 24 HR. TOTAL    0.44   04/26 TO 04/26

SNOWFALL (INCHES)
RECORDS
 TOTAL            9.4   1924
TOTALS            0.0                 T     0.0
SINCE 7/1        18.3              20.1    -1.8
SNOWDEPTH AVG.      0
DAYS >= TRACE       0               0.1    -0.1
DAYS >= 1.0         0               0.0     0.0
GREATEST
 SNOW DEPTH         0   MM
 24 HR TOTAL      0.0

DEGREE_DAYS
HEATING TOTAL     185               354    -169      403
 SINCE 7/1       4274              4615    -341     4475
COOLING TOTAL      29                13      16       21
 SINCE 1/1         30                14      16       22
..............................................................

WIND (MPH)
AVERAGE WIND SPEED              8.0
HIGHEST WIND SPEED/DIRECTION    37/280    DATE  04/15
HIGHEST GUST SPEED/DIRECTION    49/300    DATE  04/15

SKY COVER
POSSIBLE SUNSHINE (PERCENT)   MM
AVERAGE SKY COVER           0.70
NUMBER OF DAYS FAIR            2
NUMBER OF DAYS PC             13
NUMBER OF DAYS CLOUDY         15

AVERAGE RH (PERCENT)     63

WEATHER CONDITIONS. NUMBER OF DAYS WITH
THUNDERSTORM              M     MIXED PRECIP               0
HEAVY RAIN                M     RAIN                       3
LIGHT RAIN                M     FREEZING RAIN              0
LT FREEZING RAIN          M     HAIL                       0
HEAVY SNOW                M     SNOW                       0
LIGHT SNOW                M     SLEET                      0
FOG                       M     FOG W/VIS <= 1/4 MILE      0
HAZE                      1

-  INDICATES NEGATIVE NUMBERS.
R  INDICATES RECORD WAS SET OR TIED.
MM INDICATES DATA IS MISSING.
T  INDICATES TRACE AMOUNT.

&&

BALTIMORE MD...BALTIMORE-WASHINGTON INTERNATIONAL THURGOOD
MARSHALL AIRPORT...

THE AVERAGE TEMPERATURE IN APRIL 2019 WAS WELL ABOVE NORMAL. IN
FACT, APRIL 2019 RANKED AS THE FOURTH WARMEST ON RECORD, BEHIND
APRIL 1941 (60.5 DEGREES), APRIL 2017 (60.3 DEGREES) AND APRIL 1994
(59.6 DEGREES). IT WAS THE WARMEST APRIL SINCE 2017.

MONTHLY PRECIPITATION WAS 46 PERCENT OF NORMAL. IT WAS THE DRIEST
APRIL SINCE 2016, WHEN 1.31 INCHES OF PRECIPITATION FELL.

MONTHLY SNOWFALL WAS SLIGHTLY BELOW NORMAL. IT WAS THE LEAST SNOWY
APRIL SINCE 2018, WHEN NO SNOW FELL.

NO DAILY RECORDS WERE SET DURING APRIL 2019.

WEATHER RECORDS FOR THE BALTIMORE MD AREA HAVE BEEN RECORDED AT WHAT
IS NOW BALTIMORE-WASHINGTON INTERNATIONAL THURGOOD MARSHALL AIRPORT
SINCE 1950. THE OFFICIAL WEATHER RECORD CONSISTS OF THAT DATA BACK
TO 1950, AND OBSERVATIONS TAKEN IN DOWNTOWN BALTIMORE FROM 1871
THROUGH 1949. TEMPERATURE RECORDS FOR THE BALTIMORE MD AREA EXTEND
BACK TO JULY OF 1872. PRECIPITATION RECORDS EXTEND BACK TO JANUARY
OF 1871. SNOWFALL RECORDS BEGAN IN MARCH OF 1892.

ALL CLIMATE DATA ARE CONSIDERED PRELIMINARY UNTIL REVIEWED BY THE
NATIONAL CENTERS FOR ENVIRONMENTAL INFORMATION (NCEI).

$$

RCM
