000
CXUS55 KRIW 021954
CLMBYG

CLIMATE REPORT
NATIONAL WEATHER SERVICE RIVERTON WY
154 PM MDT THU MAY 2 2019

...PRELIMINARY MONTHLY CLIMATE SUMMARY FOR THE JOHNSON COUNTY
AIRPORT NEAR BUFFALO FOR THE MONTH OF APRIL 2019...

...OFFICIAL CLIMATE DATA FOR THE MONTH OF APRIL 2019 WILL BE
AVAILABLE APPROXIMATELY IN 60 DAYS FROM THE NATIONAL CENTERS FOR
ENVIRONMENTAL INFORMATION (HTTP://WWW.NCDC.NOAA.GOV/CDO-
WEB/DATASETS). UNOFFICIAL ASOS DAILY SUMMARIES ARE AVAILABLE ON THE
INTERNET AT HTTP://WWW.WEATHER.GOV/CLIMATE/INDEX.PHP?WFO=RIW

...THE MONTH OF APRIL WAS ABOUT NORMAL IN BUFFALO...

THE AVERAGE TEMPERATURE FOR BUFFALO IN APRIL WAS 43.2 DEGREES. THIS
WAS EXACTLY NORMAL AND MAKES IT THE 11TH WARMEST AND COLDEST APRIL ON
RECORD SINCE 1998. THE WARMEST READING OF THE MONTH WAS 75 DEGREES
ON THE 19TH...WHICH SET A DAILY RECORD...BREAKING 73 THAT WAS SET
BACK IN 2008. THE COLDEST WAS 20 DEGREES ON THE 12TH AND 13TH.  ONE
OTHER RECORD HIGH WAS SET ON THE 20TH WHEN 68 DEGREES TIED THE
PREVIOUS RECORD SET IN 2012.

TOTAL PRECIPITATION FOR THE MONTH WAS 1.63 INCHES...WHICH WAS 125
PERCENT OF NORMAL. THIS MAKES IT THE 5TH DRIEST APRIL ON RECORD
SINCE 1998. THE WETTEST 24 HOUR PERIOD OF THE MONTH WAS 0.38 INCHES
WHICH OCCURRED ON THE 9TH.  THREE PRECIPITATION RECORDS WERE SET
DURING THE MONTH.  ON THE 1ST 0.12 BROKE THE PREVIOUS RECORD OF
0.04 SET IN 2012.  ON THE 9TH 0.38 BROKE 0.2 SET IN 2017. ON THE
10TH 0.18 BROKE 0.16 SET IN 2014.
THE HIGHEST WIND GUST WAS 62 MPH ON THE 28TH.

...THE BUFFALO WY CLIMATE SUMMARY FOR THE MONTH OF APRIL 2019...

CLIMATE NORMAL PERIOD 1981 TO 2010
CLIMATE RECORD PERIOD 1998 TO 2019

WEATHER         OBSERVED          NORMAL  DEPART
                 VALUE   DATE(S)  VALUE   FROM
                                          NORMAL
................................................
TEMPERATURE (F)
RECORD
 HIGH              84   04/28/2018
 LOW                4   04/03/2018
HIGHEST            75   04/19
LOWEST             20   04/13
                        04/12
AVG. MAXIMUM     53.1              54.1    -1.0
AVG. MINIMUM     33.3              32.3     1.0
MEAN             43.2              43.2     0.0
DAYS MAX >= 90      0
DAYS MAX <= 32      1
DAYS MIN <= 32     10
DAYS MIN <= 0       0

PRECIPITATION (INCHES)
RECORD
 MAXIMUM         3.38   1999
 MINIMUM         0.21   2007
TOTALS           1.63              1.30    0.33
DAILY AVG.       0.05
DAYS >= .01        12
DAYS >= .10         7
DAYS >= .50         0
DAYS >= 1.00        0
GREATEST
 24 HR. TOTAL    0.38   04/09 TO 04/09

DEGREE_DAYS
HEATING TOTAL     645               654      -9
 SINCE 7/1       7057              6844     213
COOLING TOTAL       0                 0       0
 SINCE 1/1          0                 0       0
.................................................

WIND (MPH)
AVERAGE WIND SPEED              10.4
HIGHEST WIND SPEED/DIRECTION    46/330    DATE  04/28
HIGHEST GUST SPEED/DIRECTION    62/340    DATE  04/28

SKY COVER
POSSIBLE SUNSHINE (PERCENT)   MM
AVERAGE SKY COVER           0.50
NUMBER OF DAYS FAIR           10
NUMBER OF DAYS PC             12
NUMBER OF DAYS CLOUDY          8

AVERAGE RH (PERCENT)     65

WEATHER CONDITIONS. NUMBER OF DAYS WITH
THUNDERSTORM              1     MIXED PRECIP                0
HEAVY RAIN                0     RAIN                        3
LIGHT RAIN               15     FREEZING RAIN               0
LT FREEZING RAIN          0     HAIL                        0
HEAVY SNOW                1     SNOW                        1
LIGHT SNOW                6     SLEET                       0
FOG                      15     FOG W/VIS <= 1/4 MILE       5
HAZE                      1

-  INDICATES NEGATIVE NUMBERS.
R  INDICATES RECORD WAS SET OR TIED.
MM INDICATES DATA IS MISSING.
T  INDICATES TRACE AMOUNT.

LOOKING AHEAD TO MAY 2019...THE AVERAGE HIGH TEMPERATURE ON THE
FIRST OF THE MONTH IS 59 DEGREES...AND THE AVERAGE LOW TEMPERATURE
IS 37 DEGREES. THE AVERAGE HIGH BY THE END OF THE MONTH IS 68
DEGREES...AND THE AVERAGE LOW TEMPERATURE IS 44 DEGREES. THE AVERAGE
MONTHLY PRECIPITATION IS 2.53 INCHES.


$$
