000
CXUS52 KCAE 021731
CLMCAE


CLIMATE REPORT
NATIONAL WEATHER SERVICE COLUMBIA SC
109 PM EDT FRI AUG 2 2019

...................................

...THE COLUMBIA METRO AIRPORT SC CLIMATE SUMMARY FOR THE
MONTH OF JULY 2019...

CLIMATE NORMAL PERIOD 1981 TO 2010
CLIMATE RECORD PERIOD 1887 TO 2019

WEATHER         OBSERVED          NORMAL  DEPART
                 VALUE   DATE(S)  VALUE   FROM
                                          NORMAL
................................................
TEMPERATURE (F)
RECORD
 HIGH             107   07/29/1952
                        07/24/1952
                        07/23/1952
 LOW               54   07/07/1951
                        07/08/1892
HIGHEST            98   07/17        MM      MM
                        07/03
LOWEST             63   07/27        MM      MM
AVG. MAXIMUM     93.2              92.7     0.5
AVG. MINIMUM     72.2              71.6     0.6
MEAN             82.7              82.2     0.5
DAYS MAX >= 90     26              23.0     3.0
DAYS MAX <= 32      0               0.0     0.0
DAYS MIN <= 32      0               0.0     0.0
DAYS MIN <= 0       0               0.0     0.0

PRECIPITATION (INCHES)
RECORD
 MAXIMUM        17.46   1991
 MINIMUM         0.57   1977
TOTALS           4.50              5.46   -0.96
DAILY AVG.       0.15              0.18   -0.03
DAYS >= .01        11              11.8    -0.8
DAYS >= .10         7               7.7    -0.7
DAYS >= .50         4               3.6     0.4
DAYS >= 1.00        2               1.7     0.3
GREATEST
 24 HR. TOTAL    1.25   07/23 TO 07/23
 STORM TOTAL       MM
 (MM/DD(HH))            MM

SNOWFALL (INCHES)
RECORDS
 TOTAL             MM   MM
TOTALS            0.0               0.0     0.0
SINCE 7/1         0.0               0.0     0.0
DAYS >= TRACE       0               0.0     0.0
DAYS >= 1.0         0               0.0     0.0
GREATEST
 SNOW DEPTH         0   MM

DEGREE_DAYS
HEATING TOTAL       0                 0       0
 SINCE 7/1          0                 0       0
COOLING TOTAL     557               532      25
 SINCE 1/1       1491              1277     214

FREEZE DATES
RECORD
 EARLIEST     10/15/1991
 LATEST       04/03/1964
EARLIEST                        11/05
LATEST                          03/22
.................................................

WIND (MPH)
AVERAGE WIND SPEED              5.2
RESULTANT WIND SPEED/DIRECTION   2/206
HIGHEST WIND SPEED/DIRECTION    35/180    DATE  07/18
HIGHEST GUST SPEED/DIRECTION    48/200    DATE  07/18

SKY COVER
POSSIBLE SUNSHINE (PERCENT)   MM
AVERAGE SKY COVER           0.50
NUMBER OF DAYS FAIR            6
NUMBER OF DAYS PC             23
NUMBER OF DAYS CLOUDY          2

AVERAGE RH (PERCENT)     67

WEATHER CONDITIONS. NUMBER OF DAYS WITH
THUNDERSTORM             14     MIXED PRECIP               0
HEAVY RAIN                7     RAIN                       7
LIGHT RAIN               14     FREEZING RAIN              0
LT FREEZING RAIN          0     HAIL                       0
HEAVY SNOW                0     SNOW                       0
LIGHT SNOW                0     SLEET                      0
FOG                      13     FOG W/VIS <= 1/4 MILE      1
HAZE                      8
-  INDICATES NEGATIVE NUMBERS.
R  INDICATES RECORD WAS SET OR TIED.
MM INDICATES DATA IS MISSING.
T  INDICATES TRACE AMOUNT.

$$
