000
CXUS52 KCAE 101610
CLMCAE


CLIMATE REPORT
NATIONAL WEATHER SERVICE COLUMBIA SC
1209 PM EDT FRI MAY 10 2019

...................................

...THE COLUMBIA METRO AIRPORT SC CLIMATE SUMMARY FOR THE MONTH OF APRIL 2019...

CLIMATE NORMAL PERIOD 1981 TO 2010
CLIMATE RECORD PERIOD 1887 TO 2019

WEATHER         OBSERVED          NORMAL  DEPART
                 VALUE   DATE(S)  VALUE   FROM
                                          NORMAL
................................................
TEMPERATURE (F)
RECORD
 HIGH              96   04/18/1896
 LOW               26   04/08/2007
                        04/20/1983
                        01/01/2000
HIGHEST            89   04/24        MM      MM
LOWEST             32   04/03        MM      MM
AVG. MAXIMUM     77.9              76.3     1.6
AVG. MINIMUM     52.7              50.4     2.3
MEAN             65.3              63.4     1.9
DAYS MAX >= 90      0               1.1    -1.1
DAYS MAX <= 32      0               0.0     0.0
DAYS MIN <= 32      1               0.5     0.5
DAYS MIN <= 0       0               0.0     0.0

PRECIPITATION (INCHES)
RECORD
 MAXIMUM        10.76   1936
 MINIMUM         0.29   1994
TOTALS           2.86              2.62    0.24
DAILY AVG.       0.10              0.09    0.01
DAYS >= .01        10               8.0     2.0
DAYS >= .10         5               5.3    -0.3
DAYS >= .50         2               1.9     0.1
DAYS >= 1.00        1               0.5     0.5
GREATEST
 24 HR. TOTAL    1.10   04/02 TO 04/02
 STORM TOTAL       MM
 (MM/DD(HH))            MM

SNOWFALL (INCHES)
RECORDS
 TOTAL             MM   MM
TOTALS            0.0               0.0     0.0
SINCE 7/1         0.0               1.5    -1.5
DAYS >= TRACE       0               0.0     0.0
DAYS >= 1.0         0               0.0     0.0
GREATEST
 SNOW DEPTH         0   MM

DEGREE_DAYS
HEATING TOTAL      95               122     -27
 SINCE 7/1       2249              2531    -282
COOLING TOTAL     112                73      39
 SINCE 1/1        128                95      33

FREEZE DATES
RECORD
 EARLIEST     10/15/1991
 LATEST       04/03/1964
EARLIEST                        11/05
LATEST                          03/22
.................................................

WIND (MPH)
AVERAGE WIND SPEED              7.0
RESULTANT WIND SPEED/DIRECTION   3/191
HIGHEST WIND SPEED/DIRECTION    37/280    DATE  04/26
HIGHEST GUST SPEED/DIRECTION    53/240    DATE  04/14

SKY COVER
POSSIBLE SUNSHINE (PERCENT)   MM
AVERAGE SKY COVER           0.50
NUMBER OF DAYS FAIR           10
NUMBER OF DAYS PC             12
NUMBER OF DAYS CLOUDY          8

AVERAGE RH (PERCENT)     62

WEATHER CONDITIONS. NUMBER OF DAYS WITH
  0
  5
  0
  0
  0
  0
  0
HAZE                      7

-  INDICATES NEGATIVE NUMBERS.
R  INDICATES RECORD WAS SET OR TIED.
MM INDICATES DATA IS MISSING.
T  INDICATES TRACE AMOUNT.

$$
