000
CXUS55 KABQ 011742 CCA
CLMCAO

ABQCLMCAO 000
TTAA00 KABQ 011742


CLIMATE REPORT
NATIONAL WEATHER SERVICE ALBUQUERQUE NM
1142 AM MDT MON JUL 1 2019

...................................

...THE CLAYTON  NM CLIMATE SUMMARY FOR THE MONTH OF JUNE 2019...

CLIMATE NORMAL PERIOD 1981 TO 2010
CLIMATE RECORD PERIOD 1896 TO 2019

WEATHER         OBSERVED          NORMAL  DEPART  LAST YEAR`S
                 VALUE   DATE(S)  VALUE   FROM    VALUE  DATE(S)
                                          NORMAL
................................................................
TEMPERATURE (F)
RECORD
 HIGH             105   06/27/1924
 LOW               31   06/02/1919
HIGHEST            96   06/30        MM      MM      101  06/27
                        06/28
LOWEST             41   06/10        MM      MM       51  06/25
AVG. MAXIMUM     84.7              84.6     0.1     90.5
AVG. MINIMUM     54.5              56.1    -1.6     58.0
MEAN             69.6              70.4    -0.8     74.2
DAYS MAX >= 90      9               8.4     0.6       20
DAYS MAX <= 32      0               0.0     0.0        0
DAYS MIN <= 32      0               0.0     0.0        0
DAYS MIN <= 0       0               0.0     0.0        0

PRECIPITATION (INCHES)
RECORD
 MAXIMUM           MM   MM
 MINIMUM           MM   MM
TOTALS           1.52              2.13   -0.61     0.75
DAILY AVG.       0.05              0.07   -0.02     0.03
DAYS >= .01         8               7.7     0.3        8
DAYS >= .10         5               4.7     0.3        1
DAYS >= .50         0               1.3    -1.3        0
DAYS >= 1.00        0               0.4    -0.4        0
GREATEST
 24 HR. TOTAL    0.41   06/13 TO 06/13              0.40

SNOWFALL (INCHES)
RECORDS
 TOTAL             MM   MM
TOTALS            0.0               0.0     0.0      0.0
SINCE 7/1        14.6              28.0   -13.4      0.8
SNOWDEPTH AVG.      0                MM      MM        0
DAYS >= 1.0         0               0.0     0.0        0
GREATEST
 SNOW DEPTH         0   MM                             0  MM
 24 HR TOTAL      0.0   06/30 TO 06/30               0.0

DEGREE_DAYS
HEATING TOTAL      22                23      -1        1
 SINCE 7/1       5143              4884     259     4445
COOLING TOTAL     168               183     -15      286
 SINCE 1/1        181               234     -53      410
.................................................................

WIND (MPH)
AVERAGE WIND SPEED              13.3
HIGHEST WIND SPEED/DIRECTION    41/360    DATE  06/09
HIGHEST GUST SPEED/DIRECTION    52/270    DATE  06/27

SKY COVER
AVERAGE SKY COVER           0.10

AVERAGE RH (PERCENT)     54

WEATHER CONDITIONS, NUMBER OF DAYS WITH

THUNDERSTORM           12        MIXED PRECIP              0
HEAVY RAIN              0        RAIN                      5
LIGHT RAIN              8        FREEZING RAIN             0
LT FREEZING RAIN        0        HAIL                      0
HEAVY SNOW              0        SNOW                      0
LIGHT SNOW              0        SLEET                     0
FOG                     2        FOG W/VIS <= 1/4 MILE     0
HAZE                    1

-  INDICATES NEGATIVE NUMBERS.
R  INDICATES RECORD WAS SET OR TIED.
MM INDICATES DATA IS MISSING.
T  INDICATES TRACE AMOUNT.

$$
