000
CXUS55 KABQ 020251
CLMCAO

ABQCLMCAOALL 000
TTAA00 KABQ 011656


CLIMATE REPORT
NATIONAL WEATHER SERVICE ALBUQUERQUE NM
0850 PM MDT WED MAY 1 2019

...................................

...THE CLAYTON  NM CLIMATE SUMMARY FOR THE MONTH OF APRIL 2019...

CLIMATE NORMAL PERIOD 1981 TO 2010
CLIMATE RECORD PERIOD 1896 TO 2019

WEATHER         OBSERVED          NORMAL  DEPART  LAST YEAR`S
                 VALUE   DATE(S)  VALUE   FROM    VALUE  DATE(S)
                                          NORMAL
................................................................
TEMPERATURE (F)
RECORD
 HIGH              92   04/24/2012
 LOW                7   04/04/1920
HIGHEST            84   04/20        MM      MM       85  04/12
                                                          04/11
LOWEST             23   04/11        MM      MM       17  04/07
AVG. MAXIMUM     69.0              67.0     2.0     65.8
AVG. MINIMUM     37.7              37.7     0.0     34.2
MEAN             53.3              52.4     0.9     50.0
DAYS MAX >= 90      0               0.0     0.0        0
DAYS MAX <= 32      0               0.2    -0.2        0
DAYS MIN <= 32     11               7.1     3.9       12
DAYS MIN <= 0       0               0.0     0.0        0

PRECIPITATION (INCHES)
RECORD
 MAXIMUM           MM   MM
 MINIMUM           MM   MM
TOTALS           0.76              0.94   -0.18     1.01
DAILY AVG.       0.03              0.03    0.00     0.03
DAYS >= .01         8               4.7     3.3        5
DAYS >= .10         3               2.3     0.7        2
DAYS >= .50         0               0.5    -0.5        1
DAYS >= 1.00        0               0.2    -0.2        0
GREATEST
 24 HR. TOTAL    0.29   04/23 TO 04/23              0.88

SNOWFALL (INCHES)
RECORDS
 TOTAL             MM   MM
TOTALS            0.1               1.5    -1.4        T
SINCE 7/1        14.6              27.3   -12.7      0.8
SNOWDEPTH AVG.      0                MM      MM        0
DAYS >= 1.0         0               0.4    -0.4        0
GREATEST
 SNOW DEPTH         0   MM                             0  MM
 24 HR TOTAL      0.1   04/11 TO 04/11                 T

DEGREE_DAYS
HEATING TOTAL     343               385     -42      449
 SINCE 7/1       4866              4706     160     4396
COOLING TOTAL       0                 5      -5        8
 SINCE 1/1          0                 6      -6        8
.................................................................

WIND (MPH)
AVERAGE WIND SPEED              12.6
HIGHEST WIND SPEED/DIRECTION    43/220    DATE  04/10
HIGHEST GUST SPEED/DIRECTION    59/230    DATE  04/10

SKY COVER
AVERAGE SKY COVER           0.20

AVERAGE RH (PERCENT)     51

WEATHER CONDITIONS. NUMBER OF DAYS WITH
THUNDERSTORM          1       MIXED PRECIP           0
HEAVY RAIN            0       RAIN                   3
LIGHT RAIN            7       FREEZING RAIN          0
LT FREEZING RAIN      0       HAIL                   0
HEAVY SNOW            0       SNOW                   0
LIGHT SNOW            3       SLEET                  0
FOG                   6       FOG W/VIS <= 1/4 MILE  0
HAZE                  4


-  INDICATES NEGATIVE NUMBERS.
R  INDICATES RECORD WAS SET OR TIED.
MM INDICATES DATA IS MISSING.
T  INDICATES TRACE AMOUNT.

$$
