277
CXUS51 KCAR 030048
CLMCAR


CLIMATE REPORT
NATIONAL WEATHER SERVICE CARIBOU, ME
846 PM EDT FRI AUG 2 2019

...................................

...THE CARIBOU ME CLIMATE SUMMARY FOR THE MONTH OF JULY 2019...

CLIMATE NORMAL PERIOD 1981 TO 2010
CLIMATE RECORD PERIOD 1939 TO 2019

WEATHER         OBSERVED          NORMAL  DEPART  LAST YEAR`S
                 VALUE   DATE(S)  VALUE   FROM    VALUE  DATE(S)
                                          NORMAL
................................................................
TEMPERATURE (F)
RECORD
 HIGH              95   07/20/1991
                        07/19/1991
                        07/25/1989
 LOW               36   07/07/1969
HIGHEST            91   07/05        MM      MM       94  07/05
LOWEST             47   07/25        MM      MM       46  07/19
AVG. MAXIMUM     80.6              76.0     4.6     82.4
AVG. MINIMUM     56.8              55.2     1.6     59.4
MEAN             68.7              65.6     3.1     70.9
DAYS MAX >= 90      3               0.5     2.5        2
DAYS MAX <= 32      0               0.0     0.0        0
DAYS MIN <= 32      0               0.0     0.0        0
DAYS MIN <= 0       0               0.0     0.0        0

PRECIPITATION (INCHES)
RECORD
 MAXIMUM         7.96   2011
 MINIMUM         0.16   1947
TOTALS           2.49                     -1.59
DAILY AVG.       0.08              0.13   -0.05     0.07
DAYS >= .01        12              14.2    -2.2        8
DAYS >= .10         8               8.6    -0.6        5
DAYS >= .50         1               2.7    -1.7        2
DAYS >= 1.00        0               0.8    -0.8        0
GREATEST
 24 HR. TOTAL    0.76   07/02 TO 07/02           07/06 TO 07/06
                                                          07/31 TO 07/31EATHER         OBSERVED          NORMAL  DEPART  LAST YEAR`S
                                                          07/31 TO 07/31EATHER         OBSERVED          NORMAL  DEPART  LAST YEAR`S

SNOWFALL (INCHES)
RECORDS
 TOTAL            0.0   MM
TOTALS            0.0               0.0     0.0      0.0
SINCE 7/1         0.0               0.0     0.0      0.0
SNOWDEPTH AVG.      0                MM      MM        0
DAYS >= 1.0         0               0.0     0.0        0
GREATEST
 SNOW DEPTH         0   MM                             0  MM
 24 HR TOTAL      0.0   07/31 TO 07/31           07/31 TO 07/31
                                                          07/31 TO 07/31EATHER         OBSERVED          NORMAL  DEPART  LAST YEAR`S
                                                          07/31 TO 07/31EATHER         OBSERVED          NORMAL  DEPART  LAST YEAR`S

DEGREE_DAYS
HEATING TOTAL       9                58     -49       17
 SINCE 7/1          9                58     -49       17
COOLING TOTAL     132                77      55      206
 SINCE 1/1        143               116      27      227
.................................................................

WIND (MPH)
AVERAGE WIND SPEED              5.5
HIGHEST WIND SPEED/DIRECTION    30/010    DATE  07/08
HIGHEST GUST SPEED/DIRECTION    45/210    DATE  07/31

SKY COVER
POSSIBLE SUNSHINE (PERCENT)   MM
AVERAGE SKY COVER           0.20
NUMBER OF DAYS FAIR           20
NUMBER OF DAYS PC             10
NUMBER OF DAYS CLOUDY          1

AVERAGE RH (PERCENT)     67

WEATHER CONDITIONS. NUMBER OF DAYS WITH
THUNDERSTORM              6     MIXED PRECIP                0
HEAVY RAIN                6     RAIN                        6
LIGHT RAIN               12     FREEZING RAIN               0
LT FREEZING RAIN          0     HAIL                        0
HEAVY SNOW                0     SNOW                        0
LIGHT SNOW                0     SLEET                       0
FOG                      13     FOG W/VIS <= 1/4 MILE       1
HAZE                      0


-  INDICATES NEGATIVE NUMBERS.
R  INDICATES RECORD WAS SET OR TIED.
MM INDICATES DATA IS MISSING.
T  INDICATES TRACE AMOUNT.
-------------------------------------------------------------------------------------------

...JULY MONTHLY CLIMATE NARRATIVE FOR NORTHERN AND EASTERN MAINE...

JULY 2019 FEATURED ABOVE AVERAGE TEMPERATURES ACROSS THE REGION.
PRECIPITATION WAS MORE VARIABLE, AND WAS GENERALLY BELOW AVERAGE
ACROSS NORTHERN AND CENTRAL PORTIONS OF THE AREA AND ABOVE AVERAGE
DOWN EAST. THERE WAS A SMALL AREA OF ABOVE AVERAGE PRECIPITATION
IN FAR NORTHERN MAINE ACROSS THE CENTRAL AND WESTERN SAINT JOHN
VALLEY.

TEMPERATURES AVERAGED FROM 2 TO 3.5 DEGREES ABOVE THE 30-YEAR
AVERAGE. IT RANKED AS THE 8TH WARMEST JULY ON RECORD AT CARIBOU,
BUT WAS WELL SHY OF LAST YEAR WHICH WAS THE ALL-TIME WARMEST JULY
ON RECORD. IN BANGOR, IT TIED WITH 1975 AS THE 7TH WARMEST JULY
ON RECORD. IN MILLINOCKET IT WAS THE 6TH WARMEST, AND IN HOULTON
IT WAS THE 16TH WARMEST ON RECORD. JULY WAS ALSO NOTICEABLY MUCH
MORE HUMID THAN JUNE. ALTHOUGH IT WAS A HOT MONTH, THERE WERE A
COUPLE OF 3 TO 4 DAY BREAKS IN THE HEAT AND HUMIDITY, AND THERE
WERE 3 NIGHTS WITH LOWS IN THE 40S IN CARIBOU.

IN CARIBOU THERE WERE 3 DAYS WITH A HIGH TEMPERATURE OF 90 DEGREES
OR WARMER. IT WAS THE MOST 90 DEGREE DAYS IN CARIBOU DURING THE
MONTH OF JULY SINCE 1989. IN BANGOR THERE WERE 5 DAYS WITH A HIGH
OF 90 OR WARMER, WHICH WAS THE MOST SINCE 1997. IN MILLINOCKET,
THERE WERE 4 DAYS WITH A HIGH OF 90 OR WARMER, WHICH TIED WITH
LAST YEAR WHEN THERE WERE ALSO 4 DAYS IN JULY WITH A HIGH OF 90 OR
WARMER. FINALLY, IN HOULTON, THERE WERE 3 DAYS WITH A HIGH OF 90
OR WARMER, WHICH ALSO TIED WITH LAST YEAR.

PRECIPITATION IN CARIBOU WAS ONLY 61 PERCENT OF AVERAGE, BUT IN
BANGOR PRECIPITATION WAS 129 PERCENT OF AVERAGE. THIS IS NOT
UNUSUAL DURING THE SUMMER WHEN MOST OF THE PRECIPITATION FALLS IN
THE FORM OF SHOWERS AND THUNDERSTORMS. OVERALL ACROSS THE REGION,
PRECIPITATION RANGED FROM 130 TO 200 PERCENT OF AVERAGE DOWN EAST,
WITH THE LARGEST POSITIVE DEPARTURES ALONG THE IMMEDIATE COAST.
ACROSS MOST OF NORTHERN AND CENTRAL AREAS PRECIPITATION RANGED
FROM 50 TO 90 PERCENT OF NORMAL, HOWEVER, IN PARTS OF THE CENTRAL
AND WESTERN SAINT JOHN VALLEY, PRECIPITATION RANGED FROM 100 TO
130 PERCENT OF NORMAL.

TOTAL EVAPORATION FOR THE MONTH MEASURED AT CARIBOU WAS 6.40
INCHES WHICH FAR EXCEEDED MONTHLY RAINFALL TOTALS OF 2.49 INCHES,
RESULTING IN SIGNIFICANT DRYING OF TOP SOIL CONDITIONS COMPARED
TO THE PRIOR MONTH.

THE OFFICIAL CLIMATE PREDICTION CENTER OUTLOOK FOR AUGUST 2019 IS
CALLING FOR AN INCREASED LIKELIHOOD OF ABOVE AVERAGE TEMPERATURES.
THERE ARE NO STRONG CLIMATE SIGNALS THAT WOULD POINT TOWARD AN
UNSUALLY WET OR DRY MONTH. AVERAGE TEMPERATURES BEGIN TO SLOWLY
DROP DURING THE MONTH OF AUGUST, AND MORE SO DURING THE 2ND HALF
OF THE MONTH. NEARLY AN HOUR AND A HALF OF DAYLIGHT IS LOST DURING
THE MONTH OF AUGUST.

$$

CB/VJN
