000
CXUS56 KMTR 011419
CLMCCR


CLIMATE REPORT
NATIONAL WEATHER SERVICE SAN FRANCISCO BAY AREA
719 AM PDT THU AUG 1 2019

...................................

...THE CONCORD AIRPORT CLIMATE SUMMARY FOR THE MONTH OF JULY 2019...

CLIMATE NORMAL PERIOD 1981 TO 2010
CLIMATE RECORD PERIOD 1999 TO 2019

WEATHER         OBSERVED          NORMAL  DEPART  LAST YEAR`S
                 VALUE   DATE(S)  VALUE   FROM    VALUE  DATE(S)
                                          NORMAL
................................................................
TEMPERATURE (F)
RECORD
 HIGH             112   MM
 LOW               52   07/05/2014
                        07/15/2013
                        01/11/2000
HIGHEST           102   07/24                        100  07/25
LOWEST             56   07/27                         54  07/05
AVG. MAXIMUM     89.5                               92.0
AVG. MINIMUM     59.7                               60.4
MEAN             74.6                               76.2
DAYS MAX >= 90     17                                 24
DAYS MAX <= 32      0                                  0
DAYS MIN <= 32      0                                  0
DAYS MIN <= 0       0                                  0

PRECIPITATION (INCHES)
TOTALS           0.00                 T    0.00     0.00
DAILY AVG.       0.00                               0.00
DAYS >= .01         0                                  0
DAYS >= .10         0                                  0
DAYS >= .50         0                                  0
DAYS >= 1.00        0                                  0
GREATEST
 24 HR. TOTAL    0.00   07/31 TO 07/31           07/31 TO 07/31
                                                          07/30 TO 07/30EATHER         OBSERVED          NORMAL  DEPART  LAST YEAR`S
                                                          07/29 TO 07/29EATHER         OBSERVED          NORMAL  DEPART  LAST YEAR`S

DEGREE_DAYS
HEATING TOTAL       0                                  0
 SINCE 7/1          0                                  0
COOLING TOTAL     305                                354
 SINCE 1/1        614                                656
.................................................................

WIND (MPH)
AVERAGE WIND SPEED              11.4
RESULTANT WIND SPEED/DIRECTION   8/221
HIGHEST WIND SPEED/DIRECTION    26/200    DATE  07/08
HIGHEST GUST SPEED/DIRECTION    45/100    DATE  07/18

SKY COVER
POSSIBLE SUNSHINE (PERCENT)   MM
AVERAGE SKY COVER           0.00
NUMBER OF DAYS FAIR           30
NUMBER OF DAYS PC              1
NUMBER OF DAYS CLOUDY          0

AVERAGE RH (PERCENT)     53

WEATHER CONDITIONS. NUMBER OF DAYS WITH
  0
  0
  0
  0
  0
  0
  0
HAZE                      0

-  INDICATES NEGATIVE NUMBERS.
R  INDICATES RECORD WAS SET OR TIED.
MM INDICATES DATA IS MISSING.
T  INDICATES TRACE AMOUNT.

$$
