000
CXUS54 KLUB 011244
CLMCDS


CLIMATE REPORT
NATIONAL WEATHER SERVICE LUBBOCK, TX
732 AM CDT THU AUG 1 2019

...................................

...THE CHILDRESS CLIMATE SUMMARY FOR THE MONTH OF JULY 2019...

CLIMATE NORMAL PERIOD 1981 TO 2010
CLIMATE RECORD PERIOD 1893 TO 2019

WEATHER         OBSERVED          NORMAL  DEPART  LAST YEAR`S
                 VALUE   DATE(S)  VALUE   FROM    VALUE  DATE(S)
                                          NORMAL
................................................................
TEMPERATURE (F)
RECORD
 HIGH             114   07/19/1936
 LOW               53   07/10/1905
HIGHEST           103   07/19                        110  07/22
                        07/16
LOWEST             62   07/25                         64  07/31
AVG. MAXIMUM     96.4              95.9     0.5     97.8
AVG. MINIMUM     71.0              70.8     0.2     72.9
MEAN             83.7              83.3     0.4     85.4

PRECIPITATION (INCHES)
RECORD
 MAXIMUM           MM   MM
 MINIMUM           MM   MM
TOTALS           1.23              1.95   -0.72     0.93
DAILY AVG.       0.04              0.06   -0.02
DAYS >= .01         4                                  5
DAYS >= .10         2                                  3
DAYS >= .50         1                                  1
DAYS >= 1.00        0                                  0
GREATEST
 24 HR. TOTAL    0.89   07/07 TO 07/07

DEGREE_DAYS
HEATING TOTAL       0                 0       0        0
 SINCE 7/1          0                 0       0
COOLING TOTAL     589               569      20      642
 SINCE 1/1       1204              1302     -98
.................................................................

WIND (MPH)
AVERAGE WIND SPEED              9.7
HIGHEST WIND SPEED/DIRECTION    36/010    DATE  07/11
HIGHEST GUST SPEED/DIRECTION    44/010    DATE  07/11

SKY COVER
POSSIBLE SUNSHINE (PERCENT)   MM
AVERAGE SKY COVER           0.00
NUMBER OF DAYS FAIR           31
NUMBER OF DAYS PC              0
NUMBER OF DAYS CLOUDY          0

AVERAGE RH (PERCENT)     55

WEATHER CONDITIONS. NUMBER OF DAYS WITH
THUNDERSTORM              5     MIXED PRECIP                0
HEAVY RAIN                2     RAIN                        2
LIGHT RAIN                5     FREEZING RAIN               0
LT FREEZING RAIN          0     HAIL                        0
HEAVY SNOW                0     SNOW                        0
LIGHT SNOW                0     SLEET                       0
FOG                       4     FOG W/VIS <= 1/4 MILE       1
HAZE                      5

-  INDICATES NEGATIVE NUMBERS.
R  INDICATES RECORD WAS SET OR TIED.
MM INDICATES DATA IS MISSING.
T  INDICATES TRACE AMOUNT.

$$
