000
CXUS54 KLUB 011234
CLMCDS


CLIMATE REPORT
NATIONAL WEATHER SERVICE LUBBOCK, TX
733 AM CDT WED MAY 1 2019

...................................

...THE CHILDRESS CLIMATE SUMMARY FOR THE MONTH OF APRIL 2019...

CLIMATE NORMAL PERIOD 1981 TO 2010
CLIMATE RECORD PERIOD 1893 TO 2019

WEATHER         OBSERVED          NORMAL  DEPART  LAST YEAR`S
                 VALUE   DATE(S)  VALUE   FROM    VALUE  DATE(S)
                                          NORMAL
................................................................
TEMPERATURE (F)
RECORD
 HIGH             106   04/25/2012
 LOW               22   04/02/1936
HIGHEST            95   04/10                        102  04/12
LOWEST             36   04/14                         26  04/07
AVG. MAXIMUM     75.2              76.5    -1.3     75.3
AVG. MINIMUM     49.5              48.1     1.4     43.5
MEAN             62.3              62.3     0.0     59.4

PRECIPITATION (INCHES)
RECORD
 MAXIMUM           MM   MM
 MINIMUM           MM   MM
TOTALS           4.93              2.12    2.81     0.11
DAILY AVG.       0.16              0.07    0.09
DAYS >= .01         8                                  3
DAYS >= .10         5                                  0
DAYS >= .50         4                                  0
DAYS >= 1.00        2                                  0
GREATEST
 24 HR. TOTAL    1.68   04/13 TO 04/13

SNOWFALL (INCHES)
RECORDS
 TOTAL             MM   MM
 24 HR TOTAL       MM
TOTALS            0.0               0.2    -0.2
SINCE 7/1         2.0               7.0    -5.0
DAYS >= TRACE       0
DAYS >= 1.0         0
GREATEST
 SNOW DEPTH         0   MM
 24 HR TOTAL      0.0   04/30 TO 04/30

DEGREE_DAYS
HEATING TOTAL     124               153     -29      227
 SINCE 7/1       3268              3088     180
COOLING TOTAL      51                72     -21       69
 SINCE 1/1         58                91     -33
.................................................................

WIND (MPH)
AVERAGE WIND SPEED              12.1
HIGHEST WIND SPEED/DIRECTION    43/250    DATE  04/10
HIGHEST GUST SPEED/DIRECTION    53/260    DATE  04/10

SKY COVER
POSSIBLE SUNSHINE (PERCENT)   MM
AVERAGE SKY COVER           0.20
NUMBER OF DAYS FAIR           23
NUMBER OF DAYS PC              5
NUMBER OF DAYS CLOUDY          2

AVERAGE RH (PERCENT)     60

WEATHER CONDITIONS. NUMBER OF DAYS WITH
  0
  6
  0
  0
  0
  0
  2
HAZE                      2

-  INDICATES NEGATIVE NUMBERS.
R  INDICATES RECORD WAS SET OR TIED.
MM INDICATES DATA IS MISSING.
T  INDICATES TRACE AMOUNT.

$$
