833
CXUS54 KLUB 041430
CLMCDS


CLIMATE REPORT
NATIONAL WEATHER SERVICE LUBBOCK, TX
927 AM CDT FRI OCT 4 2019

...................................

...THE CHILDRESS CLIMATE SUMMARY FOR THE MONTH OF JUNE 2019...

CLIMATE NORMAL PERIOD 1981 TO 2010
CLIMATE RECORD PERIOD 1893 TO 2019

WEATHER         OBSERVED          NORMAL  DEPART  LAST YEAR`S
                 VALUE   DATE(S)  VALUE   FROM    VALUE  DATE(S)
                                          NORMAL
................................................................
TEMPERATURE (F)
RECORD
 HIGH             117   06/26/2011
                        06/27/1994
                        54/01/2206
 LOW               44   06/15/1893
HIGHEST           104   06/21                        103  06/28
                                                          06/27
                                                          06/05
LOWEST             58   06/17                         62  06/04
                        06/11
AVG. MAXIMUM     90.3              91.6    -1.3     94.9
AVG. MINIMUM     65.8              66.4    -0.6     70.2
MEAN             78.0              79.0    -1.0     82.6

PRECIPITATION (INCHES)
RECORD
 MAXIMUM           MM   MM
 MINIMUM           MM   MM
TOTALS           1.58              3.95   -2.37     2.98
DAILY AVG.       0.05              0.13   -0.08
DAYS >= .01        10                                  9
DAYS >= .10         3                                  6
DAYS >= .50         1                                  3
DAYS >= 1.00        0                                  1
GREATEST
 24 HR. TOTAL    0.93   06/01 TO 06/01

DEGREE_DAYS
HEATING TOTAL       0                 2      -2        0
 SINCE 7/1       3316              3117     199
COOLING TOTAL     399               421     -22      536
 SINCE 1/1        615               733    -118
.................................................................

WIND (MPH)
AVERAGE WIND SPEED              10.6
HIGHEST WIND SPEED/DIRECTION    64/270    DATE  06/15
HIGHEST GUST SPEED/DIRECTION    80/270    DATE  06/15

SKY COVER
POSSIBLE SUNSHINE (PERCENT)   MM
AVERAGE SKY COVER           0.10
NUMBER OF DAYS FAIR           27
NUMBER OF DAYS PC              3
NUMBER OF DAYS CLOUDY          0

AVERAGE RH (PERCENT)     61

WEATHER CONDITIONS. NUMBER OF DAYS WITH
THUNDERSTORM              7     MIXED PRECIP                0
HEAVY RAIN                3     RAIN                        3
LIGHT RAIN               16     FREEZING RAIN               0
LT FREEZING RAIN          0     HAIL                        0
HEAVY SNOW                0     SNOW                        0
LIGHT SNOW                0     SLEET                       0
FOG                       7     FOG W/VIS <= 1/4 MILE       2
HAZE                      5

-  INDICATES NEGATIVE NUMBERS.
R  INDICATES RECORD WAS SET OR TIED.
MM INDICATES DATA IS MISSING.
T  INDICATES TRACE AMOUNT.

$$
