067
CXUS53 KPAH 010656
CLMCGI

CLIMATE REPORT
NATIONAL WEATHER SERVICE PADUCAH KY
150 AM CDT MON JUL 1 2019

...................................

...THE CAPE GIRARDEAU MO CLIMATE SUMMARY FOR THE MONTH OF JUNE 2019...

CLIMATE NORMAL PERIOD 1981 TO 2010
CLIMATE RECORD PERIOD 1960 TO 2019

WEATHER         OBSERVED          NORMAL  DEPART  LAST YEAR`S
                 VALUE   DATE(S)  VALUE   FROM    VALUE
                                          NORMAL
.............................................................
TEMPERATURE (F)
RECORD
 HIGH             107   06/29/2012
 LOW               45   06/07/2000
HIGHEST            93   06/30                         96
LOWEST             51   06/14                         56
AVG. MAXIMUM     84.4              86.3    -1.9     90.4
AVG. MINIMUM     65.4              64.2     1.2     68.0
MEAN             74.9              75.2    -0.3     79.2
DAYS MAX >= 90      6               8.7    -2.7       20
DAYS MAX <= 32      0               0.0     0.0        0
DAYS MIN <= 32      0               0.0     0.0        0
DAYS MIN <= 0       0               0.0     0.0        0

PRECIPITATION (INCHES)
RECORD
 MAXIMUM        11.09   1989
 MINIMUM         0.69   1988
TOTALS           5.30              3.57    1.73     8.14
DAILY AVG.       0.18              0.12    0.06     0.27
DAYS >= .01        14               9.8     4.2       11
DAYS >= .10        10               6.4     3.6       10
DAYS >= .50         3               2.5     0.5        5
DAYS >= 1.00        2               0.5     1.5        1
GREATEST
 24 HR. TOTAL    1.59   06/23 TO 06/23

DEGREE_DAYS
COOLING TOTAL     294               312     -18      431
 SINCE 1/1        513               464      49      733
..............................................................

WIND (MPH)
AVERAGE WIND SPEED              6.4
HIGHEST WIND SPEED/DIRECTION    37/300    DATE  06/21
HIGHEST GUST SPEED/DIRECTION    72/310    DATE  06/21

SKY COVER
POSSIBLE SUNSHINE (PERCENT)   MM
AVERAGE SKY COVER           0.30
NUMBER OF DAYS FAIR           20
NUMBER OF DAYS PC              9
NUMBER OF DAYS CLOUDY          1

AVERAGE RH (PERCENT)     71

WEATHER CONDITIONS. NUMBER OF DAYS WITH
THUNDERSTORM             13     MIXED PRECIP               0
HEAVY RAIN                9     RAIN                       7
LIGHT RAIN               17     FREEZING RAIN              0
LT FREEZING RAIN          0     HAIL                       0
HEAVY SNOW                0     SNOW                       0
LIGHT SNOW                0     SLEET                      0
FOG                      17     FOG W/VIS <= 1/4 MILE      1
HAZE                      6

-  INDICATES NEGATIVE NUMBERS.
R  INDICATES RECORD WAS SET OR TIED.
MM INDICATES DATA IS MISSING.
T  INDICATES TRACE AMOUNT.

$$
