000
CXUS54 KMRX 011316
CLMCHA


CLIMATE REPORT
NATIONAL WEATHER SERVICE MORRISTOWN TN
916 AM EDT MON JUL 1 2019

...................................

...THE CHATTANOOGA  ASOS CLIMATE SUMMARY FOR THE MONTH OF JUNE 2019...

CLIMATE NORMAL PERIOD 1981 TO 2010
CLIMATE RECORD PERIOD 1879 TO 2019

WEATHER         OBSERVED          NORMAL  DEPART
                 VALUE   DATE(S)  VALUE   FROM
                                          NORMAL
................................................
TEMPERATURE (F)
HIGHEST            94   06/30
                        06/27
LOWEST             53   06/14
AVG. MAXIMUM     86.8              87.1    -0.3
AVG. MINIMUM     67.8              65.8     2.0
MEAN             77.3              76.5     0.8
DAYS MAX >= 90      9
DAYS MAX <= 32      0
DAYS MIN <= 32      0
DAYS MIN <= 0       0

PRECIPITATION (INCHES)
RECORD
 MAXIMUM         9.40   1949
 MINIMUM         0.29   1931
TOTALS           4.46              4.05    0.41
DAYS >= .01        14
DAYS >= .10        11
DAYS >= .50         3
DAYS >= 1.00        0
GREATEST
 24 HR. TOTAL    0.93   06/09 TO 06/09

SNOWFALL (INCHES)
TOTALS            0.0               0.0     0.0
SINCE 7/1         0.1
SNOWDEPTH AVG.      0
DAYS >= TRACE       0
GREATEST
 SNOW DEPTH         0   MM

DEGREE_DAYS
HEATING TOTAL       0                 2      -2
 SINCE 7/1       2901              3240    -339
COOLING TOTAL     376               345      31
 SINCE 1/1        758               541     217
.................................................


WEATHER CONDITIONS. NUMBER OF DAYS WITH
THUNDERSTORM             12     RAIN                       8
SNOW                      0     FOG                       14
FOG W/VIS <= 1/4 MILE     0

-  INDICATES NEGATIVE NUMBERS.
R  INDICATES RECORD WAS SET OR TIED.
MM INDICATES DATA IS MISSING.
T  INDICATES TRACE AMOUNT.

$$
