000
CXUS54 KMRX 022149
CLMCHA


CLIMATE REPORT
NATIONAL WEATHER SERVICE MORRISTOWN TN
549 PM EDT THU MAY 2 2019

...................................

...THE CHATTANOOGA  ASOS CLIMATE SUMMARY FOR THE MONTH OF APRIL 2019...

CLIMATE NORMAL PERIOD 1981 TO 2010
CLIMATE RECORD PERIOD 1879 TO 2019

WEATHER         OBSERVED          NORMAL  DEPART
                 VALUE   DATE(S)  VALUE   FROM
                                          NORMAL
................................................
TEMPERATURE (F)
HIGHEST            86   04/30
                        04/29
LOWEST             36   04/01
AVG. MAXIMUM     76.3              72.7     3.6
AVG. MINIMUM     51.1              48.3     2.8
MEAN             63.7              60.5     3.2
DAYS MAX >= 90      0
DAYS MAX <= 32      0
DAYS MIN <= 32      0
DAYS MIN <= 0       0

PRECIPITATION (INCHES)
RECORD
 MAXIMUM        15.29   1911
 MINIMUM         0.44   1942
TOTALS           4.35              3.99    0.36
DAYS >= .01        10
DAYS >= .10         7
DAYS >= .50         3
DAYS >= 1.00        1
GREATEST
 24 HR. TOTAL    1.73   04/19 TO 04/19

SNOWFALL (INCHES)
TOTALS            0.0               0.1    -0.1
SINCE 7/1         0.1
SNOWDEPTH AVG.      0
DAYS >= TRACE       0
GREATEST
 SNOW DEPTH         0   MM

DEGREE_DAYS
HEATING TOTAL      99               174     -75
 SINCE 7/1       2889              3200    -311
COOLING TOTAL      69                39      30
 SINCE 1/1         77                46      31
.................................................


WEATHER CONDITIONS. NUMBER OF DAYS WITH
THUNDERSTORM              6     RAIN                       7
SNOW                      0     FOG                       15
FOG W/VIS <= 1/4 MILE     2

-  INDICATES NEGATIVE NUMBERS.
R  INDICATES RECORD WAS SET OR TIED.
MM INDICATES DATA IS MISSING.
T  INDICATES TRACE AMOUNT.

$$
