000
CXUS52 KCHS 011933
CLMCHS

CLIMATE REPORT
NATIONAL WEATHER SERVICE CHARLESTON SC
330 PM EDT MON JUL 1 2019

...................................

...THE NORTH CHARLESTON SC CLIMATE SUMMARY FOR THE MONTH OF JUNE 2019...

CLIMATE NORMAL PERIOD 1981 TO 2010
CLIMATE RECORD PERIOD 1938 TO 2019

WEATHER         OBSERVED          NORMAL  DEPART  LAST YEAR`S
                 VALUE   DATE(S)  VALUE   FROM    VALUE  DATE(S)
                                          NORMAL
................................................................
TEMPERATURE (F)
RECORD
 HIGH             103   06/24/1944
 LOW               50   06/02/1972
                        06/12/1972
HIGHEST            95   06/24                         97  06/24
                        06/22                             06/21
                        06/03                             06/20
LOWEST             58   06/15                         70  06/06
                                                          06/02
AVG. MAXIMUM     88.9              88.4     0.5     91.2
AVG. MINIMUM     70.1              69.6     0.5     73.3
MEAN             79.5              79.0     0.5     82.3
DAYS MAX >= 90     13              12.0     1.0       21
DAYS MAX <= 32      0               0.0     0.0        0
DAYS MIN <= 32      0               0.0     0.0        0
DAYS MIN <= 0       0               0.0     0.0        0

PRECIPITATION (INCHES)
RECORD
 MAXIMUM        27.24   1973
 MINIMUM         0.96   1970
                        1954
TOTALS           7.44              5.65    1.79     4.21
DAYS >= .01        15              11.9     3.1        9
DAYS >= .10        11               7.9     3.1        7
DAYS >= .50         6               3.9     2.1        3
DAYS >= 1.00        2               1.7     0.3        2
GREATEST
 24 HR. TOTAL    2.30   06/11 TO 06/12

SNOWFALL (INCHES)
TOTALS            0.0               0.0     0.0
SINCE 7/1         0.0               0.5    -0.5

DEGREE_DAYS
HEATING TOTAL       0                 1      -1        0
 SINCE 7/1       1566              1976    -410     1826
COOLING TOTAL     440               421      19      524
 SINCE 1/1       1008               783     225     1030
.................................................................

WIND (MPH)
AVERAGE WIND SPEED              7.3
HIGHEST WIND SPEED/DIRECTION    39/340
HIGHEST GUST SPEED/DIRECTION    50/350


WEATHER CONDITIONS. NUMBER OF DAYS WITH
THUNDERSTORM             13     MIXED PRECIP               0
HEAVY RAIN                9     RAIN                       8
LIGHT RAIN               16     FREEZING RAIN              0
LT FREEZING RAIN          0     HAIL                       0
HEAVY SNOW                0     SNOW                       0
LIGHT SNOW                0     SLEET                      0
FOG                      17     FOG W/VIS <= 1/4 MILE      0
HAZE                      4

-  INDICATES NEGATIVE NUMBERS.
R  INDICATES RECORD WAS SET OR TIED.
MM INDICATES DATA IS MISSING.
T  INDICATES TRACE AMOUNT.

&&

RECORDS ESTABLISHED AT THE CHARLESTON INTERNATIONAL AIRPORT DURING
THE MONTH:

*JUN 12 - RECORD LOW MAXIMUM TEMPERATURE OF 76 DEGREES

$$
