000
CXUS53 KDVN 011545
CLMCID


CLIMATE REPORT
NATIONAL WEATHER SERVICE QUAD CITIES IA IL
1045 AM CDT MON JUL 1 2019

...................................

...THE CEDAR RAPIDS IA CLIMATE SUMMARY FOR THE MONTH OF JUNE 2019...

CLIMATE NORMAL PERIOD 1981 TO 2010
CLIMATE RECORD PERIOD 1891 TO 2019

WEATHER         OBSERVED          NORMAL  DEPART
                 VALUE   DATE(S)  VALUE   FROM
                                          NORMAL
................................................
TEMPERATURE (F)
RECORD
 HIGH             103   06/28/1934
                        06/27/1934
                        06/26/1931
 LOW               36   06/04/1945
HIGHEST            92   06/30        83       9
LOWEST             49   06/13        55      -6
AVG. MAXIMUM     79.2              80.3    -1.1
AVG. MINIMUM     59.2              58.8     0.4
MEAN             69.2              69.6    -0.4
DAYS MAX >= 90      2
DAYS MAX <= 32      0
DAYS MIN <= 32      0
DAYS MIN <= 0       0

PRECIPITATION (INCHES)
TOTALS           4.15              4.92   -0.77
DAILY AVG.       0.14              0.16   -0.02
DAYS >= .01        14
DAYS >= .10         9
DAYS >= .50         3
DAYS >= 1.00        0
GREATEST
 24 HR. TOTAL    0.95   06/21 TO 06/21

DEGREE_DAYS
HEATING TOTAL      11                29     -18
 SINCE 7/1       7294              6866     428
COOLING TOTAL     145               166     -21
 SINCE 1/1        173               215     -42
.................................................

WIND (MPH)
AVERAGE WIND SPEED              8.7
HIGHEST WIND SPEED/DIRECTION    33/320    DATE  06/26
HIGHEST GUST SPEED/DIRECTION    47/280    DATE  06/26

SKY COVER
POSSIBLE SUNSHINE (PERCENT)   MM
AVERAGE SKY COVER           0.30
NUMBER OF DAYS FAIR           18
NUMBER OF DAYS PC             10
NUMBER OF DAYS CLOUDY          2

AVERAGE RH (PERCENT)     75

WEATHER CONDITIONS. NUMBER OF DAYS WITH
THUNDERSTORM             10     HAIL                       0
SLEET                     0     FOG                       19
FOG W/VIS <= 1/4 MILE     0     HAZE                       3


-  INDICATES NEGATIVE NUMBERS.
R  INDICATES RECORD WAS SET OR TIED.
MM INDICATES DATA IS MISSING.
T  INDICATES TRACE AMOUNT.

$$
