000
CXUS53 KDVN 011048
CLMCID


CLIMATE REPORT
NATIONAL WEATHER SERVICE QUAD CITIES IA IL
548 AM CDT WED MAY 1 2019

...................................

...THE CEDAR RAPIDS IA CLIMATE SUMMARY FOR THE MONTH OF APRIL 2019...

CLIMATE NORMAL PERIOD 1981 TO 2010
CLIMATE RECORD PERIOD 1891 TO 2019

WEATHER         OBSERVED          NORMAL  DEPART
                 VALUE   DATE(S)  VALUE   FROM
                                          NORMAL
................................................
TEMPERATURE (F)
RECORD
 HIGH              95   04/22/1980
 LOW                1   04/06/1982
HIGHEST            84   04/21        66      18
LOWEST             26   04/15        32      -6
AVG. MAXIMUM     60.9              60.7     0.2
AVG. MINIMUM     37.9              37.7     0.2
MEAN             49.4              49.2     0.2
DAYS MAX >= 90      0
DAYS MAX <= 32      0
DAYS MIN <= 32      8
DAYS MIN <= 0       0

PRECIPITATION (INCHES)
TOTALS           3.89              3.05    0.84
DAILY AVG.       0.13              0.10    0.03
DAYS >= .01        14
DAYS >= .10         9
DAYS >= .50         3
DAYS >= 1.00        0
GREATEST
 24 HR. TOTAL    1.03   04/28 TO 04/29

DEGREE_DAYS
HEATING TOTAL     461               481     -20
 SINCE 7/1       7025              6645     380
COOLING TOTAL       1                 7      -6
 SINCE 1/1          1                 7      -6
.................................................

WIND (MPH)
AVERAGE WIND SPEED              12.7
HIGHEST WIND SPEED/DIRECTION    40/090    DATE  04/11
HIGHEST GUST SPEED/DIRECTION    55/080    DATE  04/11

SKY COVER
POSSIBLE SUNSHINE (PERCENT)   MM
AVERAGE SKY COVER           0.50
NUMBER OF DAYS FAIR           10
NUMBER OF DAYS PC             13
NUMBER OF DAYS CLOUDY          7

AVERAGE RH (PERCENT)     71

WEATHER CONDITIONS. NUMBER OF DAYS WITH
THUNDERSTORM              5     HAIL                       0
SLEET                     1     FOG                       17
FOG W/VIS <= 1/4 MILE     3     HAZE                       3


-  INDICATES NEGATIVE NUMBERS.
R  INDICATES RECORD WAS SET OR TIED.
MM INDICATES DATA IS MISSING.
T  INDICATES TRACE AMOUNT.

$$
