000
CXUS51 KRLX 070401
CLMCKB


CLIMATE REPORT
NATIONAL WEATHER SERVICE CHARLESTON WV
1200 AM EDT TUE MAY 7 2019

...................................

...THE CLARKSBURG WV CLIMATE SUMMARY FOR THE MONTH OF APRIL 2019...

CLIMATE NORMAL PERIOD 1981 TO 2010
CLIMATE RECORD PERIOD 1922 TO 2019

WEATHER         OBSERVED          NORMAL  DEPART  LAST YEAR`S
                 VALUE   DATE(S)  VALUE   FROM    VALUE
                                          NORMAL
.............................................................
TEMPERATURE (F)
HIGHEST            86   04/18                         87
LOWEST             25   04/01                         23
AVG. MAXIMUM     70.7              64.8     5.9     60.8
AVG. MINIMUM     46.9              40.4     6.5     38.4
MEAN             58.8              52.6     6.2     49.6
DAYS MAX >= 90      0               0.0     0.0        0
DAYS MAX <= 32      0               0.2    -0.2        0
DAYS MIN <= 32      2               5.1    -3.1       10
DAYS MIN <= 0       0               0.0     0.0        0

PRECIPITATION (INCHES)
RECORD
 MAXIMUM         7.13   1948
 MINIMUM         1.19   1971
TOTALS           4.10              3.59    0.51     5.91
DAILY AVG.       0.14              0.12    0.02     0.20
DAYS >= .01        15                MM      MM       15
DAYS >= .10         8                MM      MM       10
DAYS >= .50         3                MM      MM        4
DAYS >= 1.00        1                MM      MM        2
GREATEST
 24 HR. TOTAL    1.05   04/14 TO 04/14

DEGREE_DAYS
HEATING TOTAL     203               380    -177      476
 SINCE 7/1       4306              5062    -756     4890
COOLING TOTAL      24                 8      16       19
 SINCE 1/1         25                 9      16       26
..............................................................

WIND (MPH)
AVERAGE WIND SPEED              6.3
HIGHEST WIND SPEED/DIRECTION    30/190    DATE  04/20
HIGHEST GUST SPEED/DIRECTION    40/280    DATE  04/14

SKY COVER
POSSIBLE SUNSHINE (PERCENT)   MM
AVERAGE SKY COVER           0.40
NUMBER OF DAYS FAIR           12
NUMBER OF DAYS PC             12
NUMBER OF DAYS CLOUDY          6

AVERAGE RH (PERCENT)     60

WEATHER CONDITIONS. NUMBER OF DAYS WITH
  0
  7
  0
  0
  0
  0
  1
HAZE                      3

-  INDICATES NEGATIVE NUMBERS.
R  INDICATES RECORD WAS SET OR TIED.
MM INDICATES DATA IS MISSING.
T  INDICATES TRACE AMOUNT.

$$
