000
CXUS51 KRLX 031200
CLMCKB


CLIMATE REPORT
NATIONAL WEATHER SERVICE CHARLESTON WV
759 AM EDT WED JUL 3 2019

...................................

...THE CLARKSBURG WV CLIMATE SUMMARY FOR THE MONTH OF JUNE 2019...

CLIMATE NORMAL PERIOD 1981 TO 2010
CLIMATE RECORD PERIOD 1922 TO 2019

WEATHER         OBSERVED          NORMAL  DEPART  LAST YEAR`S
                 VALUE   DATE(S)  VALUE   FROM    VALUE
                                          NORMAL
.............................................................
TEMPERATURE (F)
HIGHEST            91   06/28                         93
LOWEST             45   06/04                         44
AVG. MAXIMUM     80.8              80.4     0.4     82.4
AVG. MINIMUM     60.3              58.5     1.8     62.6
MEAN             70.6              69.5     1.1     72.5
DAYS MAX >= 90      4               1.4     2.6        3
DAYS MAX <= 32      0               0.0     0.0        0
DAYS MIN <= 32      0               0.0     0.0        0
DAYS MIN <= 0       0               0.0     0.0        0

PRECIPITATION (INCHES)
RECORD
 MAXIMUM        10.47   1998
 MINIMUM         0.06   2012
TOTALS           3.58              4.37   -0.79     5.47
DAILY AVG.       0.12              0.15   -0.03     0.18
DAYS >= .01        16                MM      MM       17
DAYS >= .10         9                MM      MM       10
DAYS >= .50         2                MM      MM        4
DAYS >= 1.00        0                MM      MM        1
GREATEST
 24 HR. TOTAL    0.69   06/13 TO 06/13

DEGREE_DAYS
HEATING TOTAL      16                23      -7       16
 SINCE 7/1       4382              5242    -860     4933
COOLING TOTAL     192               156      36      249
 SINCE 1/1        371               211     160      475
..............................................................

WIND (MPH)
AVERAGE WIND SPEED              5.7
HIGHEST WIND SPEED/DIRECTION    32/240    DATE  06/02
HIGHEST GUST SPEED/DIRECTION    47/250    DATE  06/02

SKY COVER
POSSIBLE SUNSHINE (PERCENT)   MM
AVERAGE SKY COVER           0.40
NUMBER OF DAYS FAIR           15
NUMBER OF DAYS PC             13
NUMBER OF DAYS CLOUDY          2

AVERAGE RH (PERCENT)     68

-  INDICATES NEGATIVE NUMBERS.
R  INDICATES RECORD WAS SET OR TIED.
MM INDICATES DATA IS MISSING.
T  INDICATES TRACE AMOUNT.

$$
