000
CXUS51 KCLE 041650
CLMCLE


CLIMATE REPORT
NATIONAL WEATHER SERVICE CLEVELAND OH
1238 PM EDT SUN AUG 4 2019

...................................

...THE CLEVELAND OH CLIMATE SUMMARY FOR THE MONTH OF JULY 2019...

CLIMATE NORMAL PERIOD 1981 TO 2010
CLIMATE RECORD PERIOD 1871 TO 2019

WEATHER         OBSERVED          NORMAL  DEPART  LAST YEAR`S
                 VALUE   DATE(S)  VALUE   FROM    VALUE
                                          NORMAL
.............................................................
TEMPERATURE (F)
RECORD
 HIGH             103   07/27/1941
 LOW               41   07/04/1968
HIGHEST            95   07/20
LOWEST             58   07/09
AVG. MAXIMUM     86.2              82.6     3.6     84.3
AVG. MINIMUM     68.2              64.3     3.9     66.7
MEAN             77.2              73.5     3.7     75.5
DAYS MAX >= 90     10               3.8     6.2        6
DAYS MAX <= 32      0               0.0     0.0        0
DAYS MIN <= 32      0               0.0     0.0        0
DAYS MIN <= 0       0               0.0     0.0        0

PRECIPITATION (INCHES)
RECORD
 MAXIMUM         9.12   1992
 MINIMUM         0.68   2001
TOTALS           2.62              3.46   -0.84     6.68
DAYS >= .01        12              10.3     1.7       13
DAYS >= .10         5               6.5    -1.5        7
DAYS >= .50         2               2.4    -0.4        5
DAYS >= 1.00        0               0.8    -0.8        3
GREATEST
 24 HR. TOTAL    1.05   07/16 TO 07/17              2.03

SNOWFALL (INCHES)
RECORDS
 TOTAL             MM   MM
TOTALS            0.0               0.0     0.0      0.0
SINCE 7/1         0.0               0.0     0.0      0.0
DAYS >= 1.0         0               0.0     0.0        0
GREATEST
 24 HR TOTAL      0.0   07/31 TO 07/31

DEGREE_DAYS
HEATING TOTAL       0                 4      -4        0
 SINCE 7/1          0                 4      -4        0
COOLING TOTAL     384               265     119      331
 SINCE 1/1        601               492     109      672
..............................................................

WIND (MPH)
AVERAGE WIND SPEED              7.8
HIGHEST WIND SPEED/DIRECTION    32/240    DATE  07/16
HIGHEST GUST SPEED/DIRECTION    39/240    DATE  07/16

SKY COVER
AVERAGE SKY COVER           0.50

AVERAGE RH (PERCENT)     66

-  INDICATES NEGATIVE NUMBERS.
R  INDICATES RECORD WAS SET OR TIED.
MM INDICATES DATA IS MISSING.
T  INDICATES TRACE AMOUNT.

$$
