000
CXUS54 KHGX 011554
CLMCLL

CLIMATE REPORT
NATIONAL WEATHER SERVICE HOUSTON/GALVESTON TX
1037 AM CDT MON JUL 1 2019

...................................

...THE COLLEGE STATION CLIMATE SUMMARY FOR THE MONTH OF JUNE 2019...

CLIMATE NORMAL PERIOD 1981 TO 2010
CLIMATE RECORD PERIOD 1902 TO 2019

WEATHER         OBSERVED          NORMAL  DEPART  LAST YEAR`S
                 VALUE   DATE(S)  VALUE   FROM    VALUE  DATE(S)
                                          NORMAL
................................................................
TEMPERATURE (F)
RECORD
 HIGH             108   06/17/1901
 LOW               63   06/16/2019
                        06/05/2009
                        06/13/1903
HIGHEST            95   06/19                         98  06/03
                        06/15
                        06/09
LOWEST             63R  06/16                         70  06/03
AVG. MAXIMUM     90.6              91.7    -1.1     93.8
AVG. MINIMUM     72.6              72.7    -0.1     75.1
MEAN             81.6              82.2    -0.6     84.5
DAYS MAX >= 90     20              21.0    -1.0       27
DAYS MAX <= 32      0               0.0     0.0        0
DAYS MIN <= 32      0               0.0     0.0        0
DAYS MIN <= 0       0               0.0     0.0        0

PRECIPITATION (INCHES)
RECORD
 MAXIMUM        15.03   1905
 MINIMUM            T   2009
                        1998
TOTALS           4.95              4.45    0.50     2.01
DAILY AVG.       0.16              0.15    0.01     0.07
DAYS >= .01        12               8.5     3.5        5
DAYS >= .10         7               6.0     1.0        4
DAYS >= .50         3               3.0     0.0        1
DAYS >= 1.00        2               1.4     0.6        1
GREATEST
 24 HR. TOTAL    1.85   06/05 TO 06/05

DEGREE_DAYS
HEATING TOTAL       0                 0       0        0
 SINCE 7/1       1700              1608      92     1521
COOLING TOTAL     506               516     -10      590
 SINCE 1/1       1120              1104      16     1265
.................................................................

WIND (MPH)
AVERAGE WIND SPEED              8.2
HIGHEST WIND SPEED/DIRECTION    45/340    DATE  06/16
HIGHEST GUST SPEED/DIRECTION    61/340    DATE  06/16

SKY COVER
AVERAGE SKY COVER           0.30

AVERAGE RH (PERCENT)     73

WEATHER CONDITIONS. NUMBER OF DAYS WITH

THUNDERSTORMS            9          MIXED PRECIP           0
HEAVY RAIN               5          RAIN                   7
LIGHT RAIN              14          FREEZING RAIN          0
LT FREEZING RAIN         0          HAIL                   0
HEAVY SNOW               0          SNOW                   0
LIGHT SNOW               0          SLEET                  0
FOG                     10          FOG W/VIS <= 1/4 MILE  1
HAZE                     0

-  INDICATES NEGATIVE NUMBERS.
R  INDICATES RECORD WAS SET OR TIED.
MM INDICATES DATA IS MISSING.
T  INDICATES TRACE AMOUNT.

$$
