000
CXUS54 KHGX 011814
CLMCLL

SATCLMCLL 000
TTAA00 KHGX 011810


CLIMATE REPORT
NATIONAL WEATHER SERVICE HOUSTON/GALVESTON TX
1059 AM CDT WED MAY 1 2019

...................................

...THE COLLEGE STATION CLIMATE SUMMARY FOR THE MONTH OF APRIL 2019...

CLIMATE NORMAL PERIOD 1981 TO 2010
CLIMATE RECORD PERIOD 1902 TO 2019

WEATHER         OBSERVED          NORMAL  DEPART  LAST YEAR`S
                 VALUE   DATE(S)  VALUE   FROM    VALUE  DATE(S)
                                          NORMAL
................................................................
TEMPERATURE (F)
RECORD
 HIGH              96   04/19/2011
                        04/30/1933
                        04/16/1920
 LOW               28   04/10/1973
HIGHEST            89   04/10                         84  04/24
                                                          04/12
                                                          04/06
LOWEST             37   04/02                         41  04/15
                                                          04/07
AVG. MAXIMUM     78.8              78.9    -0.1     76.6
AVG. MINIMUM     57.6              58.1    -0.5     53.5
MEAN             68.2              68.5    -0.3     65.1
DAYS MAX >= 90      0               0.7    -0.7        0
DAYS MAX <= 32      0               0.0     0.0        0
DAYS MIN <= 32      0               0.0     0.0        0
DAYS MIN <= 0       0               0.0     0.0        0

PRECIPITATION (INCHES)
RECORD
 MAXIMUM        12.50   1957
 MINIMUM            T   2011
TOTALS           5.55              2.66    2.89     1.48
DAILY AVG.       0.19              0.09    0.10     0.05
DAYS >= .01        10               6.5     3.5        6
DAYS >= .10         5               3.6     1.4        4
DAYS >= .50         3               1.9     1.1        1
DAYS >= 1.00        3               0.9     2.1        0
GREATEST
 24 HR. TOTAL    2.07   04/24 TO 04/24

SNOWFALL (INCHES)
RECORDS
 TOTAL              T   2007
TOTALS            0.0               0.0     0.0      0.0
SINCE 7/1           T                 T     0.0      5.0
SNOWDEPTH AVG.      0                                  0
DAYS >= 1.0         0               0.0     0.0        0
GREATEST
 SNOW DEPTH         0                                  0
 24 HR TOTAL      0.0   04/30 TO 04/30

DEGREE_DAYS
HEATING TOTAL      48                47       1       74
 SINCE 7/1       1699              1606      93     1521
COOLING TOTAL     149               152      -3       84
 SINCE 1/1        232               239      -7      232
.................................................................

WIND (MPH)
AVERAGE WIND SPEED              9.8
HIGHEST WIND SPEED/DIRECTION    36/310    DATE  04/18
HIGHEST GUST SPEED/DIRECTION    49/300    DATE  04/18

SKY COVER
AVERAGE SKY COVER           0.40

AVERAGE RH (PERCENT)     72

WEATHER CONDITIONS. NUMBER OF DAYS WITH
THUNDERSTORMS            6      MIXED PRECIP           0
HEAVY RAIN               5      RAIN                   5
LIGHT RAIN              13      FREEZING RAIN          0
LT FREEZING RAIN         0      HAIL                   0
HEAVY SNOW               0      SNOW                   0
LIGHT SNOW               0      SLEET                  0
FOG                     13      FOG W/VIS <= 1/4 MILE  1
HAZE                     2

-  INDICATES NEGATIVE NUMBERS.
R  INDICATES RECORD WAS SET OR TIED.
MM INDICATES DATA IS MISSING.
T  INDICATES TRACE AMOUNT.

$$
