255
CXUS52 KGSP 012142
CLMCLT

CLIMATE REPORT
NATIONAL WEATHER SERVICE GREENVILLE-SPARTANBURG SC
542 PM EDT WED MAY 1 2019

...................................

...THE CHARLOTTE CLIMATE SUMMARY FOR THE MONTH OF APRIL 2019...

CLIMATE NORMAL PERIOD 1981 TO 2010
CLIMATE RECORD PERIOD 1878 TO 2019

WEATHER         OBSERVED          NORMAL  DEPART  LAST YEAR`S
                 VALUE   DATE(S)  VALUE   FROM    VALUE  DATE(S)
                                          NORMAL
................................................................
TEMPERATURE (F)
RECORD
 HIGH              96   04/24/1925
 LOW               21   04/08/2007
HIGHEST            86   04/24        MM      MM       84  04/18
                        04/23
LOWEST             31   04/03        MM      MM       30  04/17
AVG. MAXIMUM     74.6              71.9     2.7     71.2
AVG. MINIMUM     51.6              46.9     4.7     46.2
MEAN             63.1              59.4     3.7     58.7
DAYS MAX >= 90      0               0.1    -0.1        0
DAYS MAX <= 32      0               0.0     0.0        0
DAYS MIN <= 32      1               1.1    -0.1        1
DAYS MIN <= 0       0               0.0     0.0        0

PRECIPITATION (INCHES)
RECORD
 MAXIMUM         9.01   1936
 MINIMUM         0.30   1976
TOTALS           5.33              3.04    2.29     5.03
DAILY AVG.       0.18              0.10    0.08     0.17
DAYS >= .01        10               8.8     1.2        8
DAYS >= .10         7               5.8     1.2        6
DAYS >= .50         4               2.3     1.7        3
DAYS >= 1.00        4               0.6     3.4        2
GREATEST
 24 HR. TOTAL    2.22   04/12 TO 04/13           04/23 TO 04/23


 STORM TOTAL       MM                                 MM
 (MM/DD(HH))            MM                    04/23(00) TO 04/23(00)



SNOWFALL (INCHES)
RECORDS
 TOTAL            3.5   1880
 24 HR TOTAL      3.5   04/09/1880 TO 04/09/1880
 SNOW DEPTH        MM   MM
TOTALS            0.1                 T     0.1        T
 LIQUID EQUIV    0.01                MM      MM       MM
SINCE 7/1         3.0               4.3    -1.3      4.2
 LIQUID 7/1      0.30                MM      MM     0.42
SNOWDEPTH AVG.      0                MM      MM        0
DAYS >= TRACE       2               0.0     2.0        2
DAYS >= 1.0         0               0.0     0.0        0
GREATEST
 SNOW DEPTH         0   MM                             0  MM
 24 HR TOTAL      0.1   04/02 TO 04/02           04/08 TO 04/08


 STORM TOTAL       MM                                 MM
 (MM/DD(HH))            MM                    04/08(00) TO 04/08(00)



DEGREE_DAYS
HEATING TOTAL     117               200     -83      197
 SINCE 7/1       2854              3332    -478     2975
COOLING TOTAL      66                32      34       14
 SINCE 1/1         74                37      37       47

FREEZE DATES
RECORD
 EARLIEST     MM
 LATEST       MM
EARLIEST                        MM
LATEST                          MM
.................................................................

WIND (MPH)
AVERAGE WIND SPEED              7.9
HIGHEST WIND SPEED/DIRECTION    31/170    DATE  04/19
HIGHEST GUST SPEED/DIRECTION    48/300    DATE  04/26

SKY COVER
POSSIBLE SUNSHINE (PERCENT)   MM
AVERAGE SKY COVER           0.60
NUMBER OF DAYS FAIR            7
NUMBER OF DAYS PC             14
NUMBER OF DAYS CLOUDY          9

AVERAGE RH (PERCENT)     63

WEATHER CONDITIONS. NUMBER OF DAYS WITH
THUNDERSTORM              6     MIXED PRECIP               0
HEAVY RAIN                5     RAIN                       6
LIGHT RAIN               13     FREEZING RAIN              0
LT FREEZING RAIN          0     HAIL                       1
HEAVY SNOW                0     SNOW                       1
LIGHT SNOW                0     SLEET                      1
FOG                      15     FOG W/VIS <= 1/4 MILE      3
HAZE                      5

-  INDICATES NEGATIVE NUMBERS.
R  INDICATES RECORD WAS SET OR TIED.
MM INDICATES DATA IS MISSING.
T  INDICATES TRACE AMOUNT.

$$

OUTLAW
