338
CXUS51 KILN 011125
CLMCMH


CLIMATE REPORT
NATIONAL WEATHER SERVICE WILMINGTON OH
716 AM EDT MON JUL 1 2019

...................................

...THE COLUMBUS CLIMATE SUMMARY FOR THE MONTH OF JUNE 2019...

CLIMATE NORMAL PERIOD 1981 TO 2010
CLIMATE RECORD PERIOD 1869 TO 2019

WEATHER         OBSERVED          NORMAL  DEPART  LAST YEAR`S
                 VALUE   DATE(S)  VALUE   FROM    VALUE  DATE(S)
                                          NORMAL
................................................................
TEMPERATURE (F)
RECORD
 HIGH             102   06/28/1944
 LOW               35   06/11/1972
HIGHEST            92   06/29        82      10       93  06/18
LOWEST             48   06/11        60     -12       50  06/06
AVG. MAXIMUM     80.4              81.6    -1.2     83.0
AVG. MINIMUM     61.9              61.5     0.4     64.8
MEAN             71.1              71.5    -0.4     73.9
DAYS MAX >= 90      3               3.1    -0.1        3
DAYS MAX <= 32      0               0.0     0.0        0
DAYS MIN <= 32      0               0.0     0.0        0
DAYS MIN <= 0       0               0.0     0.0        0

PRECIPITATION (INCHES)
TOTALS           7.04              4.01    3.03     6.71
DAILY AVG.       0.23              0.13    0.10     0.22
DAYS >= .01        12              11.2     0.8       15
DAYS >= .10         9               7.1     1.9       11
DAYS >= .50         5               2.8     2.2        5
DAYS >= 1.00        2               1.0     1.0        2
GREATEST
 24 HR. TOTAL    2.65   06/19 TO 06/19           06/21 TO 06/21

SNOWFALL (INCHES)
TOTALS            0.0               0.0     0.0      0.0
SINCE 7/1        27.4              26.7     0.7     30.7
DAYS >= TRACE       0               0.0     0.0        0
DAYS >= 1.0         0               0.0     0.0        0
GREATEST
 24 HR TOTAL      0.0   06/30 TO 06/30           06/30 TO 06/30

DEGREE_DAYS
HEATING TOTAL      16                19      -3        8
 SINCE 7/1       5166              5246     -80     5200
COOLING TOTAL     205               216     -11      281
 SINCE 1/1        328               298      30      520
.................................................................

WIND (MPH)
AVERAGE WIND SPEED              8.2
RESULTANT WIND SPEED/DIRECTION   2/207
HIGHEST WIND SPEED/DIRECTION    33/280    DATE  06/13
HIGHEST GUST SPEED/DIRECTION    41/260    DATE  06/13

SKY COVER
AVERAGE SKY COVER           0.70

AVERAGE RH (PERCENT)     68

WEATHER CONDITIONS. NUMBER OF DAYS WITH
THUNDERSTORM              7     MIXED PRECIP                0
HEAVY RAIN                3     RAIN                        8
LIGHT RAIN               19     FREEZING RAIN               0
LT FREEZING RAIN          0     HAIL                        0
HEAVY SNOW                0     SNOW                        0
LIGHT SNOW                0     SLEET                       0
FOG                      14     FOG W/VIS <= 1/4 MILE       1
HAZE                      5

-  INDICATES NEGATIVE NUMBERS.
R  INDICATES RECORD WAS SET OR TIED.
MM INDICATES DATA IS MISSING.
T  INDICATES TRACE AMOUNT.

$$
