000
CXUS51 KILN 011231
CLMCMH


CLIMATE REPORT
NATIONAL WEATHER SERVICE WILMINGTON OH
826 AM EDT WED MAY 1 2019

...................................

...THE COLUMBUS CLIMATE SUMMARY FOR THE MONTH OF APRIL 2019...

CLIMATE NORMAL PERIOD 1981 TO 2010
CLIMATE RECORD PERIOD 1869 TO 2019

WEATHER         OBSERVED          NORMAL  DEPART  LAST YEAR`S
                 VALUE   DATE(S)  VALUE   FROM    VALUE  DATE(S)
                                          NORMAL
................................................................
TEMPERATURE (F)
RECORD
 HIGH              90   04/25/1915
 LOW               14   04/07/1982
HIGHEST            82   04/11        63      19       82  04/13
LOWEST             24   04/01        41     -17       25  04/08
AVG. MAXIMUM     65.4              63.5     1.9     58.0
AVG. MINIMUM     44.6              42.6     2.0     37.5
MEAN             55.0              53.1     1.9     47.7
DAYS MAX >= 90      0               0.0     0.0        0
DAYS MAX <= 32      0               0.0     0.0        0
DAYS MIN <= 32      2               3.8    -1.8       13
DAYS MIN <= 0       0               0.0     0.0        0

PRECIPITATION (INCHES)
TOTALS           3.55              3.40    0.15     5.23
DAILY AVG.       0.12              0.11    0.01     0.17
DAYS >= .01         9              13.7    -4.7       14
DAYS >= .10         8               7.3     0.7        8
DAYS >= .50         4               2.2     1.8        2
DAYS >= 1.00        0               0.5    -0.5        2
GREATEST
 24 HR. TOTAL    1.17   04/25 TO 04/26

SNOWFALL (INCHES)
TOTALS            0.0               1.1    -1.1      2.9
SINCE 7/1        27.4              26.7     0.7     30.7
DAYS >= TRACE       0               1.2    -1.2       10
DAYS >= 1.0         0               0.2    -0.2        0
GREATEST
 24 HR TOTAL      0.0   04/30 TO 04/30

DEGREE_DAYS
HEATING TOTAL     298               371     -73      522
 SINCE 7/1       5047              5082     -35     5182
COOLING TOTAL       7                12      -5        9
 SINCE 1/1          7                12      -5       13
.................................................................

WIND (MPH)
AVERAGE WIND SPEED              8.8
RESULTANT WIND SPEED/DIRECTION   2/247
HIGHEST WIND SPEED/DIRECTION    45/270    DATE  04/14
HIGHEST GUST SPEED/DIRECTION    54/270    DATE  04/14

SKY COVER
AVERAGE SKY COVER           0.80

AVERAGE RH (PERCENT)     64

WEATHER CONDITIONS. NUMBER OF DAYS WITH
THUNDERSTORM              6     MIXED PRECIP                0
HEAVY RAIN                5     RAIN                        6
LIGHT RAIN               17     FREEZING RAIN               0
LT FREEZING RAIN          0     HAIL                        0
HEAVY SNOW                0     SNOW                        0
LIGHT SNOW                0     SLEET                       0
FOG                      13     FOG W/VIS <= 1/4 MILE       0
HAZE                      2

-  INDICATES NEGATIVE NUMBERS.
R  INDICATES RECORD WAS SET OR TIED.
MM INDICATES DATA IS MISSING.
T  INDICATES TRACE AMOUNT.

$$
