000
CXUS53 KTOP 011749
CLMCNK


CLIMATE REPORT
NATIONAL WEATHER SERVICE TOPEKA KS
1239 PM CDT THU AUG 1 2019

...................................

...THE CONCORDIA KS CLIMATE SUMMARY FOR THE MONTH OF JULY 2019...

CLIMATE NORMAL PERIOD 1981 TO 2010
CLIMATE RECORD PERIOD 1885 TO 2019

WEATHER         OBSERVED          NORMAL  DEPART  LAST YEAR`S
                 VALUE   DATE(S)  VALUE   FROM    VALUE
                                          NORMAL
.............................................................
TEMPERATURE (F)
RECORD
 HIGH             114   07/13/1934
 LOW               46   07/09/1895
HIGHEST           102   07/17        91      11       97
LOWEST             56   07/23        66     -10       56
AVG. MAXIMUM     90.9              90.7     0.2     88.4
AVG. MINIMUM     69.8              67.4     2.4     66.2
MEAN             80.4              79.1     1.3     77.3
DAYS MAX >= 90     20              17.3     2.7       12
DAYS MAX <= 32      0               0.0     0.0        0
DAYS MIN <= 32      0               0.0     0.0        0
DAYS MIN <= 0       0               0.0     0.0        0

PRECIPITATION (INCHES)
RECORD
 MAXIMUM        16.75   1993
 MINIMUM         0.03   1919
TOTALS           3.16              3.92   -0.76     2.55
DAILY AVG.       0.10              0.13   -0.03     0.08
DAYS >= .01         6               8.4    -2.4       11
DAYS >= .10         5               5.4    -0.4        5
DAYS >= .50         3               2.9     0.1        2
DAYS >= 1.00        0               1.2    -1.2        0
GREATEST
 24 HR. TOTAL    0.94   07/05 TO 07/05              0.88

SNOWFALL (INCHES)
RECORDS
 TOTAL              T   1995
TOTALS            0.0               0.0     0.0      0.0
SINCE 7/1         0.0               0.0     0.0      0.0
SNOWDEPTH AVG.      0                                  0
DAYS >= 1.0         0               0.0     0.0        0
GREATEST
 SNOW DEPTH         0   MM                             0
 24 HR TOTAL      0.0   07/31 TO 07/31               0.0

DEGREE_DAYS
HEATING TOTAL       0                 0       0        0
 SINCE 7/1          0                 0       0        0
COOLING TOTAL     484               436      48      391
 SINCE 1/1        905               790     115     1032
..............................................................

WIND (MPH)
AVERAGE WIND SPEED              10.2
HIGHEST WIND SPEED/DIRECTION    36/310    DATE  07/10
HIGHEST GUST SPEED/DIRECTION    58/330    DATE  07/10

SKY COVER
POSSIBLE SUNSHINE (PERCENT)   MM
AVERAGE SKY COVER           0.10
NUMBER OF DAYS FAIR           27
NUMBER OF DAYS PC              4
NUMBER OF DAYS CLOUDY          0

AVERAGE RH (PERCENT)     65


-  INDICATES NEGATIVE NUMBERS.
R  INDICATES RECORD WAS SET OR TIED.
MM INDICATES DATA IS MISSING.
T  INDICATES TRACE AMOUNT.

$$
