000
CXUS53 KTOP 011457
CLMCNK


CLIMATE REPORT
NATIONAL WEATHER SERVICE TOPEKA KS
956 AM CDT WED MAY 1 2019

...................................

...THE CONCORDIA KS CLIMATE SUMMARY FOR THE MONTH OF APRIL 2019...

CLIMATE NORMAL PERIOD 1981 TO 2010
CLIMATE RECORD PERIOD 1885 TO 2019

WEATHER         OBSERVED          NORMAL  DEPART  LAST YEAR`S
                 VALUE   DATE(S)  VALUE   FROM    VALUE
                                          NORMAL
.............................................................
TEMPERATURE (F)
RECORD
 HIGH             100   04/20/1902
 LOW               12   04/07/2018
HIGHEST            87   04/20        69      18       85
LOWEST             27   04/13        36      -9       12
AVG. MAXIMUM     70.2              65.0     5.2     60.1
AVG. MINIMUM     43.8              41.2     2.6     32.7
MEAN             57.0              53.1     3.9     46.4
DAYS MAX >= 90      0               0.4    -0.4        0
DAYS MAX <= 32      0               0.0     0.0        2
DAYS MIN <= 32      4               4.4    -0.4       15
DAYS MIN <= 0       0               0.0     0.0        0

PRECIPITATION (INCHES)
RECORD
 MAXIMUM         5.98   1984
 MINIMUM         0.37   1989
TOTALS           1.63              2.45   -0.82     0.99
DAILY AVG.       0.05              0.08   -0.03     0.03
DAYS >= .01         7               8.8    -1.8        9
DAYS >= .10         4               4.9    -0.9        3
DAYS >= .50         1               1.8    -0.8        0
DAYS >= 1.00        0               0.5    -0.5        0
GREATEST
 24 HR. TOTAL    0.53   04/06 TO 04/06              0.40

SNOWFALL (INCHES)
RECORDS
 TOTAL            7.8   1997
TOTALS              T               0.5    -0.5      0.4
SINCE 7/1        48.2              20.2    28.0     11.6
SNOWDEPTH AVG.      0                                  0
DAYS >= 1.0         0               0.2    -0.2        0
GREATEST
 SNOW DEPTH         0   MM                             0
 24 HR TOTAL        T   04/11 TO 04/11               0.2

DEGREE_DAYS
HEATING TOTAL     245               373    -128      559
 SINCE 7/1       5663              5264     399     5298
COOLING TOTAL      14                16      -2        9
 SINCE 1/1         14                17      -3        9
..............................................................

WIND (MPH)
AVERAGE WIND SPEED              11.7
HIGHEST WIND SPEED/DIRECTION    38/330    DATE  04/27
HIGHEST GUST SPEED/DIRECTION    53/330    DATE  04/27

SKY COVER
POSSIBLE SUNSHINE (PERCENT)    0
AVERAGE SKY COVER           0.30
NUMBER OF DAYS FAIR           20
NUMBER OF DAYS PC              7
NUMBER OF DAYS CLOUDY          3

AVERAGE RH (PERCENT)     55


-  INDICATES NEGATIVE NUMBERS.
R  INDICATES RECORD WAS SET OR TIED.
MM INDICATES DATA IS MISSING.
T  INDICATES TRACE AMOUNT.

$$
