867
CXUS53 KICT 011549
CLMCNU

CLIMATE REPORT
NATIONAL WEATHER SERVICE WICHITA KS
1048 AM CDT THU AUG 1 2019

...................................

...THE CHANUTE KS CLIMATE SUMMARY FOR THE MONTH OF JULY 2019...

CLIMATE NORMAL PERIOD 1981 TO 2010
CLIMATE RECORD PERIOD 1894 TO 2019

WEATHER         OBSERVED          NORMAL  DEPART  LAST YEAR`S
                 VALUE   DATE(S)  VALUE   FROM    VALUE  DATE(S)
                                          NORMAL
................................................................
TEMPERATURE (F)
RECORD
 HIGH             116   07/18/1936
 LOW               48   07/03/1924
HIGHEST            98   07/20                         98  07/19
                        07/19
LOWEST             57   07/24                         58  07/27
AVG. MAXIMUM     90.6              89.8     0.8     91.6
AVG. MINIMUM     69.4              69.2     0.2     68.9
MEAN             80.0              79.5     0.5     80.3
DAYS MAX >= 90     21              15.1     5.9       24
DAYS MAX <= 32      0               0.0     0.0        0
DAYS MIN <= 32      0               0.0     0.0        0
DAYS MIN <= 0       0               0.0     0.0        0

PRECIPITATION (INCHES)
RECORD
 MAXIMUM        16.36   1992
 MINIMUM         0.00   2003
                        1936
TOTALS           3.63              4.37   -0.74     3.24
DAILY AVG.       0.12              0.14   -0.02     0.10
DAYS >= .01         8               7.8     0.2       10
DAYS >= .10         5               5.0     0.0        4
DAYS >= .50         3               2.3     0.7        3
DAYS >= 1.00        2               1.3     0.7        1
GREATEST
 24 HR. TOTAL    1.19   07/29 TO 07/29

DEGREE_DAYS
HEATING TOTAL       0                 0       0        0
 SINCE 7/1          0                 0       0        0
COOLING TOTAL     472               449      23      480
.................................................................

WIND (MPH)
AVERAGE WIND SPEED              7.8
HIGHEST WIND SPEED/DIRECTION    38/290    DATE  07/21
HIGHEST GUST SPEED/DIRECTION    53/280    DATE  07/21

SKY COVER
POSSIBLE SUNSHINE (PERCENT)   MM
AVERAGE SKY COVER           0.20
NUMBER OF DAYS FAIR           27
NUMBER OF DAYS PC              4
NUMBER OF DAYS CLOUDY          0

AVERAGE RH (PERCENT)     69

WEATHER CONDITIONS. NUMBER OF DAYS WITH
  0
  5
  0
  0
  0
  0
  0
HAZE                      2

-  INDICATES NEGATIVE NUMBERS.
R  INDICATES RECORD WAS SET OR TIED.
MM INDICATES DATA IS MISSING.
T  INDICATES TRACE AMOUNT.

$$
