000
CXUS53 KICT 151302
CLMCNU

CLIMATE REPORT
NATIONAL WEATHER SERVICE WICHITA KS
743 AM CDT WED MAY 15 2019

...................................

...THE CHANUTE KS CLIMATE SUMMARY FOR THE MONTH OF APRIL 2019...

CLIMATE NORMAL PERIOD 1981 TO 2010
CLIMATE RECORD PERIOD 1894 TO 2019

WEATHER         OBSERVED          NORMAL  DEPART  LAST YEAR`S
                 VALUE   DATE(S)  VALUE   FROM    VALUE  DATE(S)
                                          NORMAL
................................................................
TEMPERATURE (F)
RECORD
 HIGH              96   04/14/1936
 LOW               14   04/03/1936
HIGHEST            89   04/10                         82  04/30
LOWEST             28   04/01                         23  04/07
                                                          04/04
AVG. MAXIMUM     72.8              67.9     4.9     63.6
AVG. MINIMUM     47.9              45.8     2.1     38.5
MEAN             60.4              56.8     3.6     51.0
DAYS MAX >= 90      0               0.1    -0.1        0
DAYS MAX <= 32      0               0.0     0.0        0
DAYS MIN <= 32      1               2.1    -1.1       13
DAYS MIN <= 0       0               0.0     0.0        0

PRECIPITATION (INCHES)
RECORD
 MAXIMUM        16.25   1994
 MINIMUM         0.16   1900
TOTALS           5.48              4.40    1.08     1.13
DAILY AVG.       0.18              0.15    0.03     0.04
DAYS >= .01         8               9.8    -1.8        6
DAYS >= .10         7               6.4     0.6        3
DAYS >= .50         3               3.0     0.0        0
DAYS >= 1.00        2               1.1     0.9        0
GREATEST
 24 HR. TOTAL    2.59   04/30 TO 04/30

DEGREE_DAYS
HEATING TOTAL     170               271    -101      421
 SINCE 7/1       4455              4402      53     4287
COOLING TOTAL      40                27      13        9
.................................................................

WIND (MPH)
AVERAGE WIND SPEED              11.1
HIGHEST WIND SPEED/DIRECTION    39/180    DATE  04/21
HIGHEST GUST SPEED/DIRECTION    55/190    DATE  04/10

SKY COVER
POSSIBLE SUNSHINE (PERCENT)   MM
AVERAGE SKY COVER           0.40
NUMBER OF DAYS FAIR           16
NUMBER OF DAYS PC              6
NUMBER OF DAYS CLOUDY          7

AVERAGE RH (PERCENT)     61

-  INDICATES NEGATIVE NUMBERS.
R  INDICATES RECORD WAS SET OR TIED.
MM INDICATES DATA IS MISSING.
T  INDICATES TRACE AMOUNT.

$$
