000
CXUS53 KLSX 011508
CLMCOU


CLIMATE REPORT
NATIONAL WEATHER SERVICE ST LOUIS MO
931 AM CDT MON JUL 1 2019

...................................

...THE COLUMBIA MO CLIMATE SUMMARY FOR THE MONTH OF JUNE 2019...

CLIMATE NORMAL PERIOD 1981 TO 2010
CLIMATE RECORD PERIOD 1890 TO 2019

WEATHER         OBSERVED          NORMAL  DEPART  LAST YEAR`S
                 VALUE   DATE(S)  VALUE   FROM    VALUE
                                          NORMAL
.............................................................
TEMPERATURE (F)
RECORD
 HIGH             107   06/28/2012
 LOW               40   06/05/1993
HIGHEST            92   06/29                         98
                        06/05
LOWEST             51   06/13                         56
AVG. MAXIMUM     82.9              83.0    -0.1     90.1
AVG. MINIMUM     64.3              62.8     1.5     68.2
MEAN             73.6              72.9     0.7     79.1
DAYS MAX >= 90      5               3.8     1.2       19
DAYS MAX <= 32      0               0.0     0.0        0
DAYS MIN <= 32      0               0.0     0.0        0
DAYS MIN <= 0       0               0.0     0.0        0

PRECIPITATION (INCHES)
RECORD
 MAXIMUM        14.86   1928
 MINIMUM         0.12   1959
TOTALS           5.75              4.47    1.28     3.12
DAILY AVG.       0.19              0.15    0.04     0.10
DAYS >= .01        10               9.7     0.3        5
DAYS >= .10         9               6.3     2.7        4
DAYS >= .50         4               3.0     1.0        2
DAYS >= 1.00        3               1.4     1.6        1
GREATEST
 24 HR. TOTAL    1.82   06/21 TO 06/22              1.57

DEGREE_DAYS
HEATING TOTAL       2                11      -9        0
 SINCE 7/1       5020              5023      -3     4769
COOLING TOTAL     267               248      19      432
 SINCE 1/1        431               351      80      727
..............................................................

WIND (MPH)
HIGHEST WIND SPEED/DIRECTION    36/300    DATE  06/23
HIGHEST GUST SPEED/DIRECTION    48/310    DATE  06/23

SKY COVER
NUMBER OF DAYS FAIR           21
NUMBER OF DAYS PC              9
NUMBER OF DAYS CLOUDY          0


WEATHER CONDITIONS. NUMBER OF DAYS WITH
THUNDERSTORM              9     MIXED PRECIP               0
HEAVY RAIN                8     RAIN                       7
LIGHT RAIN               10     FREEZING RAIN              0
LT FREEZING RAIN          0     HAIL                       0
HEAVY SNOW                0     SNOW                       0
LIGHT SNOW                0     SLEET                      0
FOG                      12     FOG W/VIS <= 1/4 MILE      1
HAZE                      6

-  INDICATES NEGATIVE NUMBERS.
R  INDICATES RECORD WAS SET OR TIED.
MM INDICATES DATA IS MISSING.
T  INDICATES TRACE AMOUNT.


...MONTHLY...

TIED 7TH MOST OCCURRENCES WITH AT LEAST ONE INCH OF RAINFALL
(3 DAYS).


...DAILY...

RECORD RAINFALL VALUE OF 1.74 INCHES SET ON 6/22.  PREVIOUS RECORD OF 1.72 INCHES IN 1969.
$$
