000
CXUS56 KLOX 012026
CLMCQT


CLIMATE REPORT
NATIONAL WEATHER SERVICE LOS ANGELES/OXNARD CA
116 PM PDT WED MAY 1 2019

...................................

...THE DOWNTOWN LOS ANGELES (USC) CA CLIMATE SUMMARY FOR THE MONTH OF APRIL 2019...

CLIMATE NORMAL PERIOD 1981 TO 2010
CLIMATE RECORD PERIOD 1877 TO 2019

WEATHER         OBSERVED          NORMAL  DEPART  LAST YEAR`S
                 VALUE   DATE(S)  VALUE   FROM    VALUE
                                          NORMAL
.............................................................
TEMPERATURE (F)
HIGHEST            87   04/08
LOWEST             52   04/15
AVG. MAXIMUM     73.3              72.7     0.6
AVG. MINIMUM     56.9              53.5     3.4
MEAN             65.1              63.1     2.0
DAYS MAX >= 90      0
DAYS MAX <= 32      0
DAYS MIN <= 32      0
DAYS MIN <= 0       0

PRECIPITATION (INCHES)
TOTALS           0.02              0.91   -0.89
DAILY AVG.       0.00
DAYS >= .01         2
DAYS >= .10         0
DAYS >= .50         0
DAYS >= 1.00        0
GREATEST
 24 HR. TOTAL    0.01   04/29 TO 04/29
                        04/04 TO 04/04

DEGREE_DAYS
HEATING TOTAL      38               101     -63       56
 SINCE 7/1        900              1033    -133      612
COOLING TOTAL      48                44       4       45
 SINCE 1/1         68                87     -19       81
..............................................................

WIND (MPH)
AVERAGE WIND SPEED              2.0
HIGHEST WIND SPEED/DIRECTION    18/340    DATE  04/09
HIGHEST GUST SPEED/DIRECTION    34/360    DATE  04/09

SKY COVER
POSSIBLE SUNSHINE (PERCENT)   MM
AVERAGE SKY COVER           0.30
NUMBER OF DAYS FAIR           16
NUMBER OF DAYS PC             10
NUMBER OF DAYS CLOUDY          4

AVERAGE RH (PERCENT)     64

WEATHER CONDITIONS. NUMBER OF DAYS WITH
  0
  0
  0
  0
  0
  0
  0
HAZE                     11

-  INDICATES NEGATIVE NUMBERS.
R  INDICATES RECORD WAS SET OR TIED.
MM INDICATES DATA IS MISSING.
T  INDICATES TRACE AMOUNT.

$$
