000
CXUS52 KILM 020134
CLMCRE


CLIMATE REPORT
NATIONAL WEATHER SERVICE WILMINGTON NC
930 PM EDT WED MAY 1 2019

...................................

...THE N.MYRTLE BEACH SOUTH CAROLINA CLIMATE SUMMARY FOR THE MONTH OF APRIL 2019...

CLIMATE NORMAL PERIOD 1981 TO 2010
CLIMATE RECORD PERIOD 1949 TO 2019

WEATHER         OBSERVED          NORMAL  DEPART  LAST YEAR`S
                 VALUE   DATE(S)  VALUE   FROM    VALUE  DATE(S)
                                          NORMAL
................................................................
TEMPERATURE (F)
RECORD
 HIGH              92   04/22/2002
                        04/21/2002
                        04/26/1990
 LOW               28   04/16/1950
HIGHEST            81   04/26        MM      MM       84  04/19
                        04/25
LOWEST             36   04/03        MM      MM       38  04/17
                                                          04/08
AVG. MAXIMUM     71.9              71.3     0.6     69.2
AVG. MINIMUM     55.8              51.9     3.9     50.3
MEAN             63.8              61.6     2.2     59.8
DAYS MAX >= 90      0               0.0     0.0        0
DAYS MAX <= 32      0               0.0     0.0        0
DAYS MIN <= 32      0               0.2    -0.2        0
DAYS MIN <= 0       0               0.0     0.0        0

PRECIPITATION (INCHES)
RECORD
 MAXIMUM           MM   MM
 MINIMUM           MM   MM
TOTALS           4.88              2.96    1.92     5.07
DAILY AVG.       0.16              0.10    0.06
DAYS >= .01         8                MM      MM
DAYS >= .10         4                MM      MM
DAYS >= .50         3                MM      MM
DAYS >= 1.00        3                MM      MM
GREATEST
 24 HR. TOTAL    2.20   04/19 TO 04/19

DEGREE_DAYS
HEATING TOTAL      96               141     -45      174
 SINCE 7/1       2052              2423    -371
COOLING TOTAL      71                39      32       24
 SINCE 1/1         76                42      34

FREEZE DATES
RECORD
 EARLIEST     MM
 LATEST       MM
EARLIEST                        MM
LATEST                          MM
.................................................................

WIND (MPH)
AVERAGE WIND SPEED              9.1
RESULTANT WIND SPEED/DIRECTION   4/193
HIGHEST WIND SPEED/DIRECTION    41/200    DATE  04/19
HIGHEST GUST SPEED/DIRECTION    58/200    DATE  04/19

SKY COVER
POSSIBLE SUNSHINE (PERCENT)   MM
AVERAGE SKY COVER           0.30
NUMBER OF DAYS FAIR           19
NUMBER OF DAYS PC              7
NUMBER OF DAYS CLOUDY          4

AVERAGE RH (PERCENT)     75

WEATHER CONDITIONS. NUMBER OF DAYS WITH
THUNDERSTORM              1     MIXED PRECIP               M
HEAVY RAIN                4     RAIN                       4
LIGHT RAIN               11     FREEZING RAIN              0
LT FREEZING RAIN          0     HAIL                       M
HEAVY SNOW                0     SNOW                       0
LIGHT SNOW                0     SLEET                      M
FOG                      17     FOG W/VIS <= 1/4 MILE      4
HAZE                      2

-  INDICATES NEGATIVE NUMBERS.
R  INDICATES RECORD WAS SET OR TIED.
MM INDICATES DATA IS MISSING.
T  INDICATES TRACE AMOUNT.

$$
