000
CXUS54 KCRP 012019
CLMCRP

CLIMATE REPORT
NATIONAL WEATHER SERVICE CORPUS CHRISTI TX
319 PM CDT WED MAY 1 2019

...THE CORPUS CHRISTI CLIMATE SUMMARY FOR THE MONTH OF APRIL 2019...

CLIMATE NORMAL PERIOD 1981 TO 2010
CLIMATE RECORD PERIOD 1887 TO 2019

WEATHER         OBSERVED          NORMAL  DEPART  LAST YEAR`S
                 VALUE   DATE(S)  VALUE   FROM    VALUE  DATE(S)
                                          NORMAL
................................................................
TEMPERATURE (F)
RECORD
 HIGH             103   04/27/2014
                        04/28/2014
 LOW               33   04/03/1987
                        04/14/1980
HIGHEST            93   04/10        82      11       90  04/13
LOWEST             45   04/02        63     -18       44  04/08
AVG. MAXIMUM     82.9              81.7     1.2     81.0
AVG. MINIMUM     62.9              63.0    -0.1     60.4
MEAN             72.9              72.4     0.5     70.7
DAYS MAX >= 90      3               2.1     0.9        1
DAYS MAX <= 32      0               0.0     0.0        0
DAYS MIN <= 32      0               0.0     0.0        0
DAYS MIN <= 0       0               0.0     0.0        0

PRECIPITATION (INCHES)
RECORD
 MAXIMUM         9.21   2004
 MINIMUM            T   1984
                        1983
                        1887
TOTALS           3.05              1.84    1.21     0.26
DAILY AVG.       0.10              0.06    0.04     0.01
DAYS >= .01         5               5.3    -0.3        8
DAYS >= .10         3               2.3     0.7        1
DAYS >= .50         3               0.9     2.1        0
DAYS >= 1.00        2               0.5     1.5        0
GREATEST
 24 HR. TOTAL    1.36   04/07 TO 04/07              0.12

SNOWFALL (INCHES)
RECORDS
 TOTAL            0.0   MM
 24 HR TOTAL      0.0   MM
TOTALS            0.0               0.0     0.0      0.0
SINCE 7/1           T               0.2    -0.2      1.0
SNOWDEPTH AVG.      0                MM      MM        0
DAYS >= 1.0         0               0.0     0.0        0
GREATEST
 SNOW DEPTH         0   MM                             0
 24 HR TOTAL      0.0   04/30 TO 04/30               0.0

DEGREE_DAYS
HEATING TOTAL      20                17       3       17
 SINCE 7/1        864               898     -34      871
COOLING TOTAL     267               237      30      195
 SINCE 1/1        488               428      60      522
.................................................................

WIND (MPH)
AVERAGE WIND SPEED              13.6
HIGHEST WIND SPEED/DIRECTION    40/310    DATE  04/13
HIGHEST GUST SPEED/DIRECTION    54/340    DATE  04/18

SKY COVER
AVERAGE SKY COVER           0.60

AVERAGE RH (PERCENT)     69

WEATHER CONDITIONS. NUMBER OF DAYS WITH
THUNDERSTORM              4     MIXED PRECIP                0
HEAVY RAIN                3     RAIN                        2
LIGHT RAIN               13     FREEZING RAIN               0
LT FREEZING RAIN          0     HAIL                        0
HEAVY SNOW                0     SNOW                        0
LIGHT SNOW                0     SLEET                       0
FOG                      13     FOG W/VIS <= 1/4 MILE       3
HAZE                     10

-  INDICATES NEGATIVE NUMBERS.
R  INDICATES RECORD WAS SET OR TIED.
MM INDICATES DATA IS MISSING.
T  INDICATES TRACE AMOUNT.

$$

87
