000
CXUS51 KRLX 070401
CLMCRW


CLIMATE REPORT
NATIONAL WEATHER SERVICE CHARLESTON WV
1200 AM EDT TUE MAY 7 2019

...................................

...THE CHARLESTON WV CLIMATE SUMMARY FOR THE MONTH OF APRIL 2019...

CLIMATE NORMAL PERIOD 1981 TO 2010
CLIMATE RECORD PERIOD 1901 TO 2019

WEATHER         OBSERVED          NORMAL  DEPART  LAST YEAR`S
                 VALUE   DATE(S)  VALUE   FROM    VALUE
                                          NORMAL
.............................................................
TEMPERATURE (F)
RECORD
 HIGH              96   04/24/1925
 LOW               18   04/01/1923
HIGHEST            90   04/18                         88
LOWEST             24   04/01                         24
AVG. MAXIMUM     72.3              67.7     4.6     63.9
AVG. MINIMUM     46.5              44.5     2.0     38.9
MEAN             59.4              56.1     3.3     51.4
DAYS MAX >= 90      1               0.3     0.7        0
DAYS MAX <= 32      0               0.1    -0.1        0
DAYS MIN <= 32      3               3.1    -0.1        8
DAYS MIN <= 0       0               0.0     0.0        0

PRECIPITATION (INCHES)
RECORD
 MAXIMUM         7.15   1908
 MINIMUM         0.50   1976
TOTALS           2.79              3.24   -0.45     4.08
DAILY AVG.       0.09              0.11   -0.02     0.14
DAYS >= .01        12              13.6    -1.6       14
DAYS >= .10         7               8.2    -1.2        9
DAYS >= .50         2               1.9     0.1        2
DAYS >= 1.00        0               0.3    -0.3        1
GREATEST
 24 HR. TOTAL    0.55   04/19 TO 04/19

SNOWFALL (INCHES)
RECORDS
 TOTAL           20.7   1987
 24 HR TOTAL     10.9   04/04/1987 TO 04/04/1987
 SNOW DEPTH        17   04/05/1987
TOTALS            0.0               1.4    -1.4      2.2
SINCE 7/1        11.7              36.4   -24.7     19.3
SNOWDEPTH AVG.      0
DAYS >= TRACE       0               0.8    -0.8        4
DAYS >= 1.0         0               0.2    -0.2        1
GREATEST
 24 HR TOTAL      0.0   04/30 TO 04/30

DEGREE_DAYS
HEATING TOTAL     190               294    -104      415
 SINCE 7/1       4094              4348    -254     4403
COOLING TOTAL      28                27       1       11
 SINCE 1/1         29                32      -3       22
..............................................................

WIND (MPH)
AVERAGE WIND SPEED              5.2
HIGHEST WIND SPEED/DIRECTION    32/210    DATE  04/14
HIGHEST GUST SPEED/DIRECTION    44/240    DATE  04/26

SKY COVER
POSSIBLE SUNSHINE (PERCENT)   MM
AVERAGE SKY COVER           0.60
NUMBER OF DAYS FAIR            6
NUMBER OF DAYS PC             16
NUMBER OF DAYS CLOUDY          8

AVERAGE RH (PERCENT)     64

WEATHER CONDITIONS. NUMBER OF DAYS WITH
  0
  5
  0
  0
  0
  0
  3
HAZE                      1

-  INDICATES NEGATIVE NUMBERS.
R  INDICATES RECORD WAS SET OR TIED.
MM INDICATES DATA IS MISSING.
T  INDICATES TRACE AMOUNT.

$$
