000
CXUS51 KRLX 031200
CLMCRW


CLIMATE REPORT
NATIONAL WEATHER SERVICE CHARLESTON WV
759 AM EDT WED JUL 3 2019

...................................

...THE CHARLESTON WV CLIMATE SUMMARY FOR THE MONTH OF JUNE 2019...

CLIMATE NORMAL PERIOD 1981 TO 2010
CLIMATE RECORD PERIOD 1901 TO 2019

WEATHER         OBSERVED          NORMAL  DEPART  LAST YEAR`S
                 VALUE   DATE(S)  VALUE   FROM    VALUE
                                          NORMAL
.............................................................
TEMPERATURE (F)
RECORD
 HIGH             105   06/20/1931
 LOW               33   06/11/1972
HIGHEST            91   06/29                         95
                        06/28
                        06/27
LOWEST             48   06/14                         49
AVG. MAXIMUM     81.1              82.2    -1.1     85.0
AVG. MINIMUM     61.3              61.6    -0.3     63.4
MEAN             71.2              71.9    -0.7     74.2
DAYS MAX >= 90      4               2.6     1.4        5
DAYS MAX <= 32      0               0.0     0.0        0
DAYS MIN <= 32      0               0.0     0.0        0
DAYS MIN <= 0       0               0.0     0.0        0

PRECIPITATION (INCHES)
RECORD
 MAXIMUM        10.56   1998
 MINIMUM         0.70   1966
TOTALS           4.11              4.29   -0.18     5.48
DAILY AVG.       0.14              0.14    0.00     0.18
DAYS >= .01        13              12.7     0.3       14
DAYS >= .10         8               8.1    -0.1       10
DAYS >= .50         3               3.0     0.0        5
DAYS >= 1.00        0               0.9    -0.9        1
GREATEST
 24 HR. TOTAL    0.88   06/24 TO 06/24

SNOWFALL (INCHES)
RECORDS
 TOTAL             MM   MM
 24 HR TOTAL       MM
 SNOW DEPTH        MM   MM
TOTALS              T               0.0     0.0      0.0
SINCE 7/1        11.7              36.4   -24.7     19.3
SNOWDEPTH AVG.      0
DAYS >= TRACE       1               0.0     1.0        0
DAYS >= 1.0         0               0.0     0.0        0
GREATEST
 24 HR TOTAL        T   06/13 TO 06/13

DEGREE_DAYS
HEATING TOTAL       7                13      -6        1
 SINCE 7/1       4151              4478    -327     4413
COOLING TOTAL     202               220     -18      285
 SINCE 1/1        398               330      68      541
..............................................................

WIND (MPH)
AVERAGE WIND SPEED              4.6
HIGHEST WIND SPEED/DIRECTION    29/320    DATE  06/16
HIGHEST GUST SPEED/DIRECTION    42/250    DATE  06/13

SKY COVER
POSSIBLE SUNSHINE (PERCENT)   MM
AVERAGE SKY COVER           0.60
NUMBER OF DAYS FAIR            5
NUMBER OF DAYS PC             16
NUMBER OF DAYS CLOUDY          9

AVERAGE RH (PERCENT)     75

-  INDICATES NEGATIVE NUMBERS.
R  INDICATES RECORD WAS SET OR TIED.
MM INDICATES DATA IS MISSING.
T  INDICATES TRACE AMOUNT.

$$
