000
CXUS52 KFFC 021449
CLMCSG


CLIMATE REPORT
NATIONAL WEATHER SERVICE PEACHTREE CITY GA
1048 AM EDT THU MAY 2 2019

...................................

...THE COLUMBUS CLIMATE SUMMARY FOR THE MONTH OF APRIL 2019...

CLIMATE NORMAL PERIOD 1981 TO 2010
CLIMATE RECORD PERIOD 1948 TO 2019

WEATHER         OBSERVED          NORMAL  DEPART  LAST YEAR`S
                 VALUE   DATE(S)  VALUE   FROM    VALUE  DATE(S)
                                          NORMAL
................................................................
TEMPERATURE (F)
RECORD
 HIGH              94   04/30/2012
 LOW               28   04/07/1950
HIGHEST            88   04/30        93      -5       86  04/18
LOWEST             41   04/03        30      11       39  04/16
                        04/01
AVG. MAXIMUM     78.6              76.7     1.9     76.0
AVG. MINIMUM     54.4              52.5     1.9     50.5
MEAN             66.5              64.6     1.9     63.3
DAYS MAX >= 90      0               0.3    -0.3        0
DAYS MAX <= 32      0               0.0     0.0        0
DAYS MIN <= 32      0               0.1    -0.1        0
DAYS MIN <= 0       0               0.0     0.0        0

PRECIPITATION (INCHES)
RECORD
 MAXIMUM         9.30   2014
 MINIMUM         0.49   2012
TOTALS           4.36              3.55    0.81     5.02
DAILY AVG.       0.15              0.12    0.03     0.17
DAYS >= .01         9               7.6     1.4        8
DAYS >= .10         6               5.1     0.9        5
DAYS >= .50         3               2.5     0.5        4
DAYS >= 1.00        2               1.2     0.8        2
GREATEST
 24 HR. TOTAL    1.44   04/14 TO 04/14           04/15 TO 04/15
                                                          04/30 TO 04/30EATHER         OBSERVED          NORMAL  DEPART  LAST YEAR`S
                                                          04/30 TO 04/30EATHER         OBSERVED          NORMAL  DEPART  LAST YEAR`S

SNOWFALL (INCHES)
RECORDS
 TOTAL             MM   MM
 24 HR TOTAL       MM
TOTALS            0.0               0.0     0.0      0.0
SINCE 7/1         0.0               0.4    -0.4      2.0
SNOWDEPTH AVG.      0                MM      MM        0
DAYS >= TRACE       0               0.0     0.0        0
DAYS >= 1.0         0               0.0     0.0        0
GREATEST
 24 HR TOTAL      0.0   04/30 TO 04/30           04/30 TO 04/30
                                                          04/30 TO 04/30EATHER         OBSERVED          NORMAL  DEPART  LAST YEAR`S
                                                          04/30 TO 04/30EATHER         OBSERVED          NORMAL  DEPART  LAST YEAR`S

DEGREE_DAYS
HEATING TOTAL      55                89     -34       84
 SINCE 7/1       1714              2112    -398     1793
COOLING TOTAL     111                77      34       37
 SINCE 1/1        144               104      40      134
.................................................................

WIND (MPH)
AVERAGE WIND SPEED              5.8
HIGHEST WIND SPEED/DIRECTION    30/240    DATE  04/19
HIGHEST GUST SPEED/DIRECTION    49/240    DATE  04/19

SKY COVER
POSSIBLE SUNSHINE (PERCENT)   MM
AVERAGE SKY COVER           0.30
NUMBER OF DAYS FAIR           18
NUMBER OF DAYS PC              7
NUMBER OF DAYS CLOUDY          5

AVERAGE RH (PERCENT)     64

WEATHER CONDITIONS. NUMBER OF DAYS WITH
  0
  6
  0
  0
  0
  0
  0
HAZE                      6

-  INDICATES NEGATIVE NUMBERS.
R  INDICATES RECORD WAS SET OR TIED.
MM INDICATES DATA IS MISSING.
T  INDICATES TRACE AMOUNT.

$$
