000
CXUS52 KFFC 011435
CLMCSG


CLIMATE REPORT
NATIONAL WEATHER SERVICE PEACHTREE CITY GA
1035 AM EDT THU AUG 1 2019

...................................

...THE COLUMBUS CLIMATE SUMMARY FOR THE MONTH OF JULY 2019...

CLIMATE NORMAL PERIOD 1981 TO 2010
CLIMATE RECORD PERIOD 1948 TO 2019

WEATHER         OBSERVED          NORMAL  DEPART  LAST YEAR`S
                 VALUE   DATE(S)  VALUE   FROM    VALUE  DATE(S)
                                          NORMAL
................................................................
TEMPERATURE (F)
RECORD
 HIGH             105   07/01/2012
 LOW               59   07/15/1967
                        07/01/1958
                        07/02/1950
HIGHEST            98   07/02        MM      MM       97  07/11
LOWEST             67   07/25        MM      MM       70  07/29
                                                          07/22
AVG. MAXIMUM     93.1              92.2     0.9     91.5
AVG. MINIMUM     73.4              72.9     0.5     73.3
MEAN             83.3              82.5     0.8     82.4
DAYS MAX >= 90     27              22.5     4.5       24
DAYS MAX <= 32      0               0.0     0.0        0
DAYS MIN <= 32      0               0.0     0.0        0
DAYS MIN <= 0       0               0.0     0.0        0

PRECIPITATION (INCHES)
RECORD
 MAXIMUM        13.24   1971
 MINIMUM         0.96   2016
TOTALS           3.92              4.76   -0.84     5.00
DAILY AVG.       0.13              0.15   -0.02     0.16
DAYS >= .01        12              11.7     0.3       12
DAYS >= .10         7               7.7    -0.7       11
DAYS >= .50         2               3.3    -1.3        5
DAYS >= 1.00        1               1.1    -0.1        1
GREATEST
 24 HR. TOTAL    2.00   07/19 TO 07/19           07/21 TO 07/21
                                                          07/31 TO 07/31EATHER         OBSERVED          NORMAL  DEPART  LAST YEAR`S
                                                          07/31 TO 07/31EATHER         OBSERVED          NORMAL  DEPART  LAST YEAR`S

DEGREE_DAYS
HEATING TOTAL       0                 0       0        0
 SINCE 7/1          0                 0       0        0
COOLING TOTAL     571               544      27      547
 SINCE 1/1       1601              1348     253     1565
.................................................................

WIND (MPH)
AVERAGE WIND SPEED              4.6
HIGHEST WIND SPEED/DIRECTION    30/220    DATE  07/20
HIGHEST GUST SPEED/DIRECTION    37/210    DATE  07/20

SKY COVER
POSSIBLE SUNSHINE (PERCENT)   MM
AVERAGE SKY COVER           0.30
NUMBER OF DAYS FAIR           23
NUMBER OF DAYS PC              8
NUMBER OF DAYS CLOUDY          0

AVERAGE RH (PERCENT)     67

WEATHER CONDITIONS. NUMBER OF DAYS WITH
  0
  4
  0
  0
  0
  0
  1
HAZE                      7

-  INDICATES NEGATIVE NUMBERS.
R  INDICATES RECORD WAS SET OR TIED.
MM INDICATES DATA IS MISSING.
T  INDICATES TRACE AMOUNT.

$$
