000
CXUS54 KOHX 011010
CLMCSV
PRELIMINARY LOCAL CLIMATOLOGICAL DATA (WS FORM: F-6)

                                          STATION:   CROSSVILLE
                                          MONTH:     NOVEMBER
                                          YEAR:      2018
                                          LATITUDE:   35 57 N
                                          LONGITUDE:  85  5 W

  TEMPERATURE IN F:       :PCPN:    SNOW:  WIND      :SUNSHINE: SKY     :PK WND
================================================================================
1   2   3   4   5  6A  6B    7    8   9   10  11  12  13   14  15   16   17  18
                                     12Z  AVG MX 2MIN
DY MAX MIN AVG DEP HDD CDD  WTR  SNW DPTH SPD SPD DIR MIN PSBL S-S WX    SPD DR
================================================================================

 1  63  51  57   5   8   0 1.20    M    M 10.5 23 260   M    M   8 1      35 200
 2  51  38  45  -7  20   0 0.00    M    M  6.0 15 280   M    M   9 1      21 300
 3  55  32  44  -8  21   0 0.00    M    M  2.6  9 150   M    M   3 12     13 100
 4  57  38  48  -4  17   0 0.16    M    M  6.7 18 150   M    M   3 1      27 150
 5  61  50  56   5   9   0 0.00    M    M  7.5 18 180   M    M   9        31 170
 6  63  41  52   1  13   0 0.69    M    M  6.6 26 260   M    M   5 13     40 270
 7  60  40  50  -1  15   0 0.00    M    M  4.8 14  20   M    M   5        18  30
 8  54  40  47  -3  18   0    T    M    M  6.3 13  20   M    M   7        16  30
 9  56  33  45  -5  20   0 0.67    M    M  8.3 18 270   M    M  10 1      22 310
10  39  24  32 -18  33   0 0.00    M    M  8.4 17  20   M    M   3        22  10
11  51  23  37 -12  28   0 0.00    M    M  3.1  9 140   M    M   2        14 140
12  43  36  40  -9  25   0 0.89    M    0  3.9 10 130   M    M  10 1      15 110
13  42  33  38 -10  27   0 0.10    M    0  8.5 15  30   M    M   9 12     22  20
14  43  32  38 -10  27   0 0.86    M    0 10.2 16  50   M    M  10 1      23 140
15  39  26  33 -15  32   0 0.56  0.0    0 10.2 20 270   M    M  10 1      26 270
16  51  26  39  -8  26   0 0.00  0.0    0  4.6 14 260   M    M   3        18 260
17  59  29  44  -3  21   0 0.00  0.0    0  1.3  9 260   M    M   0 1      13 270
18  59  34  47   0  18   0 0.00  0.0    0  1.6 12 260   M    M   1 1      15 270
19  59  39  49   3  16   0 0.01    M    0  5.7 15 290   M    M   8 1      22 260
20  41  33  37  -9  28   0 0.00  0.0    0  6.6 13 330   M    M  10 1      15 320
21  50  27  39  -7  26   0 0.00  0.0    0  2.5 10 360   M    M   1 1      15  10
22  58  28  43  -2  22   0 0.00    M    M  1.4  8  10   M    M   0 18     11  20
23  47  33  40  -5  25   0 0.23    M    0  6.0 17 140   M    M   5 18     30 150
24  53  38  46   2  19   0 0.08    M    M  5.6 17 270   M    M   7 12     27 140
25  56  36  46   2  19   0    T    M    M  7.6 22 180   M    M   8 12     36 150
26  49  28  39  -5  26   0 0.03    M    0 14.4 31 260   M    M   9 1      43 280
27  28  18  23 -21  42   0    T    M    0  8.9 18 290   M    M   8        24 270
28  35  13  24 -19  41   0 0.00  0.0    0  1.6 14  30   M    M   1        18  30
29  50  26  38  -5  27   0 0.18    M    M  5.4 14 200   M    M   7 1      23 210
30  58  50  54  12  11   0 0.70  0.0    0  5.4 12 200   M    M  10 1      19 210
================================================================================
SM 1530  995       680   0  6.36     0.0 182.2          M      181
================================================================================
AV 51.0 33.2                               6.1 FASTST   M    M   6    MAX(MPH)
                                 MISC ---->  # 31 260               # 43  280
================================================================================
NOTES:
# LAST OF SEVERAL OCCURRENCES

COLUMN 17 PEAK WIND IN M.P.H.

PRELIMINARY LOCAL CLIMATOLOGICAL DATA (WS FORM: F-6) , PAGE 2

                                          STATION:  CROSSVILLE
                                          MONTH:    NOVEMBER
                                          YEAR:     2018
                                          LATITUDE:   35 57 N
                                          LONGITUDE:  85  5 W

[TEMPERATURE DATA]      [PRECIPITATION DATA]       SYMBOLS USED IN COLUMN 16

AVERAGE MONTHLY: 42.1   TOTAL FOR MONTH:   6.36    1 = FOG OR MIST
DPTR FM NORMAL:  -5.4   DPTR FM NORMAL:    1.26    2 = FOG REDUCING VISIBILITY
HIGHEST:    63 ON  6, 1 GRTST 24HR  1.20 ON  1- 1      TO 1/4 MILE OR LESS
LOWEST:     13 ON 28                               3 = THUNDER
                        SNOW, ICE PELLETS, HAIL    4 = ICE PELLETS
                        TOTAL MONTH:   0.0 INCH    5 = HAIL
                        GRTST 24HR     0.0         6 = FREEZING RAIN OR DRIZZLE
                        GRTST DEPTH:   0           7 = DUSTSTORM OR SANDSTORM:
                                                       VSBY 1/2 MILE OR LESS
                                                   8 = SMOKE OR HAZE
[NO. OF DAYS WITH]      [WEATHER - DAYS WITH]      9 = BLOWING SNOW
                                                   X = TORNADO
MAX 32 OR BELOW:   1    0.01 INCH OR MORE:  14
MAX 90 OR ABOVE:   0    0.10 INCH OR MORE:  11
MIN 32 OR BELOW:  13    0.50 INCH OR MORE:   7
MIN  0 OR BELOW:   0    1.00 INCH OR MORE:   1

[HDD (BASE 65) ]
TOTAL THIS MO.   680    CLEAR  (SCALE 0-3)   8
DPTR FM NORMAL   155    PTCLDY (SCALE 4-7)  10
TOTAL FM JUL 1   958    CLOUDY (SCALE 8-10) 12
DPTR FM NORMAL   112

[CDD (BASE 65) ]
TOTAL THIS MO.     0
DPTR FM NORMAL    -1    [PRESSURE DATA]
TOTAL FM JAN 1  1261    HIGHEST SLP 30.42 ON 22
DPTR FM NORMAL   272    LOWEST  SLP 29.57 ON 26

[REMARKS]
#FINAL-11-18#
