000
CXUS52 KCAE 101610
CLMCUB


CLIMATE REPORT
NATIONAL WEATHER SERVICE COLUMBIA SC
1209 PM EDT FRI MAY 10 2019

...................................

...THE HAMILTON - OWENS AIRPORT SC CLIMATE SUMMARY FOR THE MONTH OF APRIL 2019...

CLIMATE NORMAL PERIOD 1981 TO 2010
CLIMATE RECORD PERIOD 9999 TO 9999

WEATHER         OBSERVED          NORMAL  DEPART
                 VALUE   DATE(S)  VALUE   FROM
                                          NORMAL
................................................
TEMPERATURE (F)
HIGHEST            89   04/24        MM      MM
LOWEST             36R  04/03        MM      MM
AVG. MAXIMUM     77.9              76.5     1.4
AVG. MINIMUM     54.2              52.4     1.8
MEAN             66.1              64.5     1.6
DAYS MAX >= 90      0               1.3    -1.3
DAYS MAX <= 32      0               0.0     0.0
DAYS MIN <= 32      0               0.2    -0.2
DAYS MIN <= 0       0               0.0     0.0

PRECIPITATION (INCHES)
TOTALS           3.14              2.69    0.45
DAYS >= .01         9                MM      MM
DAYS >= .10         6                MM      MM
DAYS >= .50         2                MM      MM
DAYS >= 1.00        1                MM      MM
GREATEST
 24 HR. TOTAL    1.08   04/02 TO 04/02

SNOWFALL (INCHES)
DAYS >= TRACE       0

DEGREE_DAYS
HEATING TOTAL      79                98     -19
 SINCE 7/1       2049              2301    -252
COOLING TOTAL     119                81      38
 SINCE 1/1        142                99      43
.................................................

WIND (MPH)
AVERAGE WIND SPEED              4.7
RESULTANT WIND SPEED/DIRECTION   2/192
HIGHEST WIND SPEED/DIRECTION    38/270    DATE  04/08
HIGHEST GUST SPEED/DIRECTION    51/180    DATE  04/19

SKY COVER
POSSIBLE SUNSHINE (PERCENT)   MM
AVERAGE SKY COVER           0.30
NUMBER OF DAYS FAIR           18
NUMBER OF DAYS PC              8
NUMBER OF DAYS CLOUDY          4

AVERAGE RH (PERCENT)     64

WEATHER CONDITIONS. NUMBER OF DAYS WITH
  0
  5
  0
  0
  0
  0
  1
HAZE                      4

-  INDICATES NEGATIVE NUMBERS.
R  INDICATES RECORD WAS SET OR TIED.
MM INDICATES DATA IS MISSING.
T  INDICATES TRACE AMOUNT.

$$
