000
CXUS52 KCAE 011805
CLMCUB


CLIMATE REPORT
NATIONAL WEATHER SERVICE COLUMBIA SC
109 PM EDT MON JUL 1 2019

...................................

...THE HAMILTON - OWENS AIRPORT SC CLIMATE SUMMARY FOR
   THE MONTH OF JUNE 2019...

CLIMATE NORMAL PERIOD 1981 TO 2010
CLIMATE RECORD PERIOD 9999 TO 9999

WEATHER         OBSERVED          NORMAL  DEPART
                 VALUE   DATE(S)  VALUE   FROM
                                          NORMAL
................................................
TEMPERATURE (F)
HIGHEST            95   06/30        MM      MM
                        06/24
LOWEST             58   06/15        MM      MM
AVG. MAXIMUM     88.9              89.9    -1.0
AVG. MINIMUM     69.3              69.0     0.3
MEAN             79.1              79.5    -0.4
DAYS MAX >= 90     16              15.4     0.6
DAYS MAX <= 32      0               0.0     0.0
DAYS MIN <= 32      0               0.0     0.0
DAYS MIN <= 0       0               0.0     0.0

PRECIPITATION (INCHES)
TOTALS           8.19              4.91    3.28
DAYS >= .01        13                MM      MM
DAYS >= .10        10                MM      MM
DAYS >= .50         5                MM      MM
DAYS >= 1.00        4                MM      MM
GREATEST
 24 HR. TOTAL    2.35   06/07 TO 06/07

SNOWFALL (INCHES)
DAYS >= TRACE       0

DEGREE_DAYS
HEATING TOTAL       0                 0       0
 SINCE 7/1       2051              2315    -264
COOLING TOTAL     432               433      -1
 SINCE 1/1        980               769     211
.................................................

WIND (MPH)
AVERAGE WIND SPEED              4.0
RESULTANT WIND SPEED/DIRECTION   1/196
HIGHEST WIND SPEED/DIRECTION    38/310    DATE  06/20
HIGHEST GUST SPEED/DIRECTION    61/320    DATE  06/20

SKY COVER
POSSIBLE SUNSHINE (PERCENT)   MM
AVERAGE SKY COVER           0.30
NUMBER OF DAYS FAIR           19
NUMBER OF DAYS PC              9
NUMBER OF DAYS CLOUDY          2

AVERAGE RH (PERCENT)     67

WEATHER CONDITIONS. NUMBER OF DAYS WITH
THUNDERSTORM             11     MIXED PRECIP               0
HEAVY RAIN               10     RAIN                      10
LIGHT RAIN               12     FREEZING RAIN              0
LT FREEZING RAIN          0     HAIL                       0
HEAVY SNOW                0     SNOW                       0
LIGHT SNOW                0     SLEET                      0
FOG                      15     FOG W/VIS <= 1/4 MILE      3
HAZE                      9

-  INDICATES NEGATIVE NUMBERS.
R  INDICATES RECORD WAS SET OR TIED.
MM INDICATES DATA IS MISSING.
T  INDICATES TRACE AMOUNT.

$$
