000
CXUS53 KUNR 011602
CLMCUT


CLIMATE REPORT
NATIONAL WEATHER SERVICE RAPID CITY SD
1002 AM MDT THU AUG 1 2019

...................................

...THE CUSTER COUNTY AIRPORT SD CLIMATE SUMMARY FOR THE MONTH OF JULY 2019...

CLIMATE NORMAL PERIOD 1981 TO 2010
CLIMATE RECORD PERIOD 9999 TO 9999

WEATHER         OBSERVED          NORMAL  DEPART  LAST YEAR`S
                 VALUE   DATE(S)  VALUE   FROM    VALUE  DATE(S)
                                          NORMAL
................................................................
TEMPERATURE (F)
HIGHEST            89   07/24                         91  07/07
                        07/11
LOWEST             45   07/10                         42  07/30
                                                          07/01
AVG. MAXIMUM     77.5              79.3    -1.8     77.9
AVG. MINIMUM     53.3              52.0     1.3     54.3
MEAN             65.4              65.6    -0.2     66.1
DAYS MAX >= 90      0                                  2
DAYS MAX <= 32      0                                  0
DAYS MIN <= 32      0                                  0
DAYS MIN <= 0       0                                  0

PRECIPITATION (INCHES)
TOTALS           3.92              2.44    1.48     5.28
DAILY AVG.       0.13              0.08    0.05     0.17
DAYS >= .01        15                                 11
DAYS >= .10        10                                  8
DAYS >= .50         1                                  4
DAYS >= 1.00        1                                  1
GREATEST
 24 HR. TOTAL    1.18   07/01 TO 07/01              1.97

DEGREE_DAYS
HEATING TOTAL      51                61     -10       58
 SINCE 7/1         51                61     -10       58
COOLING TOTAL      71                81     -10      103
 SINCE 1/1         88               107     -19      138
.................................................................

WIND (MPH)
AVERAGE WIND SPEED              5.9
HIGHEST WIND SPEED/DIRECTION    25/270    DATE  07/31
HIGHEST GUST SPEED/DIRECTION    41/120    DATE  07/27

AVERAGE RH (PERCENT)     68

WEATHER CONDITIONS. NUMBER OF DAYS WITH
THUNDERSTORM             18     MIXED PRECIP               0
HEAVY RAIN                7     RAIN                       8
LIGHT RAIN               19     FREEZING RAIN              0
LT FREEZING RAIN          0     HAIL                       0
HEAVY SNOW                0     SNOW                       0
LIGHT SNOW                0     SLEET                      0
FOG                      17     FOG W/VIS <= 1/4 MILE      2
HAZE                      1

-  INDICATES NEGATIVE NUMBERS.
R  INDICATES RECORD WAS SET OR TIED.
MM INDICATES DATA IS MISSING.
T  INDICATES TRACE AMOUNT.

$$
