000
CXUS53 KUNR 011610
CLMCUT


CLIMATE REPORT
NATIONAL WEATHER SERVICE RAPID CITY SD
1009 AM MDT WED MAY 1 2019

...................................

...THE CUSTER COUNTY AIRPORT SD CLIMATE SUMMARY FOR THE MONTH OF APRIL 2019...

CLIMATE NORMAL PERIOD 1981 TO 2010
CLIMATE RECORD PERIOD 9999 TO 9999

WEATHER         OBSERVED          NORMAL  DEPART  LAST YEAR`S
                 VALUE   DATE(S)  VALUE   FROM    VALUE  DATE(S)
                                          NORMAL
................................................................
TEMPERATURE (F)
HIGHEST            74   04/20                         73  04/29
LOWEST             13   04/12                          4  04/06
                        04/11
AVG. MAXIMUM     50.3              50.5    -0.2     48.7
AVG. MINIMUM     27.8              27.8     0.0     24.5
MEAN             39.0              39.1    -0.1     36.6
DAYS MAX >= 90      0                                  0
DAYS MAX <= 32      4                                  2
DAYS MIN <= 32     21                                 24
DAYS MIN <= 0       0                                  0

PRECIPITATION (INCHES)
TOTALS           1.92              2.12   -0.20     1.69
DAILY AVG.       0.06              0.07   -0.01     0.06
DAYS >= .01        15                                 10
DAYS >= .10         7                                  7
DAYS >= .50         0                                  1
DAYS >= 1.00        0                                  0
GREATEST
 24 HR. TOTAL    0.44   04/21 TO 04/21              0.53

DEGREE_DAYS
HEATING TOTAL     772               775      -3      845
 SINCE 7/1       7953              7650     303     7670
COOLING TOTAL       0                 0       0        0
 SINCE 1/1          0                 0       0        0
.................................................................

WIND (MPH)
AVERAGE WIND SPEED              7.5
HIGHEST WIND SPEED/DIRECTION    29/280    DATE  04/17
HIGHEST GUST SPEED/DIRECTION    45/280    DATE  04/17

AVERAGE RH (PERCENT)     63

WEATHER CONDITIONS. NUMBER OF DAYS WITH
THUNDERSTORM              5     MIXED PRECIP               0
HEAVY RAIN                1     RAIN                       4
LIGHT RAIN                5     FREEZING RAIN              0
LT FREEZING RAIN          1     HAIL                       0
HEAVY SNOW                1     SNOW                       5
LIGHT SNOW               10     SLEET                      0
FOG                      10     FOG W/VIS <= 1/4 MILE      5
HAZE                      4

-  INDICATES NEGATIVE NUMBERS.
R  INDICATES RECORD WAS SET OR TIED.
MM INDICATES DATA IS MISSING.
T  INDICATES TRACE AMOUNT.

$$
