401
CXUS51 KILN 011213
CLMCVG


CLIMATE REPORT
NATIONAL WEATHER SERVICE WILMINGTON OH
805 AM EDT THU AUG 1 2019

...................................

...THE CINCINNATI CLIMATE SUMMARY FOR THE MONTH OF JULY 2019...

CLIMATE NORMAL PERIOD 1981 TO 2010
CLIMATE RECORD PERIOD 1869 TO 2019

WEATHER         OBSERVED          NORMAL  DEPART  LAST YEAR`S
                 VALUE   DATE(S)  VALUE   FROM    VALUE  DATE(S)
                                          NORMAL
................................................................
TEMPERATURE (F)
RECORD
 HIGH             108   07/22/1934
                        07/21/1934
 LOW               47   07/11/1963
HIGHEST            93   07/20        86       7       96  07/04
                        07/14
                        07/10
LOWEST             60   07/24        65      -5       59  07/29
AVG. MAXIMUM     88.5              85.6     2.9     86.9
AVG. MINIMUM     68.2              66.1     2.1     67.1
MEAN             78.3              75.9     2.4     77.0
DAYS MAX >= 90     16               6.2     9.8       10
DAYS MAX <= 32      0               0.0     0.0        0
DAYS MIN <= 32      0               0.0     0.0        0
DAYS MIN <= 0       0               0.0     0.0        0

PRECIPITATION (INCHES)
TOTALS           2.41              3.76   -1.35     3.59
DAILY AVG.       0.08              0.12   -0.04     0.12
DAYS >= .01         8              10.6    -2.6        9
DAYS >= .10         6               6.9    -0.9        4
DAYS >= .50         2               2.6    -0.6        3
DAYS >= 1.00        0               0.9    -0.9        1
GREATEST
 24 HR. TOTAL    0.84   07/17 TO 07/17

SNOWFALL (INCHES)
TOTALS            0.0               0.0     0.0      0.0
SINCE 7/1         0.0               0.0     0.0      0.0
DAYS >= TRACE       0               0.0     0.0        0
DAYS >= 1.0         0               0.0     0.0        0
GREATEST
 24 HR TOTAL      0.0   07/31 TO 07/31

DEGREE_DAYS
HEATING TOTAL       0                 0       0        0
 SINCE 7/1          0                 0       0        0
COOLING TOTAL     421               339      82      381
 SINCE 1/1        783               659     124      949
.................................................................

WIND (MPH)
AVERAGE WIND SPEED              6.4
RESULTANT WIND SPEED/DIRECTION   2/248
HIGHEST WIND SPEED/DIRECTION    35/150    DATE  07/15
HIGHEST GUST SPEED/DIRECTION    41/150    DATE  07/15

SKY COVER
AVERAGE SKY COVER           0.50

AVERAGE RH (PERCENT)     68

WEATHER CONDITIONS. NUMBER OF DAYS WITH
THUNDERSTORM              7     MIXED PRECIP                0
HEAVY RAIN                6     RAIN                        6
LIGHT RAIN                8     FREEZING RAIN               0
LT FREEZING RAIN          0     HAIL                        0
HEAVY SNOW                0     SNOW                        0
LIGHT SNOW                0     SLEET                       0
FOG                      18     FOG W/VIS <= 1/4 MILE       2
HAZE                      7

-  INDICATES NEGATIVE NUMBERS.
R  INDICATES RECORD WAS SET OR TIED.
MM INDICATES DATA IS MISSING.
T  INDICATES TRACE AMOUNT.

$$
