000
CXUS51 KILN 011231
CLMCVG


CLIMATE REPORT
NATIONAL WEATHER SERVICE WILMINGTON OH
826 AM EDT WED MAY 1 2019

...................................

...THE CINCINNATI CLIMATE SUMMARY FOR THE MONTH OF APRIL 2019...

CLIMATE NORMAL PERIOD 1981 TO 2010
CLIMATE RECORD PERIOD 1869 TO 2019

WEATHER         OBSERVED          NORMAL  DEPART  LAST YEAR`S
                 VALUE   DATE(S)  VALUE   FROM    VALUE  DATE(S)
                                          NORMAL
................................................................
TEMPERATURE (F)
RECORD
 HIGH              90   04/11/1930
                        04/24/1925
 LOW               15   04/09/1997
HIGHEST            81   04/11        64      17       80  04/13
LOWEST             22   04/01        43     -21       25  04/08
                                                          04/05
AVG. MAXIMUM     67.7              64.7     3.0     59.1
AVG. MINIMUM     45.7              43.7     2.0     38.3
MEAN             56.7              54.2     2.5     48.7
DAYS MAX >= 90      0               0.0     0.0        0
DAYS MAX <= 32      0               0.0     0.0        0
DAYS MIN <= 32      1               3.3    -2.3       10
DAYS MIN <= 0       0               0.0     0.0        0

PRECIPITATION (INCHES)
TOTALS           4.60              3.89    0.71     3.92
DAILY AVG.       0.15              0.13    0.02     0.13
DAYS >= .01        13              12.7     0.3       11
DAYS >= .10         8               8.2    -0.2        9
DAYS >= .50         5               2.7     2.3        2
DAYS >= 1.00        2               0.8     1.2        0
GREATEST
 24 HR. TOTAL    1.85   04/19 TO 04/20

SNOWFALL (INCHES)
TOTALS            0.0               0.5    -0.5      2.5
SINCE 7/1        21.6              22.1    -0.5     23.8
DAYS >= TRACE       0               0.6    -0.6        9
DAYS >= 1.0         0               0.3    -0.3        0
GREATEST
 24 HR TOTAL      0.0   04/30 TO 04/30

DEGREE_DAYS
HEATING TOTAL     246               341     -95      487
 SINCE 7/1       4706              4834    -128     4945
COOLING TOTAL       6                18     -12        7
 SINCE 1/1          6                18     -12       12
.................................................................

WIND (MPH)
AVERAGE WIND SPEED              9.4
RESULTANT WIND SPEED/DIRECTION   2/197
HIGHEST WIND SPEED/DIRECTION    43/290    DATE  04/12
HIGHEST GUST SPEED/DIRECTION    51/290    DATE  04/12

SKY COVER
AVERAGE SKY COVER           0.70

AVERAGE RH (PERCENT)     64

WEATHER CONDITIONS. NUMBER OF DAYS WITH
THUNDERSTORM              4     MIXED PRECIP                0
HEAVY RAIN                5     RAIN                        5
LIGHT RAIN               15     FREEZING RAIN               0
LT FREEZING RAIN          0     HAIL                        0
HEAVY SNOW                0     SNOW                        0
LIGHT SNOW                0     SLEET                       0
FOG                      13     FOG W/VIS <= 1/4 MILE       0
HAZE                      4

-  INDICATES NEGATIVE NUMBERS.
R  INDICATES RECORD WAS SET OR TIED.
MM INDICATES DATA IS MISSING.
T  INDICATES TRACE AMOUNT.

$$
